{"id":46227,"date":"2026-09-06T10:51:34","date_gmt":"2026-09-06T10:51:34","guid":{"rendered":"https:\/\/contemporary-arts.de\/?post_type=galerie&#038;p=46227"},"modified":"2026-09-06T12:34:05","modified_gmt":"2026-09-06T12:34:05","slug":"galerie-hochdruck-galerie-fuer-druckgrafik","status":"publish","type":"galerie","link":"https:\/\/contemporary-arts.de\/index.php\/galerie\/galerie-hochdruck-galerie-fuer-druckgrafik\/","title":{"rendered":"Galerie Hochdruck &#8211; Galerie f\u00fcr Druckgrafik"},"content":{"rendered":"<p>In Vienna zeigt Galerie Hochdruck &#8211; Galerie f\u00fcr Druckgrafik \u00fcberwiegend Druckgrafik.<\/p>\n","protected":false},"excerpt":{"rendered":"<p>In Vienna zeigt Galerie Hochdruck &#8211; Galerie f\u00fcr Druckgrafik \u00fcberwiegend Druckgrafik.<\/p>\n","protected":false},"author":1,"featured_media":0,"template":"","meta":{"_acf_changed":false,"galerie_place_id":"ChIJO71uc5MHbUcRIC8HkttTHGI","galerie_address":"Friedmanngasse 12","galerie_city":"Vienna","galerie_zip":"1160","galerie_country":"AT","galerie_latitude":"48.2124399","galerie_longitude":"16.3367955","galerie_phone":"+4369911506010","galerie_url":"https:\/\/www.galeriehochdruck.com\/index.html","galerie_domain":"www.galeriehochdruck.com","galerie_rating_value":"4.9","galerie_rating_count":"28","galerie_galerist":"","galerie_gruendung":"","galerie_artists_url":"https:\/\/www.galeriehochdruck.com\/einzelblaetter_kuenstlerindex.html","galerie_about_url":"https:\/\/www.galeriehochdruck.com\/about.html","galerie_quelle_stadt":"Wien","galerie_werk_typ":"","galerie_online_shop":"","galerie_werk_signale":"","galerie_ranking_score":"10.1","galerie_ranking_rang":"200","galerie_claimed_by":""},"kuenstler":[10512,10513],"galerie_stadt":[966],"galerie_typ":[],"galerie_land":[868],"class_list":["post-46227","galerie","type-galerie","status-publish","hentry","kuenstler-grafik-ausser-hochdruck","kuenstler-junge-kunst","galerie_stadt-vienna","galerie_land-at"],"acf":[],"_links":{"self":[{"href":"https:\/\/contemporary-arts.de\/index.php\/wp-json\/wp\/v2\/galerie\/46227","targetHints":{"allow":["GET"]}}],"collection":[{"href":"https:\/\/contemporary-arts.de\/index.php\/wp-json\/wp\/v2\/galerie"}],"about":[{"href":"https:\/\/contemporary-arts.de\/index.php\/wp-json\/wp\/v2\/types\/galerie"}],"author":[{"embeddable":true,"href":"https:\/\/contemporary-arts.de\/index.php\/wp-json\/wp\/v2\/users\/1"}],"wp:attachment":[{"href":"https:\/\/contemporary-arts.de\/index.php\/wp-json\/wp\/v2\/media?parent=46227"}],"wp:term":[{"taxonomy":"kuenstler","embeddable":true,"href":"https:\/\/contemporary-arts.de\/index.php\/wp-json\/wp\/v2\/kuenstler?post=46227"},{"taxonomy":"galerie_stadt","embeddable":true,"href":"https:\/\/contemporary-arts.de\/index.php\/wp-json\/wp\/v2\/galerie_stadt?post=46227"},{"taxonomy":"galerie_typ","embeddable":true,"href":"https:\/\/contemporary-arts.de\/index.php\/wp-json\/wp\/v2\/galerie_typ?post=46227"},{"taxonomy":"galerie_land","embeddable":true,"href":"https:\/\/contemporary-arts.de\/index.php\/wp-json\/wp\/v2\/galerie_land?post=46227"}],"curies":[{"name":"wp","href":"https:\/\/api.w.org\/{rel}","templated":true}]}}

Galerie Hochdruck &#8211; Galerie für Druckgrafik

<p>In Vienna zeigt Galerie Hochdruck &#8211; Galerie für Druckgrafik überwiegend Druckgrafik.</p>
