{"id":46216,"date":"2026-09-06T10:51:34","date_gmt":"2026-09-06T10:51:34","guid":{"rendered":"https:\/\/contemporary-arts.de\/?post_type=galerie&#038;p=46216"},"modified":"2026-09-06T12:34:27","modified_gmt":"2026-09-06T12:34:27","slug":"galerie-verve","status":"publish","type":"galerie","link":"https:\/\/contemporary-arts.de\/index.php\/galerie\/galerie-verve\/","title":{"rendered":"Galerie Verve"},"content":{"rendered":"<p>Galerie Verve zeigt in Vienna vor allem Zeichnung. Zum Programm geh\u00f6ren 6 K\u00fcnstlerinnen und K\u00fcnstler.<\/p>\n","protected":false},"excerpt":{"rendered":"<p>Galerie Verve zeigt in Vienna vor allem Zeichnung. Zum Programm geh\u00f6ren 6 K\u00fcnstlerinnen und K\u00fcnstler.<\/p>\n","protected":false},"author":1,"featured_media":0,"template":"","meta":{"_acf_changed":false,"galerie_place_id":"ChIJC5JMClAHbUcRzKL7eUtOVF8","galerie_address":"Sch\u00f6nborngasse 15\/1","galerie_city":"Vienna","galerie_zip":"1080","galerie_country":"AT","galerie_latitude":"48.212034","galerie_longitude":"16.3467867","galerie_phone":"+436765130526","galerie_url":"https:\/\/www.galerieverve.at\/","galerie_domain":"www.galerieverve.at","galerie_rating_value":"5","galerie_rating_count":"12","galerie_galerist":"","galerie_gruendung":"","galerie_artists_url":"https:\/\/www.galerieverve.at\/kuenstlerinnen\/","galerie_about_url":"https:\/\/www.galerieverve.at\/ueber-uns\/","galerie_quelle_stadt":"Wien","galerie_werk_typ":"","galerie_online_shop":"","galerie_werk_signale":"","galerie_ranking_score":"6.4","galerie_ranking_rang":"551","galerie_claimed_by":""},"kuenstler":[7822,7823,10599,7821,1413,10600],"galerie_stadt":[966],"galerie_typ":[],"galerie_land":[868],"class_list":["post-46216","galerie","type-galerie","status-publish","hentry","kuenstler-dienste-verwalten","kuenstler-einstellungen-ansehen","kuenstler-galerie-verve","kuenstler-optionen-verwalten","kuenstler-ueber-uns","kuenstler-website-suche-umschalten","galerie_stadt-vienna","galerie_land-at"],"acf":[],"_links":{"self":[{"href":"https:\/\/contemporary-arts.de\/index.php\/wp-json\/wp\/v2\/galerie\/46216","targetHints":{"allow":["GET"]}}],"collection":[{"href":"https:\/\/contemporary-arts.de\/index.php\/wp-json\/wp\/v2\/galerie"}],"about":[{"href":"https:\/\/contemporary-arts.de\/index.php\/wp-json\/wp\/v2\/types\/galerie"}],"author":[{"embeddable":true,"href":"https:\/\/contemporary-arts.de\/index.php\/wp-json\/wp\/v2\/users\/1"}],"wp:attachment":[{"href":"https:\/\/contemporary-arts.de\/index.php\/wp-json\/wp\/v2\/media?parent=46216"}],"wp:term":[{"taxonomy":"kuenstler","embeddable":true,"href":"https:\/\/contemporary-arts.de\/index.php\/wp-json\/wp\/v2\/kuenstler?post=46216"},{"taxonomy":"galerie_stadt","embeddable":true,"href":"https:\/\/contemporary-arts.de\/index.php\/wp-json\/wp\/v2\/galerie_stadt?post=46216"},{"taxonomy":"galerie_typ","embeddable":true,"href":"https:\/\/contemporary-arts.de\/index.php\/wp-json\/wp\/v2\/galerie_typ?post=46216"},{"taxonomy":"galerie_land","embeddable":true,"href":"https:\/\/contemporary-arts.de\/index.php\/wp-json\/wp\/v2\/galerie_land?post=46216"}],"curies":[{"name":"wp","href":"https:\/\/api.w.org\/{rel}","templated":true}]}}

<p>Galerie Verve zeigt in Vienna vor allem Zeichnung. Zum Programm gehören 6 Künstlerinnen und Künstler.</p>

Schönborngasse 15/1
