{"id":46170,"date":"2026-09-06T10:51:36","date_gmt":"2026-09-06T10:51:36","guid":{"rendered":"https:\/\/contemporary-arts.de\/?post_type=galerie&#038;p=46170"},"modified":"2026-09-06T12:37:37","modified_gmt":"2026-09-06T12:37:37","slug":"l-art-vienna","status":"publish","type":"galerie","link":"https:\/\/contemporary-arts.de\/index.php\/galerie\/l-art-vienna\/","title":{"rendered":"L.art VIENNA"},"content":{"rendered":"<p>L.art VIENNA arbeitet in Vienna mit Positionen aus Malerei, Fotografie und Skulptur. Zum Programm geh\u00f6ren 20 K\u00fcnstlerinnen und K\u00fcnstler.<\/p>\n","protected":false},"excerpt":{"rendered":"<p>L.art VIENNA arbeitet in Vienna mit Positionen aus Malerei, Fotografie und Skulptur. Zum Programm geh\u00f6ren 20 K\u00fcnstlerinnen und K\u00fcnstler.<\/p>\n","protected":false},"author":1,"featured_media":0,"template":"","meta":{"_acf_changed":false,"galerie_place_id":"ChIJhasT6WkHbUcR5jd1U7fdp08","galerie_address":"Elisabethstra\u00dfe 10","galerie_city":"Vienna","galerie_zip":"1010","galerie_country":"AT","galerie_latitude":"48.2022603","galerie_longitude":"16.3670728","galerie_phone":"+4313210050","galerie_url":"https:\/\/www.l-art.at\/","galerie_domain":"www.l-art.at","galerie_rating_value":"5","galerie_rating_count":"3","galerie_galerist":"","galerie_gruendung":"","galerie_artists_url":"https:\/\/www.l-art.at\/de\/kuenstler","galerie_about_url":"https:\/\/www.l-art.at\/de\/ueber-uns","galerie_quelle_stadt":"Wien","galerie_werk_typ":"","galerie_online_shop":"","galerie_werk_signale":"","galerie_ranking_score":"10.9","galerie_ranking_rang":"154","galerie_claimed_by":""},"kuenstler":[8068,10714,10609,10719,10713,10716,10711,10724,10712,6541,10723,10715,10718,10717,10352,10721,10720,10722,1413,10725],"galerie_stadt":[966],"galerie_typ":[],"galerie_land":[868],"class_list":["post-46170","galerie","type-galerie","status-publish","hentry","kuenstler-albert-mayr","kuenstler-astrid-bechtold-fox","kuenstler-bettina-patermo","kuenstler-flavia-mazzanti","kuenstler-gallery-artists","kuenstler-inge-dick","kuenstler-jump-to-navigation","kuenstler-klaus-wanker","kuenstler-l-art-galerie","kuenstler-mario-dalpra","kuenstler-martin-veigl","kuenstler-michele-bubacco","kuenstler-miye-lee","kuenstler-moni-k-huber","kuenstler-olga-georgieva","kuenstler-robert-schaberl","kuenstler-sissa-micheli","kuenstler-stylianos-schicho","kuenstler-ueber-uns","kuenstler-yun-wang","galerie_stadt-vienna","galerie_land-at"],"acf":[],"_links":{"self":[{"href":"https:\/\/contemporary-arts.de\/index.php\/wp-json\/wp\/v2\/galerie\/46170","targetHints":{"allow":["GET"]}}],"collection":[{"href":"https:\/\/contemporary-arts.de\/index.php\/wp-json\/wp\/v2\/galerie"}],"about":[{"href":"https:\/\/contemporary-arts.de\/index.php\/wp-json\/wp\/v2\/types\/galerie"}],"author":[{"embeddable":true,"href":"https:\/\/contemporary-arts.de\/index.php\/wp-json\/wp\/v2\/users\/1"}],"wp:attachment":[{"href":"https:\/\/contemporary-arts.de\/index.php\/wp-json\/wp\/v2\/media?parent=46170"}],"wp:term":[{"taxonomy":"kuenstler","embeddable":true,"href":"https:\/\/contemporary-arts.de\/index.php\/wp-json\/wp\/v2\/kuenstler?post=46170"},{"taxonomy":"galerie_stadt","embeddable":true,"href":"https:\/\/contemporary-arts.de\/index.php\/wp-json\/wp\/v2\/galerie_stadt?post=46170"},{"taxonomy":"galerie_typ","embeddable":true,"href":"https:\/\/contemporary-arts.de\/index.php\/wp-json\/wp\/v2\/galerie_typ?post=46170"},{"taxonomy":"galerie_land","embeddable":true,"href":"https:\/\/contemporary-arts.de\/index.php\/wp-json\/wp\/v2\/galerie_land?post=46170"}],"curies":[{"name":"wp","href":"https:\/\/api.w.org\/{rel}","templated":true}]}}

<p>L.art VIENNA arbeitet in Vienna mit Positionen aus Malerei, Fotografie und Skulptur. Zum Programm gehören 20 Künstlerinnen und Künstler.</p>

Elisabethstraße 10
