{"id":46153,"date":"2026-09-05T17:19:44","date_gmt":"2026-09-05T17:19:44","guid":{"rendered":"https:\/\/contemporary-arts.de\/?post_type=galerie&#038;p=46153"},"modified":"2026-09-05T17:19:44","modified_gmt":"2026-09-05T17:19:44","slug":"galerie-reinthaler","status":"publish","type":"galerie","link":"https:\/\/contemporary-arts.de\/index.php\/galerie\/galerie-reinthaler\/","title":{"rendered":"Galerie Reinthaler"},"content":{"rendered":"<p>Die Galerie Reinthaler wurde 2014 in Wien gegr\u00fcndet und versteht sich als Plattform f\u00fcr zeitgen\u00f6ssische Kunstproduktion. Gearbeitet wird sowohl mit aufstrebenden als auch mit etablierten Positionen, die eingesetzten Medien bleiben bewusst offen. Seit 2024 sitzt die Galerie am Getreidemarkt, gleich neben der Akademie der bildenden K\u00fcnste.<\/p>\n","protected":false},"excerpt":{"rendered":"<p>Die Galerie Reinthaler wurde 2014 in Wien gegr\u00fcndet und versteht sich als Plattform f\u00fcr zeitgen\u00f6ssische Kunstproduktion. Gearbeitet wird sowohl mit aufstrebenden als auch mit etablierten Positionen, die eingesetzten Medien bleiben bewusst offen. Seit 2024 sitzt die Galerie am Getreidemarkt, gleich neben der Akademie der bildenden K\u00fcnste.<\/p>\n","protected":false},"author":1,"featured_media":0,"template":"","meta":{"_acf_changed":false,"galerie_place_id":"ChIJaxzcMY8HbUcRSmQf6or5d0Y","galerie_address":"Getreidemarkt 14","galerie_city":"Vienna","galerie_zip":"1010","galerie_country":"AT","galerie_latitude":"48.2019905","galerie_longitude":"16.362751","galerie_phone":"","galerie_url":"http:\/\/www.agnesreinthaler.com\/","galerie_domain":"www.agnesreinthaler.com","galerie_rating_value":"4.5","galerie_rating_count":"32","galerie_galerist":"","galerie_gruendung":"","galerie_artists_url":"http:\/\/www.agnesreinthaler.com\/artists\/","galerie_about_url":"http:\/\/www.agnesreinthaler.com\/about\/","galerie_quelle_stadt":"Wien","galerie_werk_typ":"","galerie_online_shop":"","galerie_werk_signale":"","galerie_ranking_score":"10.1","galerie_ranking_rang":"201","galerie_claimed_by":""},"kuenstler":[10739,10736,10729,10740,8719,10728,10735,10733,10731,10732,10730,10737,10734,10738],"galerie_stadt":[966],"galerie_typ":[],"galerie_land":[868],"class_list":["post-46153","galerie","type-galerie","status-publish","hentry","kuenstler-anja-hitzenberger","kuenstler-astrid-rausch","kuenstler-catharina-bond","kuenstler-catherine-ludwig","kuenstler-deborah-sengl","kuenstler-hubert-blanz","kuenstler-kenji-lim","kuenstler-matthias-klos","kuenstler-michael-huey","kuenstler-oemer-faruk-kaplan","kuenstler-regina-huegli","kuenstler-tina-ribarits","kuenstler-ulrike-koenigshofer","kuenstler-veronika-suschnig","galerie_stadt-vienna","galerie_land-at"],"acf":[],"_links":{"self":[{"href":"https:\/\/contemporary-arts.de\/index.php\/wp-json\/wp\/v2\/galerie\/46153","targetHints":{"allow":["GET"]}}],"collection":[{"href":"https:\/\/contemporary-arts.de\/index.php\/wp-json\/wp\/v2\/galerie"}],"about":[{"href":"https:\/\/contemporary-arts.de\/index.php\/wp-json\/wp\/v2\/types\/galerie"}],"author":[{"embeddable":true,"href":"https:\/\/contemporary-arts.de\/index.php\/wp-json\/wp\/v2\/users\/1"}],"wp:attachment":[{"href":"https:\/\/contemporary-arts.de\/index.php\/wp-json\/wp\/v2\/media?parent=46153"}],"wp:term":[{"taxonomy":"kuenstler","embeddable":true,"href":"https:\/\/contemporary-arts.de\/index.php\/wp-json\/wp\/v2\/kuenstler?post=46153"},{"taxonomy":"galerie_stadt","embeddable":true,"href":"https:\/\/contemporary-arts.de\/index.php\/wp-json\/wp\/v2\/galerie_stadt?post=46153"},{"taxonomy":"galerie_typ","embeddable":true,"href":"https:\/\/contemporary-arts.de\/index.php\/wp-json\/wp\/v2\/galerie_typ?post=46153"},{"taxonomy":"galerie_land","embeddable":true,"href":"https:\/\/contemporary-arts.de\/index.php\/wp-json\/wp\/v2\/galerie_land?post=46153"}],"curies":[{"name":"wp","href":"https:\/\/api.w.org\/{rel}","templated":true}]}}

<p>Die Galerie Reinthaler wurde 2014 in Wien gegründet und versteht sich als Plattform für zeitgenössische Kunstproduktion. Gearbeitet wird sowohl mit aufstrebenden als auch mit etablierten Positionen, die eingesetzten Medien bleiben bewusst offen. Seit 2024 sitzt die Galerie am Getreidemarkt, gleich neben der Akademie der bildenden Künste.</p>
