{"id":46139,"date":"2026-09-05T17:19:44","date_gmt":"2026-09-05T17:19:44","guid":{"rendered":"https:\/\/contemporary-arts.de\/?post_type=galerie&#038;p=46139"},"modified":"2026-09-05T17:19:44","modified_gmt":"2026-09-05T17:19:44","slug":"gartenpalais-liechtenstein","status":"publish","type":"galerie","link":"https:\/\/contemporary-arts.de\/index.php\/galerie\/gartenpalais-liechtenstein\/","title":{"rendered":"Gartenpalais Liechtenstein"},"content":{"rendered":"<p>Das Gartenpalais Liechtenstein in Wien beherbergt Teile der F\u00fcrstlichen Sammlungen und ist regul\u00e4r nicht frei zug\u00e4nglich. Besichtigt werden kann es \u00fcber F\u00fchrungen und Veranstaltungen. F\u00fcr Sammler ist weniger das Haus interessant als die Sammlung selbst, die zu den bedeutendsten in Privatbesitz z\u00e4hlt.<\/p>\n","protected":false},"excerpt":{"rendered":"<p>Das Gartenpalais Liechtenstein in Wien beherbergt Teile der F\u00fcrstlichen Sammlungen und ist regul\u00e4r nicht frei zug\u00e4nglich. Besichtigt werden kann es \u00fcber F\u00fchrungen und Veranstaltungen. F\u00fcr Sammler ist weniger das Haus interessant als die Sammlung selbst, die zu den bedeutendsten in Privatbesitz z\u00e4hlt.<\/p>\n","protected":false},"author":1,"featured_media":0,"template":"","meta":{"_acf_changed":false,"galerie_place_id":"ChIJAfkA9bcHbUcRttVvo0iPzAY","galerie_address":"F\u00fcrstengasse 1","galerie_city":"Vienna","galerie_zip":"1090","galerie_country":"AT","galerie_latitude":"48.2225283","galerie_longitude":"16.3595988","galerie_phone":"+43131957670","galerie_url":"http:\/\/www.palaisliechtenstein.com\/","galerie_domain":"www.palaisliechtenstein.com","galerie_rating_value":"4.7","galerie_rating_count":"3363","galerie_galerist":"","galerie_gruendung":"","galerie_artists_url":"","galerie_about_url":"","galerie_quelle_stadt":"Wien","galerie_werk_typ":"","galerie_online_shop":"","galerie_werk_signale":"","galerie_ranking_score":"15","galerie_ranking_rang":"38","galerie_claimed_by":""},"kuenstler":[],"galerie_stadt":[966],"galerie_typ":[],"galerie_land":[868],"class_list":["post-46139","galerie","type-galerie","status-publish","hentry","galerie_stadt-vienna","galerie_land-at"],"acf":[],"_links":{"self":[{"href":"https:\/\/contemporary-arts.de\/index.php\/wp-json\/wp\/v2\/galerie\/46139","targetHints":{"allow":["GET"]}}],"collection":[{"href":"https:\/\/contemporary-arts.de\/index.php\/wp-json\/wp\/v2\/galerie"}],"about":[{"href":"https:\/\/contemporary-arts.de\/index.php\/wp-json\/wp\/v2\/types\/galerie"}],"author":[{"embeddable":true,"href":"https:\/\/contemporary-arts.de\/index.php\/wp-json\/wp\/v2\/users\/1"}],"wp:attachment":[{"href":"https:\/\/contemporary-arts.de\/index.php\/wp-json\/wp\/v2\/media?parent=46139"}],"wp:term":[{"taxonomy":"kuenstler","embeddable":true,"href":"https:\/\/contemporary-arts.de\/index.php\/wp-json\/wp\/v2\/kuenstler?post=46139"},{"taxonomy":"galerie_stadt","embeddable":true,"href":"https:\/\/contemporary-arts.de\/index.php\/wp-json\/wp\/v2\/galerie_stadt?post=46139"},{"taxonomy":"galerie_typ","embeddable":true,"href":"https:\/\/contemporary-arts.de\/index.php\/wp-json\/wp\/v2\/galerie_typ?post=46139"},{"taxonomy":"galerie_land","embeddable":true,"href":"https:\/\/contemporary-arts.de\/index.php\/wp-json\/wp\/v2\/galerie_land?post=46139"}],"curies":[{"name":"wp","href":"https:\/\/api.w.org\/{rel}","templated":true}]}}

<p>Das Gartenpalais Liechtenstein in Wien beherbergt Teile der Fürstlichen Sammlungen und ist regulär nicht frei zugänglich. Besichtigt werden kann es über Führungen und Veranstaltungen. Für Sammler ist weniger das Haus interessant als die Sammlung selbst, die zu den bedeutendsten in Privatbesitz zählt.</p>

Fürstengasse 1
