{"id":46005,"date":"2026-09-06T10:51:44","date_gmt":"2026-09-06T10:51:44","guid":{"rendered":"https:\/\/contemporary-arts.de\/?post_type=galerie&#038;p=46005"},"modified":"2026-09-06T12:34:43","modified_gmt":"2026-09-06T12:34:43","slug":"galerie-sturm-schober","status":"publish","type":"galerie","link":"https:\/\/contemporary-arts.de\/index.php\/galerie\/galerie-sturm-schober\/","title":{"rendered":"Galerie Sturm &amp; Schober"},"content":{"rendered":"<p>Gezeigt wird bei Galerie Sturm &#038; Schober in Vienna \u00fcberwiegend Malerei, Fotografie und Zeichnung. Das Programm umfasst 30 Positionen. Zum Gesch\u00e4ft geh\u00f6rt auch der Handel mit Arbeiten aus zweiter Hand, was den Betrieb vom reinen Ausstellungsbetrieb unterscheidet.<\/p>\n","protected":false},"excerpt":{"rendered":"<p>Gezeigt wird bei Galerie Sturm &#038; Schober in Vienna \u00fcberwiegend Malerei, Fotografie und Zeichnung. Das Programm umfasst 30 Positionen. Zum Gesch\u00e4ft geh\u00f6rt auch der Handel mit Arbeiten aus zweiter Hand, was den Betrieb vom reinen Ausstellungsbetrieb unterscheidet.<\/p>\n","protected":false},"author":1,"featured_media":0,"template":"","meta":{"_acf_changed":false,"galerie_place_id":"ChIJwZMI5L4HbUcRr8kgu0Aon_8","galerie_address":"Kohlmarkt 9, Stock 2\/T\u00fcr 5","galerie_city":"Vienna","galerie_zip":"1010","galerie_country":"AT","galerie_latitude":"48.2085106","galerie_longitude":"16.3676548","galerie_phone":"+436765551777","galerie_url":"http:\/\/www.sturmschober.com\/","galerie_domain":"www.sturmschober.com","galerie_rating_value":"4.4","galerie_rating_count":"8","galerie_galerist":"","galerie_gruendung":"","galerie_artists_url":"https:\/\/www.sturmschober.com\/kuenstler-typ\/repraesentiert\/","galerie_about_url":"","galerie_quelle_stadt":"Wien","galerie_werk_typ":"","galerie_online_shop":"","galerie_werk_signale":"","galerie_ranking_score":"9.9","galerie_ranking_rang":"216","galerie_claimed_by":""},"kuenstler":[11010,11027,11026,11008,6579,11029,11006,11009,8100,11015,11017,11023,11005,10716,11011,11030,11013,11021,11012,11024,11019,11007,11014,11022,11020,11025,11016,11028,11018,4420],"galerie_stadt":[966],"galerie_typ":[],"galerie_land":[868],"class_list":["post-46005","galerie","type-galerie","status-publish","hentry","kuenstler-andrea-bender","kuenstler-beatriz-olano","kuenstler-christian-wulffen","kuenstler-daniel-sigloch","kuenstler-dave-bopp","kuenstler-fernando-garcia-correa","kuenstler-filderbahnfreundemoehringen-ffm","kuenstler-frank-badur","kuenstler-gabriela-oberkofler","kuenstler-gianfranco-foschino","kuenstler-heiri-haefliger","kuenstler-henk-stallinga","kuenstler-in-kooperation","kuenstler-inge-dick","kuenstler-jo-schoepfer","kuenstler-karoly-keserue","kuenstler-kevin-clarke","kuenstler-kevin-simon-mancera","kuenstler-lieven-hendriks","kuenstler-mary-a-waters","kuenstler-matthias-lautner","kuenstler-mona-radziabari","kuenstler-norbert-fleischmann","kuenstler-rebecca-salter","kuenstler-russell-maltz","kuenstler-stefan-zsaitsits","kuenstler-thomas-gaenszler","kuenstler-thomas-mueller","kuenstler-vanessa-henn","kuenstler-wolfram-ullrich","galerie_stadt-vienna","galerie_land-at"],"acf":[],"_links":{"self":[{"href":"https:\/\/contemporary-arts.de\/index.php\/wp-json\/wp\/v2\/galerie\/46005","targetHints":{"allow":["GET"]}}],"collection":[{"href":"https:\/\/contemporary-arts.de\/index.php\/wp-json\/wp\/v2\/galerie"}],"about":[{"href":"https:\/\/contemporary-arts.de\/index.php\/wp-json\/wp\/v2\/types\/galerie"}],"author":[{"embeddable":true,"href":"https:\/\/contemporary-arts.de\/index.php\/wp-json\/wp\/v2\/users\/1"}],"wp:attachment":[{"href":"https:\/\/contemporary-arts.de\/index.php\/wp-json\/wp\/v2\/media?parent=46005"}],"wp:term":[{"taxonomy":"kuenstler","embeddable":true,"href":"https:\/\/contemporary-arts.de\/index.php\/wp-json\/wp\/v2\/kuenstler?post=46005"},{"taxonomy":"galerie_stadt","embeddable":true,"href":"https:\/\/contemporary-arts.de\/index.php\/wp-json\/wp\/v2\/galerie_stadt?post=46005"},{"taxonomy":"galerie_typ","embeddable":true,"href":"https:\/\/contemporary-arts.de\/index.php\/wp-json\/wp\/v2\/galerie_typ?post=46005"},{"taxonomy":"galerie_land","embeddable":true,"href":"https:\/\/contemporary-arts.de\/index.php\/wp-json\/wp\/v2\/galerie_land?post=46005"}],"curies":[{"name":"wp","href":"https:\/\/api.w.org\/{rel}","templated":true}]}}

<p>Gezeigt wird bei Galerie Sturm &#038; Schober in Vienna überwiegend Malerei, Fotografie und Zeichnung. Das Programm umfasst 30 Positionen. Zum Geschäft gehört auch der Handel mit Arbeiten aus zweiter Hand, was den Betrieb vom reinen Ausstellungsbetrieb unterscheidet.</p>

Kohlmarkt 9, Stock 2/Tür 5
