{"id":45977,"date":"2026-09-06T10:51:45","date_gmt":"2026-09-06T10:51:45","guid":{"rendered":"https:\/\/contemporary-arts.de\/?post_type=galerie&#038;p=45977"},"modified":"2026-09-06T12:34:00","modified_gmt":"2026-09-06T12:34:00","slug":"galerie-artziwna","status":"publish","type":"galerie","link":"https:\/\/contemporary-arts.de\/index.php\/galerie\/galerie-artziwna\/","title":{"rendered":"galerie artziwna"},"content":{"rendered":"<p>Die Galerie galerie artziwna sitzt in Vienna. Zum Programm geh\u00f6ren 34 K\u00fcnstlerinnen und K\u00fcnstler. Zum Gesch\u00e4ft geh\u00f6rt auch der Handel mit Arbeiten aus zweiter Hand, was den Betrieb vom reinen Ausstellungsbetrieb unterscheidet.<\/p>\n","protected":false},"excerpt":{"rendered":"<p>Die Galerie galerie artziwna sitzt in Vienna. Zum Programm geh\u00f6ren 34 K\u00fcnstlerinnen und K\u00fcnstler. Zum Gesch\u00e4ft geh\u00f6rt auch der Handel mit Arbeiten aus zweiter Hand, was den Betrieb vom reinen Ausstellungsbetrieb unterscheidet.<\/p>\n","protected":false},"author":1,"featured_media":0,"template":"","meta":{"_acf_changed":false,"galerie_place_id":"ChIJny2Cb70HbUcRcKZEHDK-dgI","galerie_address":"Herrengasse 17","galerie_city":"Vienna","galerie_zip":"1010","galerie_country":"AT","galerie_latitude":"48.210639","galerie_longitude":"16.364969","galerie_phone":"+4315321746","galerie_url":"https:\/\/www.artziwna.com\/","galerie_domain":"www.artziwna.com","galerie_rating_value":"5","galerie_rating_count":"40","galerie_galerist":"","galerie_gruendung":"","galerie_artists_url":"https:\/\/www.artziwna.com\/kuenstler-artist\/","galerie_about_url":"https:\/\/www.artziwna.com\/about\/","galerie_quelle_stadt":"Wien","galerie_werk_typ":"","galerie_online_shop":"","galerie_werk_signale":"","galerie_ranking_score":"10.2","galerie_ranking_rang":"193","galerie_claimed_by":""},"kuenstler":[5885,10200,11082,1677,8664,5489,11083,10846,8651,6250,11075,8945,3817,9916,1600,9499,11079,9204,1658,10604,2399,11080,8662,11078,11084,11076,1678,11085,6104,8878,11077,11074,11081,7979],"galerie_stadt":[966],"galerie_typ":[],"galerie_land":[868],"class_list":["post-45977","galerie","type-galerie","status-publish","hentry","kuenstler-alfons-walde","kuenstler-alfred-hrdlicka","kuenstler-alfred-kornberger","kuenstler-andy-warhol","kuenstler-arnulf-rainer","kuenstler-dieter-roth","kuenstler-florian-schaumberger","kuenstler-franz-grabmayr","kuenstler-hans-bischoffshausen","kuenstler-hans-staudacher","kuenstler-heinrich-bobst","kuenstler-herbert-brandl","kuenstler-hermann-nitsch","kuenstler-josef-mikl","kuenstler-karel-appel","kuenstler-karl-prantl","kuenstler-leopold-ganzer","kuenstler-martha-jungwirth","kuenstler-mel-ramos","kuenstler-michela-ghisetti","kuenstler-nach-oben-scrollen","kuenstler-oskar-hoefinger","kuenstler-otto-muehl","kuenstler-richard-erdman","kuenstler-rudolf-schwaiger","kuenstler-sinasi-bozatli","kuenstler-tom-wesselmann","kuenstler-ty-waltinger","kuenstler-valie-export","kuenstler-viktor-lederer","kuenstler-vivian-czell","kuenstler-wander-bertoni","kuenstler-wolfgang-hollegha","kuenstler-xenia-hausner","galerie_stadt-vienna","galerie_land-at"],"acf":[],"_links":{"self":[{"href":"https:\/\/contemporary-arts.de\/index.php\/wp-json\/wp\/v2\/galerie\/45977","targetHints":{"allow":["GET"]}}],"collection":[{"href":"https:\/\/contemporary-arts.de\/index.php\/wp-json\/wp\/v2\/galerie"}],"about":[{"href":"https:\/\/contemporary-arts.de\/index.php\/wp-json\/wp\/v2\/types\/galerie"}],"author":[{"embeddable":true,"href":"https:\/\/contemporary-arts.de\/index.php\/wp-json\/wp\/v2\/users\/1"}],"wp:attachment":[{"href":"https:\/\/contemporary-arts.de\/index.php\/wp-json\/wp\/v2\/media?parent=45977"}],"wp:term":[{"taxonomy":"kuenstler","embeddable":true,"href":"https:\/\/contemporary-arts.de\/index.php\/wp-json\/wp\/v2\/kuenstler?post=45977"},{"taxonomy":"galerie_stadt","embeddable":true,"href":"https:\/\/contemporary-arts.de\/index.php\/wp-json\/wp\/v2\/galerie_stadt?post=45977"},{"taxonomy":"galerie_typ","embeddable":true,"href":"https:\/\/contemporary-arts.de\/index.php\/wp-json\/wp\/v2\/galerie_typ?post=45977"},{"taxonomy":"galerie_land","embeddable":true,"href":"https:\/\/contemporary-arts.de\/index.php\/wp-json\/wp\/v2\/galerie_land?post=45977"}],"curies":[{"name":"wp","href":"https:\/\/api.w.org\/{rel}","templated":true}]}}

<p>Die Galerie galerie artziwna sitzt in Vienna. Zum Programm gehören 34 Künstlerinnen und Künstler. Zum Geschäft gehört auch der Handel mit Arbeiten aus zweiter Hand, was den Betrieb vom reinen Ausstellungsbetrieb unterscheidet.</p>
