{"id":45919,"date":"2026-09-06T10:51:47","date_gmt":"2026-09-06T10:51:47","guid":{"rendered":"https:\/\/contemporary-arts.de\/?post_type=galerie&#038;p=45919"},"modified":"2026-09-06T12:33:54","modified_gmt":"2026-09-06T12:33:54","slug":"gallery-at-the-albertina-zetter-gmbh","status":"publish","type":"galerie","link":"https:\/\/contemporary-arts.de\/index.php\/galerie\/gallery-at-the-albertina-zetter-gmbh\/","title":{"rendered":"Gallery at the Albertina &#8211; Zetter GmbH"},"content":{"rendered":"<p>Gallery at the Albertina &#8211; Zetter GmbH konzentriert sich in Vienna auf Malerei. Gezeigt werden Arbeiten von 150 K\u00fcnstlerinnen und K\u00fcnstlern. Zum Gesch\u00e4ft geh\u00f6rt auch der Handel mit Arbeiten aus zweiter Hand, was den Betrieb vom reinen Ausstellungsbetrieb unterscheidet.<\/p>\n","protected":false},"excerpt":{"rendered":"<p>Gallery at the Albertina &#8211; Zetter GmbH konzentriert sich in Vienna auf Malerei. Gezeigt werden Arbeiten von 150 K\u00fcnstlerinnen und K\u00fcnstlern. Zum Gesch\u00e4ft geh\u00f6rt auch der Handel mit Arbeiten aus zweiter Hand, was den Betrieb vom reinen Ausstellungsbetrieb unterscheidet.<\/p>\n","protected":false},"author":1,"featured_media":0,"template":"","meta":{"_acf_changed":false,"galerie_place_id":"ChIJE2HG_JsHbUcRwBCWocjCpOM","galerie_address":"Ecke Gluckgasse, Lobkowitzpl. 1","galerie_city":"Vienna","galerie_zip":"1010","galerie_country":"AT","galerie_latitude":"48.205512","galerie_longitude":"16.3689442","galerie_phone":"+4315131416","galerie_url":"http:\/\/www.galerie-albertina.at\/","galerie_domain":"www.galerie-albertina.at","galerie_rating_value":"4.7","galerie_rating_count":"73","galerie_galerist":"","galerie_gruendung":"","galerie_artists_url":"https:\/\/www.galerie-albertina.at\/kuenstler\/","galerie_about_url":"","galerie_quelle_stadt":"Wien","galerie_werk_typ":"","galerie_online_shop":"","galerie_werk_signale":"","galerie_ranking_score":"15","galerie_ranking_rang":"39","galerie_claimed_by":""},"kuenstler":[11538,11536,7603,11423,11424,11425,11426,11427,11428,11429,11430,8782,11431,11432,11433,10445,11434,11435,11436,11437,11438,8191,2448,11439,11440,11537,11441,10451,10452,11442,11443,11444,11445,11446,11447,11448,11449,11450,10454,11451,11452,9910,11453,11454,11455,11456,11457,11458,11459,10456,9911,11460,11461,11462,11463,3817,11464,10457,11465,11466,11467,11468,11469,11470,11471,11472,10459,10460,11473,10463,11474,10464,11475,11476,11477,9821,11478,11479,11480,11481,11482,11483,11484,11485,10466,10467,11486,11487,10472,11488,11489,8985,11490,10475,8200,11491,8751,10478,11492,11493,10479,11494,11495,11496,11497,11498,10481,11499,11500,11501,10482,11502,10485,11503,11504,11505,11506,10487,9920,11507,11508,11509,10488,11510,11511,11512,11513,11514,11515,11516,11517,9822,11518,11519,10490,11520,10491,11521,8765,11522,10492,11523,1413,11524,11525,10495,11526,11527,8776,11528,11529,11530,11531,10499,10500,11532,8209,10501,11533,11534,11535],"galerie_stadt":[966],"galerie_typ":[],"galerie_land":[868],"class_list":["post-45919","galerie","type-galerie","status-publish","hentry","kuenstler-a-1010-wien","kuenstler-adrian-marc","kuenstler-attersee-christian-ludwig","kuenstler-avramidis-annemarie","kuenstler-avramidis-joannis","kuenstler-baudisch-gudrun","kuenstler-bauer-leopold","kuenstler-baeumer-eduard","kuenstler-berg-werner","kuenstler-berger-lotte","kuenstler-bertoni-wander","kuenstler-bischoffshausen-hans","kuenstler-boafo-amoako","kuenstler-bolek-hans","kuenstler-brauer-arik","kuenstler-bresslern-roth-norbertine","kuenstler-brunner-ferdinand","kuenstler-brus-guenter","kuenstler-cucuel-edward","kuenstler-czerny-alfred","kuenstler-czeschka-carl-otto","kuenstler-damisch-gunter","kuenstler-deco-art","kuenstler-diesner-gerhild","kuenstler-diveky-josef","kuenstler-ecke-gluckgasse","kuenstler-egger-lienz-albin","kuenstler-egner-marie","kuenstler-eisenschitz-willy","kuenstler-fachschule-haida","kuenstler-fachschule-steinschoenau","kuenstler-fahringer-carl","kuenstler-feith-gustav","kuenstler-feuz-thierry","kuenstler-forstner-leopold","kuenstler-freist-greta","kuenstler-fronius-hans","kuenstler-ganzer-leopold","kuenstler-gasteiger-jakob","kuenstler-gerlach-georg","kuenstler-gironcoli-bruno","kuenstler-glueck-anselm","kuenstler-gmundner-keramik","kuenstler-goeschl-roland","kuenstler-grabmayr-franz","kuenstler-graf-franz","kuenstler-gruber-gerda","kuenstler-gurschner-herbert","kuenstler-guetersloh-albert-paris","kuenstler-haerdtl-oswald","kuenstler-haider-ilse","kuenstler-hanak-anton","kuenstler-hauser-carry","kuenstler-hausner-xenia","kuenstler-helnwein-gottfried","kuenstler-hermann-nitsch","kuenstler-hessing-gustav","kuenstler-hoffmann-josef","kuenstler-hoffmann-umkreis-josef","kuenstler-hoffmann-zugeschrieben-josef","kuenstler-hofstoetter-franz","kuenstler-hofstoetter-zugeschrieben-franz","kuenstler-hoppe-emil","kuenstler-huber-ernst","kuenstler-jenkins-paul","kuenstler-jung-moriz","kuenstler-jungnickel-ludwig-heinrich","kuenstler-jungwirth-martha","kuenstler-kalvach-rudolf","kuenstler-kammerer-marcel","kuenstler-karlinsky-elisabeth","kuenstler-kasparides-eduard","kuenstler-kirschner-marie","kuenstler-klablena-eduard","kuenstler-klimt-gustav","kuenstler-klinkan-alfred","kuenstler-kogelnik-kiki","kuenstler-kogler-peter","kuenstler-kohl-robert","kuenstler-kokoschka-oskar","kuenstler-kolig-anton","kuenstler-kolig-cornelius","kuenstler-kopriva-erna","kuenstler-krenek-carl","kuenstler-kurzweil-maximilian","kuenstler-laske-oskar","kuenstler-lassnig-maria","kuenstler-loeffler-bertold","kuenstler-loos-adolf","kuenstler-mairwoeger-gottfried","kuenstler-margold-ella","kuenstler-markus-prachensky","kuenstler-mayer-marton-georg","kuenstler-meier-michel-johanna","kuenstler-mikl-josef","kuenstler-moldovan-kurt","kuenstler-moser-carl","kuenstler-moser-koloman","kuenstler-moswitzer-gerhardt","kuenstler-mottl-karl","kuenstler-mulley-oskar","kuenstler-nagel-zugeschrieben-fritz","kuenstler-nakajima-osamu","kuenstler-nepo-ernst","kuenstler-neuwalder-grete","kuenstler-nikodem-artur","kuenstler-nitsch-hermann","kuenstler-nolde-emil","kuenstler-oberhuber-oswald","kuenstler-oerley-robert","kuenstler-ofner-hans","kuenstler-oman-valentin","kuenstler-peche-dagobert","kuenstler-peche-zugeschrieben-dagobert","kuenstler-pichler-traudel","kuenstler-pillhofer-josef","kuenstler-plattner-karl","kuenstler-powolny-michael","kuenstler-prachensky-markus","kuenstler-prachensky-wilhelm-nicolaus","kuenstler-prantl-karl","kuenstler-praun-clarisse-s","kuenstler-prutscher-otto","kuenstler-prutscher-zugeschrieben-otto","kuenstler-rader-soulek-grete","kuenstler-reinhold-thomas","kuenstler-rix-tichacek-kitty","kuenstler-schaschl-reni","kuenstler-schatz-otto-rudolf","kuenstler-scherer-eva","kuenstler-schiele-egon","kuenstler-schmalix-hubert","kuenstler-schroeder-heinrich","kuenstler-sengl-peter","kuenstler-siegel-gustav","kuenstler-sika-jutta","kuenstler-singer-susi","kuenstler-sottsass-ettore","kuenstler-staudacher-hans","kuenstler-stoehr-ernst","kuenstler-stoitzner-josef","kuenstler-thoeny-wilhelm","kuenstler-ueber-uns","kuenstler-uchatius-marie","kuenstler-urteil-andreas","kuenstler-wagner-otto","kuenstler-wagner-otto-erich","kuenstler-wagner-zugeschrieben-otto","kuenstler-walde-alfons","kuenstler-weber-tyrol-hans","kuenstler-weihs-peter","kuenstler-weiler-max","kuenstler-wickenburg-alfred","kuenstler-wieselthier-vally","kuenstler-wimmer-wisgrill-eduard-josef","kuenstler-witzmann-carl","kuenstler-wotruba-fritz","kuenstler-wurm-erwin","kuenstler-zadrazil-franz","kuenstler-zeppel-sperl-robert","kuenstler-zuelow-franz-von","galerie_stadt-vienna","galerie_land-at"],"acf":[],"_links":{"self":[{"href":"https:\/\/contemporary-arts.de\/index.php\/wp-json\/wp\/v2\/galerie\/45919","targetHints":{"allow":["GET"]}}],"collection":[{"href":"https:\/\/contemporary-arts.de\/index.php\/wp-json\/wp\/v2\/galerie"}],"about":[{"href":"https:\/\/contemporary-arts.de\/index.php\/wp-json\/wp\/v2\/types\/galerie"}],"author":[{"embeddable":true,"href":"https:\/\/contemporary-arts.de\/index.php\/wp-json\/wp\/v2\/users\/1"}],"wp:attachment":[{"href":"https:\/\/contemporary-arts.de\/index.php\/wp-json\/wp\/v2\/media?parent=45919"}],"wp:term":[{"taxonomy":"kuenstler","embeddable":true,"href":"https:\/\/contemporary-arts.de\/index.php\/wp-json\/wp\/v2\/kuenstler?post=45919"},{"taxonomy":"galerie_stadt","embeddable":true,"href":"https:\/\/contemporary-arts.de\/index.php\/wp-json\/wp\/v2\/galerie_stadt?post=45919"},{"taxonomy":"galerie_typ","embeddable":true,"href":"https:\/\/contemporary-arts.de\/index.php\/wp-json\/wp\/v2\/galerie_typ?post=45919"},{"taxonomy":"galerie_land","embeddable":true,"href":"https:\/\/contemporary-arts.de\/index.php\/wp-json\/wp\/v2\/galerie_land?post=45919"}],"curies":[{"name":"wp","href":"https:\/\/api.w.org\/{rel}","templated":true}]}}

<p>Gallery at the Albertina &#8211; Zetter GmbH konzentriert sich in Vienna auf Malerei. Gezeigt werden Arbeiten von 150 Künstlerinnen und Künstlern. Zum Geschäft gehört auch der Handel mit Arbeiten aus zweiter Hand, was den Betrieb vom reinen Ausstellungsbetrieb unterscheidet.</p>
