{"id":45917,"date":"2026-09-06T10:51:47","date_gmt":"2026-09-06T10:51:47","guid":{"rendered":"https:\/\/contemporary-arts.de\/?post_type=galerie&#038;p=45917"},"modified":"2026-09-06T12:34:18","modified_gmt":"2026-09-06T12:34:18","slug":"galerie-crone","status":"publish","type":"galerie","link":"https:\/\/contemporary-arts.de\/index.php\/galerie\/galerie-crone\/","title":{"rendered":"Galerie Crone"},"content":{"rendered":"<p>Gezeigt wird bei Galerie Crone in Vienna \u00fcberwiegend Malerei, Skulptur und Installation. Bestehend seit 1982, umfasst das Programm inzwischen 16 K\u00fcnstlerinnen und K\u00fcnstler. Neben dem Programm vor Ort ist das Haus auf Kunstmessen vertreten.<\/p>\n","protected":false},"excerpt":{"rendered":"<p>Gezeigt wird bei Galerie Crone in Vienna \u00fcberwiegend Malerei, Skulptur und Installation. Bestehend seit 1982, umfasst das Programm inzwischen 16 K\u00fcnstlerinnen und K\u00fcnstler. Neben dem Programm vor Ort ist das Haus auf Kunstmessen vertreten.<\/p>\n","protected":false},"author":1,"featured_media":0,"template":"","meta":{"_acf_changed":false,"galerie_place_id":"ChIJWydSz5oHbUcRDmkbs8ayCOM","galerie_address":"Getreidemarkt 14","galerie_city":"Vienna","galerie_zip":"1010","galerie_country":"AT","galerie_latitude":"48.2019575","galerie_longitude":"16.3628795","galerie_phone":"+4315813164","galerie_url":"http:\/\/www.galeriecrone.com\/","galerie_domain":"www.galeriecrone.com","galerie_rating_value":"4.8","galerie_rating_count":"19","galerie_galerist":"","galerie_gruendung":"1982","galerie_artists_url":"https:\/\/www.galeriecrone.com\/represented-artists","galerie_about_url":"https:\/\/www.galeriecrone.com\/about","galerie_quelle_stadt":"Wien","galerie_werk_typ":"","galerie_online_shop":"","galerie_werk_signale":"","galerie_ranking_score":"11.8","galerie_ranking_rang":"111","galerie_claimed_by":""},"kuenstler":[11413,11418,11411,11416,11414,11409,11410,11419,11420,11412,11422,10533,2429,11421,11417,11415],"galerie_stadt":[966],"galerie_typ":[],"galerie_land":[868],"class_list":["post-45917","galerie","type-galerie","status-publish","hentry","kuenstler-anthony-goicolea","kuenstler-ashley-hans-scheirl","kuenstler-carola-dertnig","kuenstler-clemens-krauss","kuenstler-eckart-hahn","kuenstler-emmanuel-bornstein","kuenstler-hanne-darboven","kuenstler-huda-takriti","kuenstler-milen-till","kuenstler-nikolaus-gansterer","kuenstler-otto-zitko","kuenstler-robert-muntean","kuenstler-rosemarie-trockel","kuenstler-ruscha-voormann","kuenstler-stefan-reiterer","kuenstler-tobias-hoffknecht","galerie_stadt-vienna","galerie_land-at"],"acf":[],"_links":{"self":[{"href":"https:\/\/contemporary-arts.de\/index.php\/wp-json\/wp\/v2\/galerie\/45917","targetHints":{"allow":["GET"]}}],"collection":[{"href":"https:\/\/contemporary-arts.de\/index.php\/wp-json\/wp\/v2\/galerie"}],"about":[{"href":"https:\/\/contemporary-arts.de\/index.php\/wp-json\/wp\/v2\/types\/galerie"}],"author":[{"embeddable":true,"href":"https:\/\/contemporary-arts.de\/index.php\/wp-json\/wp\/v2\/users\/1"}],"wp:attachment":[{"href":"https:\/\/contemporary-arts.de\/index.php\/wp-json\/wp\/v2\/media?parent=45917"}],"wp:term":[{"taxonomy":"kuenstler","embeddable":true,"href":"https:\/\/contemporary-arts.de\/index.php\/wp-json\/wp\/v2\/kuenstler?post=45917"},{"taxonomy":"galerie_stadt","embeddable":true,"href":"https:\/\/contemporary-arts.de\/index.php\/wp-json\/wp\/v2\/galerie_stadt?post=45917"},{"taxonomy":"galerie_typ","embeddable":true,"href":"https:\/\/contemporary-arts.de\/index.php\/wp-json\/wp\/v2\/galerie_typ?post=45917"},{"taxonomy":"galerie_land","embeddable":true,"href":"https:\/\/contemporary-arts.de\/index.php\/wp-json\/wp\/v2\/galerie_land?post=45917"}],"curies":[{"name":"wp","href":"https:\/\/api.w.org\/{rel}","templated":true}]}}

<p>Gezeigt wird bei Galerie Crone in Vienna überwiegend Malerei, Skulptur und Installation. Bestehend seit 1982, umfasst das Programm inzwischen 16 Künstlerinnen und Künstler. Neben dem Programm vor Ort ist das Haus auf Kunstmessen vertreten.</p>
