{"id":45907,"date":"2026-09-06T10:51:46","date_gmt":"2026-09-06T10:51:46","guid":{"rendered":"https:\/\/contemporary-arts.de\/?post_type=galerie&#038;p=45907"},"modified":"2026-09-06T12:34:22","modified_gmt":"2026-09-06T12:34:22","slug":"galerie-lehner","status":"publish","type":"galerie","link":"https:\/\/contemporary-arts.de\/index.php\/galerie\/galerie-lehner\/","title":{"rendered":"Galerie Lehner"},"content":{"rendered":"<p>Die Galerie Galerie Lehner sitzt in Vienna. Vertreten werden 13 K\u00fcnstlerinnen und K\u00fcnstler. Zum Gesch\u00e4ft geh\u00f6rt auch der Handel mit Arbeiten aus zweiter Hand, was den Betrieb vom reinen Ausstellungsbetrieb unterscheidet.<\/p>\n","protected":false},"excerpt":{"rendered":"<p>Die Galerie Galerie Lehner sitzt in Vienna. Vertreten werden 13 K\u00fcnstlerinnen und K\u00fcnstler. Zum Gesch\u00e4ft geh\u00f6rt auch der Handel mit Arbeiten aus zweiter Hand, was den Betrieb vom reinen Ausstellungsbetrieb unterscheidet.<\/p>\n","protected":false},"author":1,"featured_media":0,"template":"","meta":{"_acf_changed":false,"galerie_place_id":"ChIJh-Lku4QHbUcR6xjFU8NB_uA","galerie_address":"Getreidemarkt 1","galerie_city":"Vienna","galerie_zip":"1060","galerie_country":"AT","galerie_latitude":"48.2001607","galerie_longitude":"16.3652155","galerie_phone":"+431585462323","galerie_url":"http:\/\/www.galerielehner.at\/","galerie_domain":"www.galerielehner.at","galerie_rating_value":"3.9","galerie_rating_count":"15","galerie_galerist":"","galerie_gruendung":"","galerie_artists_url":"https:\/\/www.galerielehner.at\/de\/artist\/","galerie_about_url":"https:\/\/www.galerielehner.at\/de\/about-us\/","galerie_quelle_stadt":"Wien","galerie_werk_typ":"","galerie_online_shop":"","galerie_werk_signale":"","galerie_ranking_score":"10.4","galerie_ranking_rang":"183","galerie_claimed_by":""},"kuenstler":[8646,11542,11548,11541,11547,11543,11549,11540,11545,11539,11544,11546,11550],"galerie_stadt":[966],"galerie_typ":[],"galerie_land":[868],"class_list":["post-45907","galerie","type-galerie","status-publish","hentry","kuenstler-alex-amann","kuenstler-anna-maria-brandstaetter","kuenstler-august-wilhelm-dressler","kuenstler-bettina-beranek","kuenstler-daphne-dorel","kuenstler-franz-braun","kuenstler-franz-ecker","kuenstler-fritz-aigner","kuenstler-henri-deparade","kuenstler-kuenstler-der-galerie-lehner","kuenstler-maria-corte","kuenstler-steffi-deparade-becker","kuenstler-vilma-eckl","galerie_stadt-vienna","galerie_land-at"],"acf":[],"_links":{"self":[{"href":"https:\/\/contemporary-arts.de\/index.php\/wp-json\/wp\/v2\/galerie\/45907","targetHints":{"allow":["GET"]}}],"collection":[{"href":"https:\/\/contemporary-arts.de\/index.php\/wp-json\/wp\/v2\/galerie"}],"about":[{"href":"https:\/\/contemporary-arts.de\/index.php\/wp-json\/wp\/v2\/types\/galerie"}],"author":[{"embeddable":true,"href":"https:\/\/contemporary-arts.de\/index.php\/wp-json\/wp\/v2\/users\/1"}],"wp:attachment":[{"href":"https:\/\/contemporary-arts.de\/index.php\/wp-json\/wp\/v2\/media?parent=45907"}],"wp:term":[{"taxonomy":"kuenstler","embeddable":true,"href":"https:\/\/contemporary-arts.de\/index.php\/wp-json\/wp\/v2\/kuenstler?post=45907"},{"taxonomy":"galerie_stadt","embeddable":true,"href":"https:\/\/contemporary-arts.de\/index.php\/wp-json\/wp\/v2\/galerie_stadt?post=45907"},{"taxonomy":"galerie_typ","embeddable":true,"href":"https:\/\/contemporary-arts.de\/index.php\/wp-json\/wp\/v2\/galerie_typ?post=45907"},{"taxonomy":"galerie_land","embeddable":true,"href":"https:\/\/contemporary-arts.de\/index.php\/wp-json\/wp\/v2\/galerie_land?post=45907"}],"curies":[{"name":"wp","href":"https:\/\/api.w.org\/{rel}","templated":true}]}}

<p>Die Galerie Galerie Lehner sitzt in Vienna. Vertreten werden 13 Künstlerinnen und Künstler. Zum Geschäft gehört auch der Handel mit Arbeiten aus zweiter Hand, was den Betrieb vom reinen Ausstellungsbetrieb unterscheidet.</p>
