{"id":45891,"date":"2026-09-05T17:19:44","date_gmt":"2026-09-05T17:19:44","guid":{"rendered":"https:\/\/contemporary-arts.de\/?post_type=galerie&#038;p=45891"},"modified":"2026-09-05T17:19:44","modified_gmt":"2026-09-05T17:19:44","slug":"galerie-elisabeth-klaus-thoman","status":"publish","type":"galerie","link":"https:\/\/contemporary-arts.de\/index.php\/galerie\/galerie-elisabeth-klaus-thoman\/","title":{"rendered":"Galerie Elisabeth &amp; Klaus Thoman"},"content":{"rendered":"<p>Die Galerie Elisabeth und Klaus Thoman zeigt in Wien und Innsbruck zeitgen\u00f6ssische Positionen, darunter Herbert Brandl, Gunter Damisch und Bruno Gironcoli. Zum Programm geh\u00f6ren eigene Publikationen, die Galerie arbeitet also auch verlegerisch. Mit dieser Aufstellung z\u00e4hlt sie zu den etablierten Adressen f\u00fcr \u00f6sterreichische Gegenwartskunst.<\/p>\n","protected":false},"excerpt":{"rendered":"<p>Die Galerie Elisabeth und Klaus Thoman zeigt in Wien und Innsbruck zeitgen\u00f6ssische Positionen, darunter Herbert Brandl, Gunter Damisch und Bruno Gironcoli. Zum Programm geh\u00f6ren eigene Publikationen, die Galerie arbeitet also auch verlegerisch. Mit dieser Aufstellung z\u00e4hlt sie zu den etablierten Adressen f\u00fcr \u00f6sterreichische Gegenwartskunst.<\/p>\n","protected":false},"author":1,"featured_media":0,"template":"","meta":{"_acf_changed":false,"galerie_place_id":"ChIJR9h0Ep4HbUcReoczUKEs-90","galerie_address":"Seilerst\u00e4tte 7","galerie_city":"Vienna","galerie_zip":"1010","galerie_country":"AT","galerie_latitude":"48.2054272","galerie_longitude":"16.3754211","galerie_phone":"+4315120840","galerie_url":"http:\/\/www.galeriethoman.com\/","galerie_domain":"www.galeriethoman.com","galerie_rating_value":"4.7","galerie_rating_count":"21","galerie_galerist":"","galerie_gruendung":"","galerie_artists_url":"https:\/\/www.galeriethoman.com\/artists\/","galerie_about_url":"","galerie_quelle_stadt":"Wien","galerie_werk_typ":"","galerie_online_shop":"","galerie_werk_signale":"","galerie_ranking_score":"12.6","galerie_ranking_rang":"91","galerie_claimed_by":""},"kuenstler":[8950,8653,8946,8951,6360,8945,8949,8944,8947,8943,8809,8948],"galerie_stadt":[966],"galerie_typ":[],"galerie_land":[868],"class_list":["post-45891","galerie","type-galerie","status-publish","hentry","kuenstler-albrecht-fuchs","kuenstler-bruno-gironcoli","kuenstler-carmen-brucic","kuenstler-dieter-fuchs","kuenstler-gunter-damisch","kuenstler-herbert-brandl","kuenstler-johanna-freise","kuenstler-julia-bornefeld","kuenstler-maria-brunner","kuenstler-sarah-bechter","kuenstler-siegfried-anzinger","kuenstler-thomas-feuerstein","galerie_stadt-vienna","galerie_land-at"],"acf":[],"_links":{"self":[{"href":"https:\/\/contemporary-arts.de\/index.php\/wp-json\/wp\/v2\/galerie\/45891","targetHints":{"allow":["GET"]}}],"collection":[{"href":"https:\/\/contemporary-arts.de\/index.php\/wp-json\/wp\/v2\/galerie"}],"about":[{"href":"https:\/\/contemporary-arts.de\/index.php\/wp-json\/wp\/v2\/types\/galerie"}],"author":[{"embeddable":true,"href":"https:\/\/contemporary-arts.de\/index.php\/wp-json\/wp\/v2\/users\/1"}],"wp:attachment":[{"href":"https:\/\/contemporary-arts.de\/index.php\/wp-json\/wp\/v2\/media?parent=45891"}],"wp:term":[{"taxonomy":"kuenstler","embeddable":true,"href":"https:\/\/contemporary-arts.de\/index.php\/wp-json\/wp\/v2\/kuenstler?post=45891"},{"taxonomy":"galerie_stadt","embeddable":true,"href":"https:\/\/contemporary-arts.de\/index.php\/wp-json\/wp\/v2\/galerie_stadt?post=45891"},{"taxonomy":"galerie_typ","embeddable":true,"href":"https:\/\/contemporary-arts.de\/index.php\/wp-json\/wp\/v2\/galerie_typ?post=45891"},{"taxonomy":"galerie_land","embeddable":true,"href":"https:\/\/contemporary-arts.de\/index.php\/wp-json\/wp\/v2\/galerie_land?post=45891"}],"curies":[{"name":"wp","href":"https:\/\/api.w.org\/{rel}","templated":true}]}}

<p>Die Galerie Elisabeth und Klaus Thoman zeigt in Wien und Innsbruck zeitgenössische Positionen, darunter Herbert Brandl, Gunter Damisch und Bruno Gironcoli. Zum Programm gehören eigene Publikationen, die Galerie arbeitet also auch verlegerisch. Mit dieser Aufstellung zählt sie zu den etablierten Adressen für österreichische Gegenwartskunst.</p>

Seilerstätte 7
