{"id":45784,"date":"2026-09-06T10:51:50","date_gmt":"2026-09-06T10:51:50","guid":{"rendered":"https:\/\/contemporary-arts.de\/?post_type=galerie&#038;p=45784"},"modified":"2026-09-06T12:34:23","modified_gmt":"2026-09-06T12:34:23","slug":"amart-austrian-modern-art-galerie-fuer-moderne-kunst","status":"publish","type":"galerie","link":"https:\/\/contemporary-arts.de\/index.php\/galerie\/amart-austrian-modern-art-galerie-fuer-moderne-kunst\/","title":{"rendered":"Amart Austrian Modern Art &#8211; Galerie f\u00fcr moderne Kunst"},"content":{"rendered":"<p>Amart Austrian Modern Art &#8211; Galerie f\u00fcr moderne Kunst zeigt in Vienna vor allem Malerei und Skulptur. Zum Programm geh\u00f6ren 22 K\u00fcnstlerinnen und K\u00fcnstler. Zum Gesch\u00e4ft geh\u00f6rt auch der Handel mit Arbeiten aus zweiter Hand, was den Betrieb vom reinen Ausstellungsbetrieb unterscheidet.<\/p>\n","protected":false},"excerpt":{"rendered":"<p>Amart Austrian Modern Art &#8211; Galerie f\u00fcr moderne Kunst zeigt in Vienna vor allem Malerei und Skulptur. Zum Programm geh\u00f6ren 22 K\u00fcnstlerinnen und K\u00fcnstler. Zum Gesch\u00e4ft geh\u00f6rt auch der Handel mit Arbeiten aus zweiter Hand, was den Betrieb vom reinen Ausstellungsbetrieb unterscheidet.<\/p>\n","protected":false},"author":1,"featured_media":0,"template":"","meta":{"_acf_changed":false,"galerie_place_id":"ChIJmUDuKIEHbUcRs6B9ogkbB7k","galerie_address":"Halbgasse 17","galerie_city":"Vienna","galerie_zip":"1070","galerie_country":"AT","galerie_latitude":"48.2048739","galerie_longitude":"16.341398","galerie_phone":"+436764681896","galerie_url":"http:\/\/www.amart.at\/","galerie_domain":"www.amart.at","galerie_rating_value":"4.9","galerie_rating_count":"14","galerie_galerist":"","galerie_gruendung":"","galerie_artists_url":"http:\/\/www.amart.at\/k\u00fcnstlerinnen\/","galerie_about_url":"http:\/\/www.amart.at\/\u00fcber-amart\/","galerie_quelle_stadt":"Wien","galerie_werk_typ":"","galerie_online_shop":"","galerie_werk_signale":"","galerie_ranking_score":"9.4","galerie_ranking_rang":"260","galerie_claimed_by":""},"kuenstler":[9859,1669,11619,11931,11932,11938,9053,11288,11935,11936,9094,9500,10748,11934,1813,11933,2767,11930,6404,1655,11937,8187],"galerie_stadt":[966],"galerie_typ":[],"galerie_land":[868],"class_list":["post-45784","galerie","type-galerie","status-publish","hentry","kuenstler-alfred-klinkan","kuenstler-antoni-tapies","kuenstler-billi-thanner","kuenstler-burkhard-legenstein","kuenstler-gottfried-mairwoeger","kuenstler-gottfried-mairwoeger-buch","kuenstler-harald-gangl","kuenstler-helmut-swoboda","kuenstler-hermann-staudinger","kuenstler-jan-valik","kuenstler-joanna-gleich","kuenstler-katharina-prantl","kuenstler-linde-waber","kuenstler-maria-moser","kuenstler-paul-jenkins","kuenstler-peter-marquant","kuenstler-pierre-soulages","kuenstler-rayk-goetze","kuenstler-robert-motherwell","kuenstler-serge-poliakoff","kuenstler-ueber-amart","kuenstler-vertrag-widerrufen","galerie_stadt-vienna","galerie_land-at"],"acf":[],"_links":{"self":[{"href":"https:\/\/contemporary-arts.de\/index.php\/wp-json\/wp\/v2\/galerie\/45784","targetHints":{"allow":["GET"]}}],"collection":[{"href":"https:\/\/contemporary-arts.de\/index.php\/wp-json\/wp\/v2\/galerie"}],"about":[{"href":"https:\/\/contemporary-arts.de\/index.php\/wp-json\/wp\/v2\/types\/galerie"}],"author":[{"embeddable":true,"href":"https:\/\/contemporary-arts.de\/index.php\/wp-json\/wp\/v2\/users\/1"}],"wp:attachment":[{"href":"https:\/\/contemporary-arts.de\/index.php\/wp-json\/wp\/v2\/media?parent=45784"}],"wp:term":[{"taxonomy":"kuenstler","embeddable":true,"href":"https:\/\/contemporary-arts.de\/index.php\/wp-json\/wp\/v2\/kuenstler?post=45784"},{"taxonomy":"galerie_stadt","embeddable":true,"href":"https:\/\/contemporary-arts.de\/index.php\/wp-json\/wp\/v2\/galerie_stadt?post=45784"},{"taxonomy":"galerie_typ","embeddable":true,"href":"https:\/\/contemporary-arts.de\/index.php\/wp-json\/wp\/v2\/galerie_typ?post=45784"},{"taxonomy":"galerie_land","embeddable":true,"href":"https:\/\/contemporary-arts.de\/index.php\/wp-json\/wp\/v2\/galerie_land?post=45784"}],"curies":[{"name":"wp","href":"https:\/\/api.w.org\/{rel}","templated":true}]}}

Amart Austrian Modern Art &#8211; Galerie für moderne Kunst

<p>Amart Austrian Modern Art &#8211; Galerie für moderne Kunst zeigt in Vienna vor allem Malerei und Skulptur. Zum Programm gehören 22 Künstlerinnen und Künstler. Zum Geschäft gehört auch der Handel mit Arbeiten aus zweiter Hand, was den Betrieb vom reinen Ausstellungsbetrieb unterscheidet.</p>

http://www.amart.at/künstlerinnen/

http://www.amart.at/über-amart/
