{"id":45748,"date":"2026-09-05T17:19:44","date_gmt":"2026-09-05T17:19:44","guid":{"rendered":"https:\/\/contemporary-arts.de\/?post_type=galerie&#038;p=45748"},"modified":"2026-09-05T17:19:44","modified_gmt":"2026-09-05T17:19:44","slug":"kunsthandel-giese-and-schweiger","status":"publish","type":"galerie","link":"https:\/\/contemporary-arts.de\/index.php\/galerie\/kunsthandel-giese-and-schweiger\/","title":{"rendered":"Kunsthandel Giese and Schweiger"},"content":{"rendered":"<p>Giese und Schweiger handeln in Wien mit \u00f6sterreichischer Kunst vom 19. Jahrhundert bis in die Gegenwart und betreuen Nachl\u00e4sse. Zum Angebot geh\u00f6ren Expertisen und ein eigener Podcast zur Kunstgeschichte. Es ist Kunsthandel und keine Programmgalerie, der Schwerpunkt liegt entsprechend auf gesicherten Namen statt auf Entdeckungen.<\/p>\n","protected":false},"excerpt":{"rendered":"<p>Giese und Schweiger handeln in Wien mit \u00f6sterreichischer Kunst vom 19. Jahrhundert bis in die Gegenwart und betreuen Nachl\u00e4sse. Zum Angebot geh\u00f6ren Expertisen und ein eigener Podcast zur Kunstgeschichte. Es ist Kunsthandel und keine Programmgalerie, der Schwerpunkt liegt entsprechend auf gesicherten Namen statt auf Entdeckungen.<\/p>\n","protected":false},"author":1,"featured_media":0,"template":"","meta":{"_acf_changed":false,"galerie_place_id":"ChIJu7Ujsp0HbUcR7j2YwZk8KK0","galerie_address":"Akademiestr. 1A","galerie_city":"Vienna","galerie_zip":"1010","galerie_country":"AT","galerie_latitude":"48.203291","galerie_longitude":"16.3723181","galerie_phone":"+4315131843","galerie_url":"http:\/\/www.gieseundschweiger.at\/","galerie_domain":"www.gieseundschweiger.at","galerie_rating_value":"4.6","galerie_rating_count":"19","galerie_galerist":"","galerie_gruendung":"","galerie_artists_url":"http:\/\/www.gieseundschweiger.at\/artists\/","galerie_about_url":"","galerie_quelle_stadt":"Wien","galerie_werk_typ":"","galerie_online_shop":"","galerie_werk_signale":"","galerie_ranking_score":"10.7","galerie_ranking_rang":"169","galerie_claimed_by":""},"kuenstler":[12105,12104,12102,12100,12099,12103,12101,8809,12106],"galerie_stadt":[966],"galerie_typ":[],"galerie_land":[868],"class_list":["post-45748","galerie","type-galerie","status-publish","hentry","kuenstler-eugen-von-blaas","kuenstler-ferdinand-andri","kuenstler-friedrich-von-amerling","kuenstler-jakob-alt","kuenstler-kurt-absolon","kuenstler-robin-christian-andersen","kuenstler-rudolf-von-alt","kuenstler-siegfried-anzinger","kuenstler-tina-blau","galerie_stadt-vienna","galerie_land-at"],"acf":[],"_links":{"self":[{"href":"https:\/\/contemporary-arts.de\/index.php\/wp-json\/wp\/v2\/galerie\/45748","targetHints":{"allow":["GET"]}}],"collection":[{"href":"https:\/\/contemporary-arts.de\/index.php\/wp-json\/wp\/v2\/galerie"}],"about":[{"href":"https:\/\/contemporary-arts.de\/index.php\/wp-json\/wp\/v2\/types\/galerie"}],"author":[{"embeddable":true,"href":"https:\/\/contemporary-arts.de\/index.php\/wp-json\/wp\/v2\/users\/1"}],"wp:attachment":[{"href":"https:\/\/contemporary-arts.de\/index.php\/wp-json\/wp\/v2\/media?parent=45748"}],"wp:term":[{"taxonomy":"kuenstler","embeddable":true,"href":"https:\/\/contemporary-arts.de\/index.php\/wp-json\/wp\/v2\/kuenstler?post=45748"},{"taxonomy":"galerie_stadt","embeddable":true,"href":"https:\/\/contemporary-arts.de\/index.php\/wp-json\/wp\/v2\/galerie_stadt?post=45748"},{"taxonomy":"galerie_typ","embeddable":true,"href":"https:\/\/contemporary-arts.de\/index.php\/wp-json\/wp\/v2\/galerie_typ?post=45748"},{"taxonomy":"galerie_land","embeddable":true,"href":"https:\/\/contemporary-arts.de\/index.php\/wp-json\/wp\/v2\/galerie_land?post=45748"}],"curies":[{"name":"wp","href":"https:\/\/api.w.org\/{rel}","templated":true}]}}

<p>Giese und Schweiger handeln in Wien mit österreichischer Kunst vom 19. Jahrhundert bis in die Gegenwart und betreuen Nachlässe. Zum Angebot gehören Expertisen und ein eigener Podcast zur Kunstgeschichte. Es ist Kunsthandel und keine Programmgalerie, der Schwerpunkt liegt entsprechend auf gesicherten Namen statt auf Entdeckungen.</p>
