{"id":45715,"date":"2026-09-06T10:51:52","date_gmt":"2026-09-06T10:51:52","guid":{"rendered":"https:\/\/contemporary-arts.de\/?post_type=galerie&#038;p=45715"},"modified":"2026-09-06T12:34:52","modified_gmt":"2026-09-06T12:34:52","slug":"galerie-konzett","status":"publish","type":"galerie","link":"https:\/\/contemporary-arts.de\/index.php\/galerie\/galerie-konzett\/","title":{"rendered":"Galerie Konzett"},"content":{"rendered":"<p>In Vienna zeigt Galerie Konzett \u00fcberwiegend Fotografie. Vertreten werden 29 K\u00fcnstlerinnen und K\u00fcnstler.<\/p>\n","protected":false},"excerpt":{"rendered":"<p>In Vienna zeigt Galerie Konzett \u00fcberwiegend Fotografie. Vertreten werden 29 K\u00fcnstlerinnen und K\u00fcnstler.<\/p>\n","protected":false},"author":1,"featured_media":0,"template":"","meta":{"_acf_changed":false,"galerie_place_id":"ChIJE1xxTpkHbUcR6mVQazdkPxA","galerie_address":"Gluckgasse 3\/12","galerie_city":"Vienna","galerie_zip":"1010","galerie_country":"AT","galerie_latitude":"48.2053781","galerie_longitude":"16.3693152","galerie_phone":"+4315130103","galerie_url":"http:\/\/www.artkonzett.com\/","galerie_domain":"www.artkonzett.com","galerie_rating_value":"4.8","galerie_rating_count":"6","galerie_galerist":"","galerie_gruendung":"","galerie_artists_url":"http:\/\/www.artkonzett.com\/en\/artists\/","galerie_about_url":"","galerie_quelle_stadt":"Wien","galerie_werk_typ":"","galerie_online_shop":"","galerie_werk_signale":"","galerie_ranking_score":"10.9","galerie_ranking_rang":"157","galerie_claimed_by":""},"kuenstler":[8068,10937,8664,8082,5489,12198,5127,8819,12208,12209,3817,12204,12200,12202,4150,12206,6204,12207,7183,8662,12201,8147,12203,10187,12205,4864,11776,12197,12199],"galerie_stadt":[966],"galerie_typ":[],"galerie_land":[868],"class_list":["post-45715","galerie","type-galerie","status-publish","hentry","kuenstler-albert-mayr","kuenstler-alfons-schilling","kuenstler-arnulf-rainer","kuenstler-christian-eisenberger","kuenstler-dieter-roth","kuenstler-dvora-barzilai","kuenstler-franz-west","kuenstler-guenter-brus","kuenstler-hans-weigand","kuenstler-heimo-zobernig","kuenstler-hermann-nitsch","kuenstler-hofstetter-kurt","kuenstler-jenny-feldmann","kuenstler-johann-hauser","kuenstler-joseph-beuys","kuenstler-kurt-kren","kuenstler-martin-kippenberger","kuenstler-michael-schuster","kuenstler-miroslav-tichy","kuenstler-otto-muehl","kuenstler-padhi-frieberger","kuenstler-paul-renner","kuenstler-richard-hoeck","kuenstler-rita-nowak","kuenstler-robert-klemmer","kuenstler-rudolf-polanszky","kuenstler-rudolf-schwarzkogler","kuenstler-skip-navigation","kuenstler-wolfgang-ernst","galerie_stadt-vienna","galerie_land-at"],"acf":[],"_links":{"self":[{"href":"https:\/\/contemporary-arts.de\/index.php\/wp-json\/wp\/v2\/galerie\/45715","targetHints":{"allow":["GET"]}}],"collection":[{"href":"https:\/\/contemporary-arts.de\/index.php\/wp-json\/wp\/v2\/galerie"}],"about":[{"href":"https:\/\/contemporary-arts.de\/index.php\/wp-json\/wp\/v2\/types\/galerie"}],"author":[{"embeddable":true,"href":"https:\/\/contemporary-arts.de\/index.php\/wp-json\/wp\/v2\/users\/1"}],"wp:attachment":[{"href":"https:\/\/contemporary-arts.de\/index.php\/wp-json\/wp\/v2\/media?parent=45715"}],"wp:term":[{"taxonomy":"kuenstler","embeddable":true,"href":"https:\/\/contemporary-arts.de\/index.php\/wp-json\/wp\/v2\/kuenstler?post=45715"},{"taxonomy":"galerie_stadt","embeddable":true,"href":"https:\/\/contemporary-arts.de\/index.php\/wp-json\/wp\/v2\/galerie_stadt?post=45715"},{"taxonomy":"galerie_typ","embeddable":true,"href":"https:\/\/contemporary-arts.de\/index.php\/wp-json\/wp\/v2\/galerie_typ?post=45715"},{"taxonomy":"galerie_land","embeddable":true,"href":"https:\/\/contemporary-arts.de\/index.php\/wp-json\/wp\/v2\/galerie_land?post=45715"}],"curies":[{"name":"wp","href":"https:\/\/api.w.org\/{rel}","templated":true}]}}

<p>In Vienna zeigt Galerie Konzett überwiegend Fotografie. Vertreten werden 29 Künstlerinnen und Künstler.</p>
