{"id":45672,"date":"2026-09-06T10:51:53","date_gmt":"2026-09-06T10:51:53","guid":{"rendered":"https:\/\/contemporary-arts.de\/?post_type=galerie&#038;p=45672"},"modified":"2026-09-06T12:34:59","modified_gmt":"2026-09-06T12:34:59","slug":"barvinskyi-art-gallery","status":"publish","type":"galerie","link":"https:\/\/contemporary-arts.de\/index.php\/galerie\/barvinskyi-art-gallery\/","title":{"rendered":"Barvinskyi Art Gallery"},"content":{"rendered":"<p>Die Galerie Barvinskyi Art Gallery sitzt in Vienna. Zum Programm geh\u00f6ren 37 K\u00fcnstlerinnen und K\u00fcnstler. Der Blick geht dabei eher auf j\u00fcngere Positionen als auf etablierte Namen.<\/p>\n","protected":false},"excerpt":{"rendered":"<p>Die Galerie Barvinskyi Art Gallery sitzt in Vienna. Zum Programm geh\u00f6ren 37 K\u00fcnstlerinnen und K\u00fcnstler. Der Blick geht dabei eher auf j\u00fcngere Positionen als auf etablierte Namen.<\/p>\n","protected":false},"author":1,"featured_media":0,"template":"","meta":{"_acf_changed":false,"galerie_place_id":"ChIJZTSwuhAHbUcRargIE6rKXZQ","galerie_address":"Seilerst\u00e4tte 30","galerie_city":"Vienna","galerie_zip":"1010","galerie_country":"AT","galerie_latitude":"48.2039435","galerie_longitude":"16.3732899","galerie_phone":"+436642562464","galerie_url":"https:\/\/www.barvinskyi.gallery\/","galerie_domain":"www.barvinskyi.gallery","galerie_rating_value":"4.8","galerie_rating_count":"5","galerie_galerist":"","galerie_gruendung":"","galerie_artists_url":"https:\/\/www.barvinskyi.gallery\/artists","galerie_about_url":"https:\/\/www.barvinskyi.gallery\/about","galerie_quelle_stadt":"Wien","galerie_werk_typ":"","galerie_online_shop":"","galerie_werk_signale":"","galerie_ranking_score":"8","galerie_ranking_rang":"406","galerie_claimed_by":""},"kuenstler":[12427,12428,12426,12429,12430,1508,12431,12432,12457,12433,12434,12435,12436,12437,12438,12439,12440,12441,2701,12442,12443,11686,12444,12445,12446,12447,12448,12449,10604,12450,12451,1767,12452,12453,12454,12455,12456],"galerie_stadt":[966],"galerie_typ":[],"galerie_land":[868],"class_list":["post-45672","galerie","type-galerie","status-publish","hentry","kuenstler-alessandro-del-pero","kuenstler-alexandra-feusi","kuenstler-alina-grabovsky","kuenstler-alina-sokolova","kuenstler-amanda-von-canada","kuenstler-art-fairs","kuenstler-barbara-moura","kuenstler-barbara-tunkowitsch","kuenstler-barvinskyi-art-gallery","kuenstler-coco-fusco","kuenstler-elham-hadian","kuenstler-eloise-ettore","kuenstler-enar-de-dios-rodriguez","kuenstler-farniyaz-zaker","kuenstler-florian-appelt","kuenstler-jasmina-cibic","kuenstler-javier-carro-temboury","kuenstler-johanna-lakner","kuenstler-join-our-mailing-list","kuenstler-joseph-sakoilsky","kuenstler-judith-wagner","kuenstler-kata-oelschlaegel","kuenstler-katharina-biser","kuenstler-katharina-cibulka","kuenstler-kostya-tonev","kuenstler-lara-verena-bellenghi","kuenstler-magdalena-maller","kuenstler-maximiliano-leon","kuenstler-michela-ghisetti","kuenstler-nikola-milojcevic","kuenstler-pablo-chiereghin","kuenstler-privacy-policy","kuenstler-ryts-monet","kuenstler-sarah-muehlbacher","kuenstler-spasi-sohrani","kuenstler-viktor-freso","kuenstler-ville-kylaetasku","galerie_stadt-vienna","galerie_land-at"],"acf":[],"_links":{"self":[{"href":"https:\/\/contemporary-arts.de\/index.php\/wp-json\/wp\/v2\/galerie\/45672","targetHints":{"allow":["GET"]}}],"collection":[{"href":"https:\/\/contemporary-arts.de\/index.php\/wp-json\/wp\/v2\/galerie"}],"about":[{"href":"https:\/\/contemporary-arts.de\/index.php\/wp-json\/wp\/v2\/types\/galerie"}],"author":[{"embeddable":true,"href":"https:\/\/contemporary-arts.de\/index.php\/wp-json\/wp\/v2\/users\/1"}],"wp:attachment":[{"href":"https:\/\/contemporary-arts.de\/index.php\/wp-json\/wp\/v2\/media?parent=45672"}],"wp:term":[{"taxonomy":"kuenstler","embeddable":true,"href":"https:\/\/contemporary-arts.de\/index.php\/wp-json\/wp\/v2\/kuenstler?post=45672"},{"taxonomy":"galerie_stadt","embeddable":true,"href":"https:\/\/contemporary-arts.de\/index.php\/wp-json\/wp\/v2\/galerie_stadt?post=45672"},{"taxonomy":"galerie_typ","embeddable":true,"href":"https:\/\/contemporary-arts.de\/index.php\/wp-json\/wp\/v2\/galerie_typ?post=45672"},{"taxonomy":"galerie_land","embeddable":true,"href":"https:\/\/contemporary-arts.de\/index.php\/wp-json\/wp\/v2\/galerie_land?post=45672"}],"curies":[{"name":"wp","href":"https:\/\/api.w.org\/{rel}","templated":true}]}}

<p>Die Galerie Barvinskyi Art Gallery sitzt in Vienna. Zum Programm gehören 37 Künstlerinnen und Künstler. Der Blick geht dabei eher auf jüngere Positionen als auf etablierte Namen.</p>

Seilerstätte 30
