{"id":45642,"date":"2026-09-06T10:51:53","date_gmt":"2026-09-06T10:51:53","guid":{"rendered":"https:\/\/contemporary-arts.de\/?post_type=galerie&#038;p=45642"},"modified":"2026-09-06T12:37:40","modified_gmt":"2026-09-06T12:37:40","slug":"halle13-gallery","status":"publish","type":"galerie","link":"https:\/\/contemporary-arts.de\/index.php\/galerie\/halle13-gallery\/","title":{"rendered":"HALLE13 Gallery"},"content":{"rendered":"<p>Die Galerie HALLE13 Gallery sitzt in Vienna. Zum Programm geh\u00f6ren 5 K\u00fcnstlerinnen und K\u00fcnstler.<\/p>\n","protected":false},"excerpt":{"rendered":"<p>Die Galerie HALLE13 Gallery sitzt in Vienna. Zum Programm geh\u00f6ren 5 K\u00fcnstlerinnen und K\u00fcnstler.<\/p>\n","protected":false},"author":1,"featured_media":0,"template":"","meta":{"_acf_changed":false,"galerie_place_id":"ChIJuWBQ1-YHbUcRH6Z-Te-y_Yo","galerie_address":"Elisabethstra\u00dfe 13, Tur 3","galerie_city":"Vienna","galerie_zip":"1010","galerie_country":"AT","galerie_latitude":"48.2026233","galerie_longitude":"16.3640014","galerie_phone":"","galerie_url":"http:\/\/halle13.net\/","galerie_domain":"halle13.net","galerie_rating_value":"5","galerie_rating_count":"2","galerie_galerist":"","galerie_gruendung":"","galerie_artists_url":"http:\/\/halle13.net\/exhibitions\/25-relationen\/","galerie_about_url":"","galerie_quelle_stadt":"Wien","galerie_werk_typ":"","galerie_online_shop":"","galerie_werk_signale":"","galerie_ranking_score":"9","galerie_ranking_rang":"296","galerie_claimed_by":""},"kuenstler":[12458,12459,1509,1554,1506],"galerie_stadt":[966],"galerie_typ":[],"galerie_land":[868],"class_list":["post-45642","galerie","type-galerie","status-publish","hentry","kuenstler-halle13-halle13","kuenstler-installation-views","kuenstler-item-added-to-cart","kuenstler-site-by-artlogic","kuenstler-skip-to-main-content","galerie_stadt-vienna","galerie_land-at"],"acf":[],"_links":{"self":[{"href":"https:\/\/contemporary-arts.de\/index.php\/wp-json\/wp\/v2\/galerie\/45642","targetHints":{"allow":["GET"]}}],"collection":[{"href":"https:\/\/contemporary-arts.de\/index.php\/wp-json\/wp\/v2\/galerie"}],"about":[{"href":"https:\/\/contemporary-arts.de\/index.php\/wp-json\/wp\/v2\/types\/galerie"}],"author":[{"embeddable":true,"href":"https:\/\/contemporary-arts.de\/index.php\/wp-json\/wp\/v2\/users\/1"}],"wp:attachment":[{"href":"https:\/\/contemporary-arts.de\/index.php\/wp-json\/wp\/v2\/media?parent=45642"}],"wp:term":[{"taxonomy":"kuenstler","embeddable":true,"href":"https:\/\/contemporary-arts.de\/index.php\/wp-json\/wp\/v2\/kuenstler?post=45642"},{"taxonomy":"galerie_stadt","embeddable":true,"href":"https:\/\/contemporary-arts.de\/index.php\/wp-json\/wp\/v2\/galerie_stadt?post=45642"},{"taxonomy":"galerie_typ","embeddable":true,"href":"https:\/\/contemporary-arts.de\/index.php\/wp-json\/wp\/v2\/galerie_typ?post=45642"},{"taxonomy":"galerie_land","embeddable":true,"href":"https:\/\/contemporary-arts.de\/index.php\/wp-json\/wp\/v2\/galerie_land?post=45642"}],"curies":[{"name":"wp","href":"https:\/\/api.w.org\/{rel}","templated":true}]}}

<p>Die Galerie HALLE13 Gallery sitzt in Vienna. Zum Programm gehören 5 Künstlerinnen und Künstler.</p>

Elisabethstraße 13, Tur 3
