{"id":45550,"date":"2026-09-06T10:52:01","date_gmt":"2026-09-06T10:52:01","guid":{"rendered":"https:\/\/contemporary-arts.de\/?post_type=galerie&#038;p=45550"},"modified":"2026-09-06T12:35:03","modified_gmt":"2026-09-06T12:35:03","slug":"galerie-ruesch","status":"publish","type":"galerie","link":"https:\/\/contemporary-arts.de\/index.php\/galerie\/galerie-ruesch\/","title":{"rendered":"Galerie R\u00fcsch"},"content":{"rendered":"<p>Galerie R\u00fcsch ist eine Galerie in Gleisweiler. Gezeigt werden Arbeiten von 39 K\u00fcnstlerinnen und K\u00fcnstlern.<\/p>\n","protected":false},"excerpt":{"rendered":"<p>Galerie R\u00fcsch ist eine Galerie in Gleisweiler. Gezeigt werden Arbeiten von 39 K\u00fcnstlerinnen und K\u00fcnstlern.<\/p>\n","protected":false},"author":1,"featured_media":0,"template":"","meta":{"_acf_changed":false,"galerie_place_id":"ChIJLZVcbxiPsUcRHRWEAgQdbd8","galerie_address":"Hauptstra\u00dfe 9","galerie_city":"Gleisweiler","galerie_zip":"76835","galerie_country":"DE","galerie_latitude":"49.2417679","galerie_longitude":"8.0663457","galerie_phone":"+491749123660","galerie_url":"http:\/\/www.galerie-ruesch.de\/","galerie_domain":"www.galerie-ruesch.de","galerie_rating_value":"4","galerie_rating_count":"4","galerie_galerist":"","galerie_gruendung":"","galerie_artists_url":"https:\/\/www.galerie-ruesch.de\/kuenstler\/","galerie_about_url":"","galerie_quelle_stadt":"Landau in der Pfalz","galerie_werk_typ":"","galerie_online_shop":"","galerie_werk_signale":"","galerie_ranking_score":"0","galerie_ranking_rang":"2982","galerie_claimed_by":""},"kuenstler":[2215,9174,6252,12568,12565,5598,12561,1909,1903,12571,12557,12563,12562,12569,12553,12572,1612,12564,1658,12552,9154,9183,9152,9171,12570,12567,12560,12549,12566,12554,3130,12550,1678,9151,12556,12555,12551,12558,12559],"galerie_stadt":[928],"galerie_typ":[],"galerie_land":[49],"class_list":["post-45550","galerie","type-galerie","status-publish","hentry","kuenstler-alle-kuenstler","kuenstler-christian-henze","kuenstler-christian-sommer","kuenstler-christian-stemmeler","kuenstler-david-schneuer","kuenstler-devin-miles","kuenstler-fabien-novarino","kuenstler-guenther-uecker","kuenstler-heinz-mack","kuenstler-helma-wolff","kuenstler-horst-janssen","kuenstler-hub-peters","kuenstler-inna-panasenko","kuenstler-itzchak-tarkay","kuenstler-joerg-extra","kuenstler-juane-xue","kuenstler-marc-chagall","kuenstler-mechtild-runde-witjes","kuenstler-mel-ramos","kuenstler-michael-eisemann","kuenstler-michel-friess","kuenstler-otmar-alt","kuenstler-otto-waalkes","kuenstler-peter-linnenbrink","kuenstler-peter-witt","kuenstler-petra-jacobsen","kuenstler-rafael-neff","kuenstler-robert-arato","kuenstler-robert-sgarra","kuenstler-sabine-gerke","kuenstler-salvador-dali","kuenstler-stefan-dobritz","kuenstler-tom-wesselmann","kuenstler-udo-lindenberg","kuenstler-ute-hillenbrand","kuenstler-uwe-herbst","kuenstler-wilhelm-eberhardt","kuenstler-willi-kissmer","kuenstler-yulia-muravyeva","galerie_stadt-gleisweiler","galerie_land-de"],"acf":[],"_links":{"self":[{"href":"https:\/\/contemporary-arts.de\/index.php\/wp-json\/wp\/v2\/galerie\/45550","targetHints":{"allow":["GET"]}}],"collection":[{"href":"https:\/\/contemporary-arts.de\/index.php\/wp-json\/wp\/v2\/galerie"}],"about":[{"href":"https:\/\/contemporary-arts.de\/index.php\/wp-json\/wp\/v2\/types\/galerie"}],"author":[{"embeddable":true,"href":"https:\/\/contemporary-arts.de\/index.php\/wp-json\/wp\/v2\/users\/1"}],"wp:attachment":[{"href":"https:\/\/contemporary-arts.de\/index.php\/wp-json\/wp\/v2\/media?parent=45550"}],"wp:term":[{"taxonomy":"kuenstler","embeddable":true,"href":"https:\/\/contemporary-arts.de\/index.php\/wp-json\/wp\/v2\/kuenstler?post=45550"},{"taxonomy":"galerie_stadt","embeddable":true,"href":"https:\/\/contemporary-arts.de\/index.php\/wp-json\/wp\/v2\/galerie_stadt?post=45550"},{"taxonomy":"galerie_typ","embeddable":true,"href":"https:\/\/contemporary-arts.de\/index.php\/wp-json\/wp\/v2\/galerie_typ?post=45550"},{"taxonomy":"galerie_land","embeddable":true,"href":"https:\/\/contemporary-arts.de\/index.php\/wp-json\/wp\/v2\/galerie_land?post=45550"}],"curies":[{"name":"wp","href":"https:\/\/api.w.org\/{rel}","templated":true}]}}

Galerie Rüsch

<p>Galerie Rüsch ist eine Galerie in Gleisweiler. Gezeigt werden Arbeiten von 39 Künstlerinnen und Künstlern.</p>

Hauptstraße 9
