{"id":45525,"date":"2026-09-06T10:52:02","date_gmt":"2026-09-06T10:52:02","guid":{"rendered":"https:\/\/contemporary-arts.de\/?post_type=galerie&#038;p=45525"},"modified":"2026-09-06T12:32:42","modified_gmt":"2026-09-06T12:32:42","slug":"schafhof-europaeisches-kunstforum-oberbayern","status":"publish","type":"galerie","link":"https:\/\/contemporary-arts.de\/index.php\/galerie\/schafhof-europaeisches-kunstforum-oberbayern\/","title":{"rendered":"Schafhof-Europ\u00e4isches Kunstforum Oberbayern"},"content":{"rendered":"<p>Gezeigt wird bei Schafhof-Europ\u00e4isches Kunstforum Oberbayern in Freising \u00fcberwiegend Skulptur. Das Programm umfasst 4 Positionen.<\/p>\n","protected":false},"excerpt":{"rendered":"<p>Gezeigt wird bei Schafhof-Europ\u00e4isches Kunstforum Oberbayern in Freising \u00fcberwiegend Skulptur. Das Programm umfasst 4 Positionen.<\/p>\n","protected":false},"author":1,"featured_media":0,"template":"","meta":{"_acf_changed":false,"galerie_place_id":"ChIJGeZTXuVqnkcR3nrtZojkxP4","galerie_address":"Am Schafhof 1","galerie_city":"Freising","galerie_zip":"85354","galerie_country":"DE","galerie_latitude":"48.4114001","galerie_longitude":"11.729783","galerie_phone":"+498161146231","galerie_url":"https:\/\/www.schafhof-kuenstlerhaus.de\/","galerie_domain":"www.schafhof-kuenstlerhaus.de","galerie_rating_value":"4.4","galerie_rating_count":"321","galerie_galerist":"","galerie_gruendung":"","galerie_artists_url":"https:\/\/www.schafhof-kuenstlerhaus.de\/Residenzprogramm\/Aktuell-Vorschau\/","galerie_about_url":"","galerie_quelle_stadt":"Freising","galerie_werk_typ":"","galerie_online_shop":"","galerie_werk_signale":"","galerie_ranking_score":"0","galerie_ranking_rang":"3004","galerie_claimed_by":""},"kuenstler":[12600,12601,12599,12598],"galerie_stadt":[916],"galerie_typ":[],"galerie_land":[49],"class_list":["post-45525","galerie","type-galerie","status-publish","hentry","kuenstler-aktuell-test","kuenstler-ein-problem-melden","kuenstler-kino-im-schafhof","kuenstler-leichte-sprache","galerie_stadt-freising","galerie_land-de"],"acf":[],"_links":{"self":[{"href":"https:\/\/contemporary-arts.de\/index.php\/wp-json\/wp\/v2\/galerie\/45525","targetHints":{"allow":["GET"]}}],"collection":[{"href":"https:\/\/contemporary-arts.de\/index.php\/wp-json\/wp\/v2\/galerie"}],"about":[{"href":"https:\/\/contemporary-arts.de\/index.php\/wp-json\/wp\/v2\/types\/galerie"}],"author":[{"embeddable":true,"href":"https:\/\/contemporary-arts.de\/index.php\/wp-json\/wp\/v2\/users\/1"}],"wp:attachment":[{"href":"https:\/\/contemporary-arts.de\/index.php\/wp-json\/wp\/v2\/media?parent=45525"}],"wp:term":[{"taxonomy":"kuenstler","embeddable":true,"href":"https:\/\/contemporary-arts.de\/index.php\/wp-json\/wp\/v2\/kuenstler?post=45525"},{"taxonomy":"galerie_stadt","embeddable":true,"href":"https:\/\/contemporary-arts.de\/index.php\/wp-json\/wp\/v2\/galerie_stadt?post=45525"},{"taxonomy":"galerie_typ","embeddable":true,"href":"https:\/\/contemporary-arts.de\/index.php\/wp-json\/wp\/v2\/galerie_typ?post=45525"},{"taxonomy":"galerie_land","embeddable":true,"href":"https:\/\/contemporary-arts.de\/index.php\/wp-json\/wp\/v2\/galerie_land?post=45525"}],"curies":[{"name":"wp","href":"https:\/\/api.w.org\/{rel}","templated":true}]}}

Schafhof-Europäisches Kunstforum Oberbayern

<p>Gezeigt wird bei Schafhof-Europäisches Kunstforum Oberbayern in Freising überwiegend Skulptur. Das Programm umfasst 4 Positionen.</p>
