{"id":45497,"date":"2026-09-06T10:52:03","date_gmt":"2026-09-06T10:52:03","guid":{"rendered":"https:\/\/contemporary-arts.de\/?post_type=galerie&#038;p=45497"},"modified":"2026-09-06T12:35:39","modified_gmt":"2026-09-06T12:35:39","slug":"nordkunst","status":"publish","type":"galerie","link":"https:\/\/contemporary-arts.de\/index.php\/galerie\/nordkunst\/","title":{"rendered":"Nordkunst"},"content":{"rendered":"<p>Der Schwerpunkt von Nordkunst in Elmshorn liegt auf Malerei. Zum Programm geh\u00f6ren 9 K\u00fcnstlerinnen und K\u00fcnstler.<\/p>\n","protected":false},"excerpt":{"rendered":"<p>Der Schwerpunkt von Nordkunst in Elmshorn liegt auf Malerei. Zum Programm geh\u00f6ren 9 K\u00fcnstlerinnen und K\u00fcnstler.<\/p>\n","protected":false},"author":1,"featured_media":0,"template":"","meta":{"_acf_changed":false,"galerie_place_id":"ChIJTdIuLSnUs0cRSwOVjXLfH54","galerie_address":"Ansgarstra\u00dfe 63","galerie_city":"Elmshorn","galerie_zip":"25336","galerie_country":"DE","galerie_latitude":"53.743559","galerie_longitude":"9.6608424","galerie_phone":"+494121642910","galerie_url":"http:\/\/www.nordkunst.de\/","galerie_domain":"www.nordkunst.de","galerie_rating_value":"5","galerie_rating_count":"1","galerie_galerist":"","galerie_gruendung":"","galerie_artists_url":"http:\/\/www.nordkunst.de\/Kuenstler\/","galerie_about_url":"http:\/\/www.nordkunst.de\/Ueber-uns\/","galerie_quelle_stadt":"Elmshorn","galerie_werk_typ":"","galerie_online_shop":"","galerie_werk_signale":"","galerie_ranking_score":"0","galerie_ranking_rang":"3025","galerie_claimed_by":""},"kuenstler":[10015,12718,12717,12714,12715,12713,12719,1413,12716],"galerie_stadt":[904],"galerie_typ":[],"galerie_land":[49],"class_list":["post-45497","galerie","type-galerie","status-publish","hentry","kuenstler-externe-inhalte","kuenstler-guenther-wabnitz","kuenstler-joram-neumark","kuenstler-klaus-kuehl","kuenstler-michael-griem","kuenstler-navigation-loading-startseite","kuenstler-ost-kunst","kuenstler-ueber-uns","kuenstler-wilhelm-kinn","galerie_stadt-elmshorn","galerie_land-de"],"acf":[],"_links":{"self":[{"href":"https:\/\/contemporary-arts.de\/index.php\/wp-json\/wp\/v2\/galerie\/45497","targetHints":{"allow":["GET"]}}],"collection":[{"href":"https:\/\/contemporary-arts.de\/index.php\/wp-json\/wp\/v2\/galerie"}],"about":[{"href":"https:\/\/contemporary-arts.de\/index.php\/wp-json\/wp\/v2\/types\/galerie"}],"author":[{"embeddable":true,"href":"https:\/\/contemporary-arts.de\/index.php\/wp-json\/wp\/v2\/users\/1"}],"wp:attachment":[{"href":"https:\/\/contemporary-arts.de\/index.php\/wp-json\/wp\/v2\/media?parent=45497"}],"wp:term":[{"taxonomy":"kuenstler","embeddable":true,"href":"https:\/\/contemporary-arts.de\/index.php\/wp-json\/wp\/v2\/kuenstler?post=45497"},{"taxonomy":"galerie_stadt","embeddable":true,"href":"https:\/\/contemporary-arts.de\/index.php\/wp-json\/wp\/v2\/galerie_stadt?post=45497"},{"taxonomy":"galerie_typ","embeddable":true,"href":"https:\/\/contemporary-arts.de\/index.php\/wp-json\/wp\/v2\/galerie_typ?post=45497"},{"taxonomy":"galerie_land","embeddable":true,"href":"https:\/\/contemporary-arts.de\/index.php\/wp-json\/wp\/v2\/galerie_land?post=45497"}],"curies":[{"name":"wp","href":"https:\/\/api.w.org\/{rel}","templated":true}]}}

<p>Der Schwerpunkt von Nordkunst in Elmshorn liegt auf Malerei. Zum Programm gehören 9 Künstlerinnen und Künstler.</p>

Ansgarstraße 63
