{"id":45496,"date":"2026-09-06T10:52:03","date_gmt":"2026-09-06T10:52:03","guid":{"rendered":"https:\/\/contemporary-arts.de\/?post_type=galerie&#038;p=45496"},"modified":"2026-09-06T12:36:55","modified_gmt":"2026-09-06T12:36:55","slug":"galerie-unterm-maulbeerbaum-kunstgalerie-und-ferienwohnung","status":"publish","type":"galerie","link":"https:\/\/contemporary-arts.de\/index.php\/galerie\/galerie-unterm-maulbeerbaum-kunstgalerie-und-ferienwohnung\/","title":{"rendered":"Galerie unterm Maulbeerbaum &#8211; Kunstgalerie und Ferienwohnung"},"content":{"rendered":"<p>Galerie unterm Maulbeerbaum &#8211; Kunstgalerie und Ferienwohnung zeigt in Badenheim vor allem Skulptur. Zum Programm geh\u00f6ren 29 K\u00fcnstlerinnen und K\u00fcnstler.<\/p>\n","protected":false},"excerpt":{"rendered":"<p>Galerie unterm Maulbeerbaum &#8211; Kunstgalerie und Ferienwohnung zeigt in Badenheim vor allem Skulptur. Zum Programm geh\u00f6ren 29 K\u00fcnstlerinnen und K\u00fcnstler.<\/p>\n","protected":false},"author":1,"featured_media":0,"template":"","meta":{"_acf_changed":false,"galerie_place_id":"ChIJiUl1lubzvUcR_FbWri6F7Yg","galerie_address":"Hauptstra\u00dfe 31","galerie_city":"Badenheim","galerie_zip":"55576","galerie_country":"DE","galerie_latitude":"49.84365","galerie_longitude":"7.96734","galerie_phone":"+491702833311","galerie_url":"https:\/\/www.galerie-unterm-maulbeerbaum.de\/","galerie_domain":"www.galerie-unterm-maulbeerbaum.de","galerie_rating_value":"4.7","galerie_rating_count":"19","galerie_galerist":"","galerie_gruendung":"","galerie_artists_url":"https:\/\/www.galerie-unterm-maulbeerbaum.de\/kuenstler-innen\/","galerie_about_url":"","galerie_quelle_stadt":"Bad Kreuznach","galerie_werk_typ":"","galerie_online_shop":"","galerie_werk_signale":"","galerie_ranking_score":"0","galerie_ranking_rang":"3041","galerie_claimed_by":""},"kuenstler":[12778,12797,12801,12780,12794,12785,12791,12790,12776,12789,9655,12793,12777,12800,9255,2217,12792,12799,12798,12782,12784,12786,12787,12781,12788,12795,12783,12779,12796],"galerie_stadt":[903],"galerie_typ":[],"galerie_land":[49],"class_list":["post-45496","galerie","type-galerie","status-publish","hentry","kuenstler-alexander-danov","kuenstler-amador-vallina","kuenstler-antuanetta-mishchenko","kuenstler-christa-estenfeld-kropp","kuenstler-christiane-schauder","kuenstler-chunqing-huang","kuenstler-dirk-pleyer","kuenstler-franziska-pfaff","kuenstler-galerie-unterm-maulbeerbaum","kuenstler-heike-negenborn","kuenstler-inhalt-entsperren","kuenstler-jennifer-scales","kuenstler-julia-belot","kuenstler-ka-man-carmen-ching","kuenstler-kuenstlerinnen-und-kuenstler","kuenstler-mehr-informationen","kuenstler-michael-rausch","kuenstler-millennium-trombone-quartet","kuenstler-oliver-weiller","kuenstler-peter-fritz","kuenstler-robert-hezard","kuenstler-rolf-liese","kuenstler-sibylle-moendel","kuenstler-siegfried-christian-felder","kuenstler-susanne-mull","kuenstler-ulrich-schreiber","kuenstler-ute-gortner","kuenstler-waldemar-erz","kuenstler-wolfgang-tambour","galerie_stadt-badenheim","galerie_land-de"],"acf":[],"_links":{"self":[{"href":"https:\/\/contemporary-arts.de\/index.php\/wp-json\/wp\/v2\/galerie\/45496","targetHints":{"allow":["GET"]}}],"collection":[{"href":"https:\/\/contemporary-arts.de\/index.php\/wp-json\/wp\/v2\/galerie"}],"about":[{"href":"https:\/\/contemporary-arts.de\/index.php\/wp-json\/wp\/v2\/types\/galerie"}],"author":[{"embeddable":true,"href":"https:\/\/contemporary-arts.de\/index.php\/wp-json\/wp\/v2\/users\/1"}],"wp:attachment":[{"href":"https:\/\/contemporary-arts.de\/index.php\/wp-json\/wp\/v2\/media?parent=45496"}],"wp:term":[{"taxonomy":"kuenstler","embeddable":true,"href":"https:\/\/contemporary-arts.de\/index.php\/wp-json\/wp\/v2\/kuenstler?post=45496"},{"taxonomy":"galerie_stadt","embeddable":true,"href":"https:\/\/contemporary-arts.de\/index.php\/wp-json\/wp\/v2\/galerie_stadt?post=45496"},{"taxonomy":"galerie_typ","embeddable":true,"href":"https:\/\/contemporary-arts.de\/index.php\/wp-json\/wp\/v2\/galerie_typ?post=45496"},{"taxonomy":"galerie_land","embeddable":true,"href":"https:\/\/contemporary-arts.de\/index.php\/wp-json\/wp\/v2\/galerie_land?post=45496"}],"curies":[{"name":"wp","href":"https:\/\/api.w.org\/{rel}","templated":true}]}}

<p>Galerie unterm Maulbeerbaum &#8211; Kunstgalerie und Ferienwohnung zeigt in Badenheim vor allem Skulptur. Zum Programm gehören 29 Künstlerinnen und Künstler.</p>

Hauptstraße 31
