{"id":45481,"date":"2026-09-05T17:19:44","date_gmt":"2026-09-05T17:19:44","guid":{"rendered":"https:\/\/contemporary-arts.de\/?post_type=galerie&#038;p=45481"},"modified":"2026-09-05T17:19:44","modified_gmt":"2026-09-05T17:19:44","slug":"fondation-beyeler","status":"publish","type":"galerie","link":"https:\/\/contemporary-arts.de\/index.php\/galerie\/fondation-beyeler\/","title":{"rendered":"Fondation Beyeler"},"content":{"rendered":"<p>Die Fondation Beyeler geht auf ein Kunst- und Buchantiquariat zur\u00fcck, das Ernst und Hildy Beyeler 1952 in Basel in Galerie Beyeler umbenannten. 1982 folgte die Stiftung, 1997 der Museumsbau in Riehen. Aus dem Kunsthandel ist damit eine \u00f6ffentlich zug\u00e4ngliche Sammlung geworden, was den Weg vom H\u00e4ndler zum Museum ungew\u00f6hnlich gut nachvollziehbar macht.<\/p>\n","protected":false},"excerpt":{"rendered":"<p>Die Fondation Beyeler geht auf ein Kunst- und Buchantiquariat zur\u00fcck, das Ernst und Hildy Beyeler 1952 in Basel in Galerie Beyeler umbenannten. 1982 folgte die Stiftung, 1997 der Museumsbau in Riehen. Aus dem Kunsthandel ist damit eine \u00f6ffentlich zug\u00e4ngliche Sammlung geworden, was den Weg vom H\u00e4ndler zum Museum ungew\u00f6hnlich gut nachvollziehbar macht.<\/p>\n","protected":false},"author":1,"featured_media":0,"template":"","meta":{"_acf_changed":false,"galerie_place_id":"ChIJeyh510y3kUcRNcIw-oiGjn4","galerie_address":"Baselstrasse 101","galerie_city":"Riehen","galerie_zip":"4125","galerie_country":"CH","galerie_latitude":"47.5881022","galerie_longitude":"7.6510161","galerie_phone":"+41616459700","galerie_url":"https:\/\/www.fondationbeyeler.ch\/","galerie_domain":"www.fondationbeyeler.ch","galerie_rating_value":"4.6","galerie_rating_count":"7326","galerie_galerist":"","galerie_gruendung":"","galerie_artists_url":"https:\/\/www.fondationbeyeler.ch\/programm\/kalender","galerie_about_url":"https:\/\/www.fondationbeyeler.ch\/museum\/geschichte","galerie_quelle_stadt":"L\u00f6rrach","galerie_werk_typ":"","galerie_online_shop":"","galerie_werk_signale":"","galerie_ranking_score":"0","galerie_ranking_rang":"3045","galerie_claimed_by":""},"kuenstler":[12825,12816,12823,12820,12818,12811,12810,12812,12819,12814,7472,12826,12807,12809,12824,12817,2402,12813,7439,12808,12822,12815,12821,10012],"galerie_stadt":[889],"galerie_typ":[],"galerie_land":[671],"class_list":["post-45481","galerie","type-galerie","status-publish","hentry","kuenstler-alle-filter-zuruecksetzen","kuenstler-architektur-und-natur","kuenstler-art-basel","kuenstler-art-club","kuenstler-art-editionen","kuenstler-artist-talks","kuenstler-beyeler-collection","kuenstler-beyeler-collection-stories","kuenstler-corporate-membership","kuenstler-digital-und-multimedia","kuenstler-elizabeth-peyton","kuenstler-familien-und-kinder","kuenstler-fondation-beyeler","kuenstler-frida-kahlo","kuenstler-friday-beyeler","kuenstler-ihr-anlass","kuenstler-louise-bourgeois","kuenstler-mobiles-atelier","kuenstler-pierre-huyghe","kuenstler-ruth-asawa","kuenstler-verschiedene-sprachen","kuenstler-weiterbildung-im-museum","kuenstler-young-art-club","kuenstler-zur-anmeldung","galerie_stadt-riehen","galerie_land-ch"],"acf":[],"_links":{"self":[{"href":"https:\/\/contemporary-arts.de\/index.php\/wp-json\/wp\/v2\/galerie\/45481","targetHints":{"allow":["GET"]}}],"collection":[{"href":"https:\/\/contemporary-arts.de\/index.php\/wp-json\/wp\/v2\/galerie"}],"about":[{"href":"https:\/\/contemporary-arts.de\/index.php\/wp-json\/wp\/v2\/types\/galerie"}],"author":[{"embeddable":true,"href":"https:\/\/contemporary-arts.de\/index.php\/wp-json\/wp\/v2\/users\/1"}],"wp:attachment":[{"href":"https:\/\/contemporary-arts.de\/index.php\/wp-json\/wp\/v2\/media?parent=45481"}],"wp:term":[{"taxonomy":"kuenstler","embeddable":true,"href":"https:\/\/contemporary-arts.de\/index.php\/wp-json\/wp\/v2\/kuenstler?post=45481"},{"taxonomy":"galerie_stadt","embeddable":true,"href":"https:\/\/contemporary-arts.de\/index.php\/wp-json\/wp\/v2\/galerie_stadt?post=45481"},{"taxonomy":"galerie_typ","embeddable":true,"href":"https:\/\/contemporary-arts.de\/index.php\/wp-json\/wp\/v2\/galerie_typ?post=45481"},{"taxonomy":"galerie_land","embeddable":true,"href":"https:\/\/contemporary-arts.de\/index.php\/wp-json\/wp\/v2\/galerie_land?post=45481"}],"curies":[{"name":"wp","href":"https:\/\/api.w.org\/{rel}","templated":true}]}}

<p>Die Fondation Beyeler geht auf ein Kunst- und Buchantiquariat zurück, das Ernst und Hildy Beyeler 1952 in Basel in Galerie Beyeler umbenannten. 1982 folgte die Stiftung, 1997 der Museumsbau in Riehen. Aus dem Kunsthandel ist damit eine öffentlich zugängliche Sammlung geworden, was den Weg vom Händler zum Museum ungewöhnlich gut nachvollziehbar macht.</p>

Lörrach
