{"id":45479,"date":"2026-09-06T10:52:03","date_gmt":"2026-09-06T10:52:03","guid":{"rendered":"https:\/\/contemporary-arts.de\/?post_type=galerie&#038;p=45479"},"modified":"2026-09-06T12:34:34","modified_gmt":"2026-09-06T12:34:34","slug":"galerie-mueller-2","status":"publish","type":"galerie","link":"https:\/\/contemporary-arts.de\/index.php\/galerie\/galerie-mueller-2\/","title":{"rendered":"Galerie Mueller"},"content":{"rendered":"<p>Galerie Mueller geh\u00f6rt in Basel zum Bestand der Galerie-Adressen. Gegr\u00fcndet 2018, geh\u00f6ren heute 4 Positionen zum Programm.<\/p>\n","protected":false},"excerpt":{"rendered":"<p>Galerie Mueller geh\u00f6rt in Basel zum Bestand der Galerie-Adressen. Gegr\u00fcndet 2018, geh\u00f6ren heute 4 Positionen zum Programm.<\/p>\n","protected":false},"author":1,"featured_media":0,"template":"","meta":{"_acf_changed":false,"galerie_place_id":"ChIJyUpP-bC5kUcRCBk1Iua_dXw","galerie_address":"Rebgasse 46","galerie_city":"Basel","galerie_zip":"4058","galerie_country":"CH","galerie_latitude":"47.5596193","galerie_longitude":"7.5954582","galerie_phone":"+41788868734","galerie_url":"https:\/\/www.galeriemueller.com\/de\/kontakt","galerie_domain":"www.galeriemueller.com","galerie_rating_value":"4.6","galerie_rating_count":"10","galerie_galerist":"","galerie_gruendung":"2018","galerie_artists_url":"https:\/\/www.galeriemueller.com\/de\/knstler","galerie_about_url":"https:\/\/www.galeriemueller.com\/en\/about-us","galerie_quelle_stadt":"L\u00f6rrach","galerie_werk_typ":"","galerie_online_shop":"","galerie_werk_signale":"","galerie_ranking_score":"0","galerie_ranking_rang":"3043","galerie_claimed_by":""},"kuenstler":[1721,12802,12803,1413],"galerie_stadt":[885],"galerie_typ":[],"galerie_land":[671],"class_list":["post-45479","galerie","type-galerie","status-publish","hentry","kuenstler-about-us","kuenstler-galerie-mueller","kuenstler-im-vollbildmodus-anzeigen","kuenstler-ueber-uns","galerie_stadt-basel","galerie_land-ch"],"acf":[],"_links":{"self":[{"href":"https:\/\/contemporary-arts.de\/index.php\/wp-json\/wp\/v2\/galerie\/45479","targetHints":{"allow":["GET"]}}],"collection":[{"href":"https:\/\/contemporary-arts.de\/index.php\/wp-json\/wp\/v2\/galerie"}],"about":[{"href":"https:\/\/contemporary-arts.de\/index.php\/wp-json\/wp\/v2\/types\/galerie"}],"author":[{"embeddable":true,"href":"https:\/\/contemporary-arts.de\/index.php\/wp-json\/wp\/v2\/users\/1"}],"wp:attachment":[{"href":"https:\/\/contemporary-arts.de\/index.php\/wp-json\/wp\/v2\/media?parent=45479"}],"wp:term":[{"taxonomy":"kuenstler","embeddable":true,"href":"https:\/\/contemporary-arts.de\/index.php\/wp-json\/wp\/v2\/kuenstler?post=45479"},{"taxonomy":"galerie_stadt","embeddable":true,"href":"https:\/\/contemporary-arts.de\/index.php\/wp-json\/wp\/v2\/galerie_stadt?post=45479"},{"taxonomy":"galerie_typ","embeddable":true,"href":"https:\/\/contemporary-arts.de\/index.php\/wp-json\/wp\/v2\/galerie_typ?post=45479"},{"taxonomy":"galerie_land","embeddable":true,"href":"https:\/\/contemporary-arts.de\/index.php\/wp-json\/wp\/v2\/galerie_land?post=45479"}],"curies":[{"name":"wp","href":"https:\/\/api.w.org\/{rel}","templated":true}]}}

<p>Galerie Mueller gehört in Basel zum Bestand der Galerie-Adressen. Gegründet 2018, gehören heute 4 Positionen zum Programm.</p>

Lörrach
