{"id":45419,"date":"2026-09-06T10:52:05","date_gmt":"2026-09-06T10:52:05","guid":{"rendered":"https:\/\/contemporary-arts.de\/?post_type=galerie&#038;p=45419"},"modified":"2026-09-06T12:35:03","modified_gmt":"2026-09-06T12:35:03","slug":"bellevue-ort-fuer-fotografie","status":"publish","type":"galerie","link":"https:\/\/contemporary-arts.de\/index.php\/galerie\/bellevue-ort-fuer-fotografie\/","title":{"rendered":"BelleVue \u2013 Ort f\u00fcr Fotografie"},"content":{"rendered":"<p>In Basel zeigt BelleVue \u2013 Ort f\u00fcr Fotografie \u00fcberwiegend Fotografie. Zum Programm geh\u00f6ren 59 K\u00fcnstlerinnen und K\u00fcnstler.<\/p>\n","protected":false},"excerpt":{"rendered":"<p>In Basel zeigt BelleVue \u2013 Ort f\u00fcr Fotografie \u00fcberwiegend Fotografie. Zum Programm geh\u00f6ren 59 K\u00fcnstlerinnen und K\u00fcnstler.<\/p>\n","protected":false},"author":1,"featured_media":0,"template":"","meta":{"_acf_changed":false,"galerie_place_id":"ChIJfXk9W2m5kUcRYVXWn6y5yEM","galerie_address":"Breisacherstrasse 50","galerie_city":"Basel","galerie_zip":"4057","galerie_country":"CH","galerie_latitude":"47.566439","galerie_longitude":"7.5891703","galerie_phone":"","galerie_url":"https:\/\/bellevue-fotografie.ch\/","galerie_domain":"bellevue-fotografie.ch","galerie_rating_value":"4.4","galerie_rating_count":"5","galerie_galerist":"","galerie_gruendung":"","galerie_artists_url":"https:\/\/bellevue-fotografie.ch\/rueckblende\/2018-paradies\/ausstellung-318\/programm\/","galerie_about_url":"https:\/\/bellevue-fotografie.ch\/rueckblende\/stadtleben\/ausstellung\/uebersehen\/","galerie_quelle_stadt":"L\u00f6rrach","galerie_werk_typ":"","galerie_online_shop":"","galerie_werk_signale":"","galerie_ranking_score":"0","galerie_ranking_rang":"3099","galerie_claimed_by":""},"kuenstler":[13218,13235,13255,13221,13258,5721,13252,13219,13225,13234,13250,13243,13242,13269,13264,13226,13257,13268,13216,13239,13237,13249,13247,13260,13267,13231,13230,13248,13217,13229,12827,13265,13266,13223,13261,13220,13228,13244,2567,13262,13259,13233,13241,13222,13254,13245,13232,13224,5407,13263,13227,13256,13253,13251,13240,13238,1413,13236,13246],"galerie_stadt":[885],"galerie_typ":[],"galerie_land":[671],"class_list":["post-45419","galerie","type-galerie","status-publish","hentry","kuenstler-amin-el-dib","kuenstler-andreas-seibert","kuenstler-anja-conrad","kuenstler-anne-gabriel-juergens","kuenstler-atelier-in-weil","kuenstler-beat-schweizer","kuenstler-biografie-luca-zanetti","kuenstler-christian-flierl","kuenstler-christian-jaeggi","kuenstler-christian-schnur","kuenstler-cristina-kahlo","kuenstler-die-fotografen","kuenstler-die-fotografinnen","kuenstler-dominik-labhardt","kuenstler-dorothe-von-rechenberg","kuenstler-eleni-kougionis","kuenstler-fabian-fiechter","kuenstler-film-lichtschichten","kuenstler-florian-bachmann","kuenstler-franziska-willimann","kuenstler-gabi-vogt","kuenstler-gabriella-disler","kuenstler-gadola-und-stuppan","kuenstler-hans-juerg-kupper","kuenstler-hugo-jaeggi","kuenstler-julian-salinas","kuenstler-juerg-ramseier","kuenstler-katharina-halser","kuenstler-ketty-bertossi","kuenstler-klaus-petrus","kuenstler-kostas-maros","kuenstler-kurt-caviezel","kuenstler-lua-leirner","kuenstler-lukas-gysin","kuenstler-making-of","kuenstler-marco-frauchiger","kuenstler-maria-patzschke","kuenstler-mimi-von-moos","kuenstler-mitglied-werden","kuenstler-nathalie-guignand","kuenstler-onorio-mansutti","kuenstler-paul-schneller","kuenstler-pia-zanetti","kuenstler-raphaela-graf","kuenstler-richard-spillmann","kuenstler-roger-humbert","kuenstler-roland-schmid","kuenstler-rut-himmelsbach","kuenstler-serge-hasenboehler","kuenstler-silvio-maraini","kuenstler-stephanie-meier","kuenstler-susi-asado","kuenstler-thema-bruch","kuenstler-thema-paradies","kuenstler-thomas-wunsch","kuenstler-tjefa-wegener","kuenstler-ueber-uns","kuenstler-ursula-sprecher","kuenstler-wilma-leskowitsch","galerie_stadt-basel","galerie_land-ch"],"acf":[],"_links":{"self":[{"href":"https:\/\/contemporary-arts.de\/index.php\/wp-json\/wp\/v2\/galerie\/45419","targetHints":{"allow":["GET"]}}],"collection":[{"href":"https:\/\/contemporary-arts.de\/index.php\/wp-json\/wp\/v2\/galerie"}],"about":[{"href":"https:\/\/contemporary-arts.de\/index.php\/wp-json\/wp\/v2\/types\/galerie"}],"author":[{"embeddable":true,"href":"https:\/\/contemporary-arts.de\/index.php\/wp-json\/wp\/v2\/users\/1"}],"wp:attachment":[{"href":"https:\/\/contemporary-arts.de\/index.php\/wp-json\/wp\/v2\/media?parent=45419"}],"wp:term":[{"taxonomy":"kuenstler","embeddable":true,"href":"https:\/\/contemporary-arts.de\/index.php\/wp-json\/wp\/v2\/kuenstler?post=45419"},{"taxonomy":"galerie_stadt","embeddable":true,"href":"https:\/\/contemporary-arts.de\/index.php\/wp-json\/wp\/v2\/galerie_stadt?post=45419"},{"taxonomy":"galerie_typ","embeddable":true,"href":"https:\/\/contemporary-arts.de\/index.php\/wp-json\/wp\/v2\/galerie_typ?post=45419"},{"taxonomy":"galerie_land","embeddable":true,"href":"https:\/\/contemporary-arts.de\/index.php\/wp-json\/wp\/v2\/galerie_land?post=45419"}],"curies":[{"name":"wp","href":"https:\/\/api.w.org\/{rel}","templated":true}]}}

BelleVue – Ort für Fotografie

<p>In Basel zeigt BelleVue – Ort für Fotografie überwiegend Fotografie. Zum Programm gehören 59 Künstlerinnen und Künstler.</p>

Lörrach
