{"id":45379,"date":"2026-09-06T10:52:07","date_gmt":"2026-09-06T10:52:07","guid":{"rendered":"https:\/\/contemporary-arts.de\/?post_type=galerie&#038;p=45379"},"modified":"2026-09-06T12:35:16","modified_gmt":"2026-09-06T12:35:16","slug":"galerie-atelier-eglin","status":"publish","type":"galerie","link":"https:\/\/contemporary-arts.de\/index.php\/galerie\/galerie-atelier-eglin\/","title":{"rendered":"Galerie Atelier Eglin+"},"content":{"rendered":"<p>In Grenzach-Wyhlen zeigt Galerie Atelier Eglin+ \u00fcberwiegend Malerei und Zeichnung. Vertreten werden 8 K\u00fcnstlerinnen und K\u00fcnstler. Gearbeitet und gezeigt wird am selben Ort, der Weg zum Werk ist damit kurz.<\/p>\n","protected":false},"excerpt":{"rendered":"<p>In Grenzach-Wyhlen zeigt Galerie Atelier Eglin+ \u00fcberwiegend Malerei und Zeichnung. Vertreten werden 8 K\u00fcnstlerinnen und K\u00fcnstler. Gearbeitet und gezeigt wird am selben Ort, der Weg zum Werk ist damit kurz.<\/p>\n","protected":false},"author":1,"featured_media":0,"template":"","meta":{"_acf_changed":false,"galerie_place_id":"ChIJVVXFMA-3kUcR70gOLSvgDR4","galerie_address":"Basler Str. 6","galerie_city":"Grenzach-Wyhlen","galerie_zip":"79639","galerie_country":"DE","galerie_latitude":"47.5530393","galerie_longitude":"7.6605238","galerie_phone":"+49762498479","galerie_url":"https:\/\/www.eglinplus.com\/","galerie_domain":"www.eglinplus.com","galerie_rating_value":"4.7","galerie_rating_count":"3","galerie_galerist":"","galerie_gruendung":"","galerie_artists_url":"https:\/\/www.eglinplus.com\/page\/kuenstlerin.html","galerie_about_url":"","galerie_quelle_stadt":"L\u00f6rrach","galerie_werk_typ":"","galerie_online_shop":"","galerie_werk_signale":"","galerie_ranking_score":"0","galerie_ranking_rang":"3188","galerie_claimed_by":""},"kuenstler":[7760,8033,2376,13555,13552,13554,13551,13553],"galerie_stadt":[894],"galerie_typ":[],"galerie_land":[49],"class_list":["post-45379","galerie","type-galerie","status-publish","hentry","kuenstler-das-atelier","kuenstler-die-galerie","kuenstler-die-kuenstlerin","kuenstler-erstellt-mit-bolt-cm","kuenstler-mental-freier-sein","kuenstler-permanenter-link","kuenstler-reise-und-stationen","kuenstler-reisen-und-stationen","galerie_stadt-grenzach-wyhlen","galerie_land-de"],"acf":[],"_links":{"self":[{"href":"https:\/\/contemporary-arts.de\/index.php\/wp-json\/wp\/v2\/galerie\/45379","targetHints":{"allow":["GET"]}}],"collection":[{"href":"https:\/\/contemporary-arts.de\/index.php\/wp-json\/wp\/v2\/galerie"}],"about":[{"href":"https:\/\/contemporary-arts.de\/index.php\/wp-json\/wp\/v2\/types\/galerie"}],"author":[{"embeddable":true,"href":"https:\/\/contemporary-arts.de\/index.php\/wp-json\/wp\/v2\/users\/1"}],"wp:attachment":[{"href":"https:\/\/contemporary-arts.de\/index.php\/wp-json\/wp\/v2\/media?parent=45379"}],"wp:term":[{"taxonomy":"kuenstler","embeddable":true,"href":"https:\/\/contemporary-arts.de\/index.php\/wp-json\/wp\/v2\/kuenstler?post=45379"},{"taxonomy":"galerie_stadt","embeddable":true,"href":"https:\/\/contemporary-arts.de\/index.php\/wp-json\/wp\/v2\/galerie_stadt?post=45379"},{"taxonomy":"galerie_typ","embeddable":true,"href":"https:\/\/contemporary-arts.de\/index.php\/wp-json\/wp\/v2\/galerie_typ?post=45379"},{"taxonomy":"galerie_land","embeddable":true,"href":"https:\/\/contemporary-arts.de\/index.php\/wp-json\/wp\/v2\/galerie_land?post=45379"}],"curies":[{"name":"wp","href":"https:\/\/api.w.org\/{rel}","templated":true}]}}

<p>In Grenzach-Wyhlen zeigt Galerie Atelier Eglin+ überwiegend Malerei und Zeichnung. Vertreten werden 8 Künstlerinnen und Künstler. Gearbeitet und gezeigt wird am selben Ort, der Weg zum Werk ist damit kurz.</p>

Lörrach
