{"id":45308,"date":"2026-09-06T10:52:08","date_gmt":"2026-09-06T10:52:08","guid":{"rendered":"https:\/\/contemporary-arts.de\/?post_type=galerie&#038;p=45308"},"modified":"2026-09-06T12:34:00","modified_gmt":"2026-09-06T12:34:00","slug":"bilder-rahmen-galerie-bohn","status":"publish","type":"galerie","link":"https:\/\/contemporary-arts.de\/index.php\/galerie\/bilder-rahmen-galerie-bohn\/","title":{"rendered":"Bilder + Rahmen GALERIE Bohn"},"content":{"rendered":"<p>In L\u00f6rrach findet sich mit Bilder + Rahmen GALERIE Bohn eine Galerie. Gezeigt werden Arbeiten von 21 K\u00fcnstlerinnen und K\u00fcnstlern.<\/p>\n","protected":false},"excerpt":{"rendered":"<p>In L\u00f6rrach findet sich mit Bilder + Rahmen GALERIE Bohn eine Galerie. Gezeigt werden Arbeiten von 21 K\u00fcnstlerinnen und K\u00fcnstlern.<\/p>\n","protected":false},"author":1,"featured_media":0,"template":"","meta":{"_acf_changed":false,"galerie_place_id":"ChIJy7YBc5SwkUcRKE6IdvUWfrE","galerie_address":"Am Alten Markt 3","galerie_city":"L\u00f6rrach","galerie_zip":"79539","galerie_country":"DE","galerie_latitude":"47.611231","galerie_longitude":"7.6617898","galerie_phone":"+49762147131","galerie_url":"https:\/\/galerie-bohn.de\/","galerie_domain":"galerie-bohn.de","galerie_rating_value":"4.9","galerie_rating_count":"37","galerie_galerist":"","galerie_gruendung":"","galerie_artists_url":"https:\/\/galerie-bohn.de\/de\/galerie","galerie_about_url":"https:\/\/galerie-bohn.de\/de\/galerie","galerie_quelle_stadt":"L\u00f6rrach","galerie_werk_typ":"","galerie_online_shop":"","galerie_werk_signale":"","galerie_ranking_score":"0","galerie_ranking_rang":"3249","galerie_claimed_by":""},"kuenstler":[13348,13739,5598,13737,13731,13392,13738,1909,3519,13736,13729,13728,13732,9110,13734,13733,13730,13740,13735,1413,5447],"galerie_stadt":[891],"galerie_typ":[],"galerie_land":[49],"class_list":["post-45308","galerie","type-galerie","status-publish","hentry","kuenstler-anna-katharina-rintelen","kuenstler-bekanntes-und-neues","kuenstler-devin-miles","kuenstler-ernst-joseph-wagner","kuenstler-ewen-gur","kuenstler-frank-schaeuble","kuenstler-galerie-christo","kuenstler-guenther-uecker","kuenstler-james-rizzi","kuenstler-julia-wagenseil","kuenstler-kaschierung-ohne-rahmen","kuenstler-leinwand-auf-keilrahmen","kuenstler-markus-haub","kuenstler-peter-gaymann","kuenstler-rahel-schmid","kuenstler-rebecca-marent","kuenstler-restaurationen-und-reparaturen","kuenstler-so-finden-sie-uns","kuenstler-tomi-ungerer","kuenstler-ueber-uns","kuenstler-unsere-kuenstler","galerie_stadt-loerrach","galerie_land-de"],"acf":[],"_links":{"self":[{"href":"https:\/\/contemporary-arts.de\/index.php\/wp-json\/wp\/v2\/galerie\/45308","targetHints":{"allow":["GET"]}}],"collection":[{"href":"https:\/\/contemporary-arts.de\/index.php\/wp-json\/wp\/v2\/galerie"}],"about":[{"href":"https:\/\/contemporary-arts.de\/index.php\/wp-json\/wp\/v2\/types\/galerie"}],"author":[{"embeddable":true,"href":"https:\/\/contemporary-arts.de\/index.php\/wp-json\/wp\/v2\/users\/1"}],"wp:attachment":[{"href":"https:\/\/contemporary-arts.de\/index.php\/wp-json\/wp\/v2\/media?parent=45308"}],"wp:term":[{"taxonomy":"kuenstler","embeddable":true,"href":"https:\/\/contemporary-arts.de\/index.php\/wp-json\/wp\/v2\/kuenstler?post=45308"},{"taxonomy":"galerie_stadt","embeddable":true,"href":"https:\/\/contemporary-arts.de\/index.php\/wp-json\/wp\/v2\/galerie_stadt?post=45308"},{"taxonomy":"galerie_typ","embeddable":true,"href":"https:\/\/contemporary-arts.de\/index.php\/wp-json\/wp\/v2\/galerie_typ?post=45308"},{"taxonomy":"galerie_land","embeddable":true,"href":"https:\/\/contemporary-arts.de\/index.php\/wp-json\/wp\/v2\/galerie_land?post=45308"}],"curies":[{"name":"wp","href":"https:\/\/api.w.org\/{rel}","templated":true}]}}

<p>In Lörrach findet sich mit Bilder + Rahmen GALERIE Bohn eine Galerie. Gezeigt werden Arbeiten von 21 Künstlerinnen und Künstlern.</p>

Lörrach
