{"id":45281,"date":"2026-09-06T10:52:08","date_gmt":"2026-09-06T10:52:08","guid":{"rendered":"https:\/\/contemporary-arts.de\/?post_type=galerie&#038;p=45281"},"modified":"2026-09-06T12:37:30","modified_gmt":"2026-09-06T12:37:30","slug":"galerie-schoeneck","status":"publish","type":"galerie","link":"https:\/\/contemporary-arts.de\/index.php\/galerie\/galerie-schoeneck\/","title":{"rendered":"Galerie Sch\u00f6neck"},"content":{"rendered":"<p>Der Schwerpunkt von Galerie Sch\u00f6neck in Riehen liegt auf Malerei, Druckgrafik und Fotografie. Vertreten werden 6 K\u00fcnstlerinnen und K\u00fcnstler.<\/p>\n","protected":false},"excerpt":{"rendered":"<p>Der Schwerpunkt von Galerie Sch\u00f6neck in Riehen liegt auf Malerei, Druckgrafik und Fotografie. Vertreten werden 6 K\u00fcnstlerinnen und K\u00fcnstler.<\/p>\n","protected":false},"author":1,"featured_media":0,"template":"","meta":{"_acf_changed":false,"galerie_place_id":"ChIJv-PSFVC3kUcR6fz7_-Xrx5g","galerie_address":"Burgstrasse 63","galerie_city":"Riehen","galerie_zip":"4125","galerie_country":"CH","galerie_latitude":"47.5793063","galerie_longitude":"7.6444051","galerie_phone":"+41616411060","galerie_url":"http:\/\/www.schoeneck.ch\/","galerie_domain":"www.schoeneck.ch","galerie_rating_value":"4.7","galerie_rating_count":"3","galerie_galerist":"","galerie_gruendung":"","galerie_artists_url":"http:\/\/www.schoeneck.ch\/featured-artists","galerie_about_url":"http:\/\/www.schoeneck.ch\/about","galerie_quelle_stadt":"L\u00f6rrach","galerie_werk_typ":"","galerie_online_shop":"","galerie_werk_signale":"","galerie_ranking_score":"0","galerie_ranking_rang":"3222","galerie_claimed_by":""},"kuenstler":[10062,10086,12495,13638,13639,1413],"galerie_stadt":[889],"galerie_typ":[],"galerie_land":[671],"class_list":["post-45281","galerie","type-galerie","status-publish","hentry","kuenstler-alle-anzeigen","kuenstler-arbeiten-auf-papier","kuenstler-kuenstler-der-galerie","kuenstler-oel-auf-leinwand","kuenstler-oel-auf-papier","kuenstler-ueber-uns","galerie_stadt-riehen","galerie_land-ch"],"acf":[],"_links":{"self":[{"href":"https:\/\/contemporary-arts.de\/index.php\/wp-json\/wp\/v2\/galerie\/45281","targetHints":{"allow":["GET"]}}],"collection":[{"href":"https:\/\/contemporary-arts.de\/index.php\/wp-json\/wp\/v2\/galerie"}],"about":[{"href":"https:\/\/contemporary-arts.de\/index.php\/wp-json\/wp\/v2\/types\/galerie"}],"author":[{"embeddable":true,"href":"https:\/\/contemporary-arts.de\/index.php\/wp-json\/wp\/v2\/users\/1"}],"wp:attachment":[{"href":"https:\/\/contemporary-arts.de\/index.php\/wp-json\/wp\/v2\/media?parent=45281"}],"wp:term":[{"taxonomy":"kuenstler","embeddable":true,"href":"https:\/\/contemporary-arts.de\/index.php\/wp-json\/wp\/v2\/kuenstler?post=45281"},{"taxonomy":"galerie_stadt","embeddable":true,"href":"https:\/\/contemporary-arts.de\/index.php\/wp-json\/wp\/v2\/galerie_stadt?post=45281"},{"taxonomy":"galerie_typ","embeddable":true,"href":"https:\/\/contemporary-arts.de\/index.php\/wp-json\/wp\/v2\/galerie_typ?post=45281"},{"taxonomy":"galerie_land","embeddable":true,"href":"https:\/\/contemporary-arts.de\/index.php\/wp-json\/wp\/v2\/galerie_land?post=45281"}],"curies":[{"name":"wp","href":"https:\/\/api.w.org\/{rel}","templated":true}]}}

Galerie Schöneck

<p>Der Schwerpunkt von Galerie Schöneck in Riehen liegt auf Malerei, Druckgrafik und Fotografie. Vertreten werden 6 Künstlerinnen und Künstler.</p>

Lörrach
