{"id":45272,"date":"2026-09-06T10:52:08","date_gmt":"2026-09-06T10:52:08","guid":{"rendered":"https:\/\/contemporary-arts.de\/?post_type=galerie&#038;p=45272"},"modified":"2026-09-06T12:34:18","modified_gmt":"2026-09-06T12:34:18","slug":"galerie-la-ligne","status":"publish","type":"galerie","link":"https:\/\/contemporary-arts.de\/index.php\/galerie\/galerie-la-ligne\/","title":{"rendered":"Galerie La Ligne"},"content":{"rendered":"<p>Galerie La Ligne zeigt in Basel vor allem Malerei und Skulptur. Zum Programm geh\u00f6ren 22 K\u00fcnstlerinnen und K\u00fcnstler. Neben dem Programm vor Ort ist das Haus auf Kunstmessen vertreten.<\/p>\n","protected":false},"excerpt":{"rendered":"<p>Galerie La Ligne zeigt in Basel vor allem Malerei und Skulptur. Zum Programm geh\u00f6ren 22 K\u00fcnstlerinnen und K\u00fcnstler. Neben dem Programm vor Ort ist das Haus auf Kunstmessen vertreten.<\/p>\n","protected":false},"author":1,"featured_media":0,"template":"","meta":{"_acf_changed":false,"galerie_place_id":"ChIJf4NfHEAKkEcRMlXjf62wmA4","galerie_address":"Voltastrasse 88","galerie_city":"Basel","galerie_zip":"4056","galerie_country":"CH","galerie_latitude":"47.5710847","galerie_longitude":"7.5759486","galerie_phone":"+41432052829","galerie_url":"https:\/\/www.galerie-la-ligne.ch\/","galerie_domain":"www.galerie-la-ligne.ch","galerie_rating_value":"4.8","galerie_rating_count":"19","galerie_galerist":"","galerie_gruendung":"","galerie_artists_url":"https:\/\/www.galerie-la-ligne.ch\/de\/kuenstler","galerie_about_url":"https:\/\/www.galerie-la-ligne.ch\/de\/ueber-uns","galerie_quelle_stadt":"L\u00f6rrach","galerie_werk_typ":"","galerie_online_shop":"","galerie_werk_signale":"","galerie_ranking_score":"0","galerie_ranking_rang":"3252","galerie_claimed_by":""},"kuenstler":[13743,13753,13747,9877,13750,1909,13749,12369,13742,9903,2676,13751,13746,13752,1767,13748,13745,11001,13744,1413,13741,2054],"galerie_stadt":[885],"galerie_typ":[],"galerie_land":[671],"class_list":["post-45272","galerie","type-galerie","status-publish","hentry","kuenstler-carola-buergi","kuenstler-christian-megert","kuenstler-eugenie-paultre","kuenstler-gerhard-froemel","kuenstler-guillaume-thunis","kuenstler-guenther-uecker","kuenstler-haruhiko-sunagawa","kuenstler-hellmut-bruch","kuenstler-jean-luc-bruckert","kuenstler-juergen-wolff","kuenstler-legal-notice","kuenstler-marie-therese-vacossin","kuenstler-paul-ouwerkerk","kuenstler-peter-vogel","kuenstler-privacy-policy","kuenstler-robert-steng","kuenstler-sascha-nordmeyer","kuenstler-serena-amrein","kuenstler-stephanie-guglielmetti","kuenstler-ueber-uns","kuenstler-verfuegbare-werke","kuenstler-weitere-kuenstler","galerie_stadt-basel","galerie_land-ch"],"acf":[],"_links":{"self":[{"href":"https:\/\/contemporary-arts.de\/index.php\/wp-json\/wp\/v2\/galerie\/45272","targetHints":{"allow":["GET"]}}],"collection":[{"href":"https:\/\/contemporary-arts.de\/index.php\/wp-json\/wp\/v2\/galerie"}],"about":[{"href":"https:\/\/contemporary-arts.de\/index.php\/wp-json\/wp\/v2\/types\/galerie"}],"author":[{"embeddable":true,"href":"https:\/\/contemporary-arts.de\/index.php\/wp-json\/wp\/v2\/users\/1"}],"wp:attachment":[{"href":"https:\/\/contemporary-arts.de\/index.php\/wp-json\/wp\/v2\/media?parent=45272"}],"wp:term":[{"taxonomy":"kuenstler","embeddable":true,"href":"https:\/\/contemporary-arts.de\/index.php\/wp-json\/wp\/v2\/kuenstler?post=45272"},{"taxonomy":"galerie_stadt","embeddable":true,"href":"https:\/\/contemporary-arts.de\/index.php\/wp-json\/wp\/v2\/galerie_stadt?post=45272"},{"taxonomy":"galerie_typ","embeddable":true,"href":"https:\/\/contemporary-arts.de\/index.php\/wp-json\/wp\/v2\/galerie_typ?post=45272"},{"taxonomy":"galerie_land","embeddable":true,"href":"https:\/\/contemporary-arts.de\/index.php\/wp-json\/wp\/v2\/galerie_land?post=45272"}],"curies":[{"name":"wp","href":"https:\/\/api.w.org\/{rel}","templated":true}]}}

<p>Galerie La Ligne zeigt in Basel vor allem Malerei und Skulptur. Zum Programm gehören 22 Künstlerinnen und Künstler. Neben dem Programm vor Ort ist das Haus auf Kunstmessen vertreten.</p>

Lörrach
