{"id":45193,"date":"2026-09-06T10:52:11","date_gmt":"2026-09-06T10:52:11","guid":{"rendered":"https:\/\/contemporary-arts.de\/?post_type=galerie&#038;p=45193"},"modified":"2026-09-06T12:37:48","modified_gmt":"2026-09-06T12:37:48","slug":"galerie-schwarz-weiss","status":"publish","type":"galerie","link":"https:\/\/contemporary-arts.de\/index.php\/galerie\/galerie-schwarz-weiss\/","title":{"rendered":"GALERIE schwarz | weiss"},"content":{"rendered":"<p>Der Schwerpunkt von GALERIE schwarz | weiss in Westerkappeln liegt auf Skulptur und Editionen. Zum Programm geh\u00f6ren 27 K\u00fcnstlerinnen und K\u00fcnstler. Der Blick geht dabei eher auf j\u00fcngere Positionen als auf etablierte Namen.<\/p>\n","protected":false},"excerpt":{"rendered":"<p>Der Schwerpunkt von GALERIE schwarz | weiss in Westerkappeln liegt auf Skulptur und Editionen. Zum Programm geh\u00f6ren 27 K\u00fcnstlerinnen und K\u00fcnstler. Der Blick geht dabei eher auf j\u00fcngere Positionen als auf etablierte Namen.<\/p>\n","protected":false},"author":1,"featured_media":0,"template":"","meta":{"_acf_changed":false,"galerie_place_id":"ChIJ_b9O9pPluUcRIUDoZt887P0","galerie_address":"Kandelhardtstra\u00dfe 16","galerie_city":"Westerkappeln","galerie_zip":"49492","galerie_country":"DE","galerie_latitude":"52.3190935","galerie_longitude":"7.8732761","galerie_phone":"+4954049570963","galerie_url":"http:\/\/www.galerie-schwarz-weiss.de\/","galerie_domain":"www.galerie-schwarz-weiss.de","galerie_rating_value":"3.5","galerie_rating_count":"2","galerie_galerist":"","galerie_gruendung":"","galerie_artists_url":"http:\/\/www.galerie-schwarz-weiss.de\/index.php?kuenstler","galerie_about_url":"http:\/\/www.galerie-schwarz-weiss.de\/index.php?galerie","galerie_quelle_stadt":"Ibbenb\u00fcren","galerie_werk_typ":"","galerie_online_shop":"","galerie_werk_signale":"","galerie_ranking_score":"0","galerie_ranking_rang":"3337","galerie_claimed_by":""},"kuenstler":[14457,14452,14455,14440,14442,14450,14456,14454,14439,14435,14441,14446,14448,10513,14449,14436,14444,14447,14437,14458,14453,14443,5930,14451,14459,14438,14445],"galerie_stadt":[864],"galerie_typ":[],"galerie_land":[49],"class_list":["post-45193","galerie","type-galerie","status-publish","hentry","kuenstler-aaron-rahe","kuenstler-afrikanische-kunst","kuenstler-arsentij-pawlow","kuenstler-art-multiples","kuenstler-das-rheinprojekt","kuenstler-das-wesen-des-steins","kuenstler-eva-preckwinkel","kuenstler-fantasiewesen-und-farbwelten","kuenstler-gildas-coudrais","kuenstler-hans-castrup","kuenstler-helle-jetzig","kuenstler-holzdruck-auf-papier","kuenstler-josef-lange-grumfeld","kuenstler-junge-kunst","kuenstler-kristian-niemann","kuenstler-kunstwerke-in-sammlungen","kuenstler-malerei-auf-papier","kuenstler-mischtechnik-auf-papier","kuenstler-radierungen-in-der-schatulle","kuenstler-robert-stieve","kuenstler-sebastian-osterhaus","kuenstler-sonja-koczula","kuenstler-stephan-kaluza","kuenstler-theo-ntuntwana","kuenstler-unsere-datenschutzrichtlinien","kuenstler-vincent-chudeau","kuenstler-zeichnung-auf-papier","galerie_stadt-westerkappeln","galerie_land-de"],"acf":[],"_links":{"self":[{"href":"https:\/\/contemporary-arts.de\/index.php\/wp-json\/wp\/v2\/galerie\/45193","targetHints":{"allow":["GET"]}}],"collection":[{"href":"https:\/\/contemporary-arts.de\/index.php\/wp-json\/wp\/v2\/galerie"}],"about":[{"href":"https:\/\/contemporary-arts.de\/index.php\/wp-json\/wp\/v2\/types\/galerie"}],"author":[{"embeddable":true,"href":"https:\/\/contemporary-arts.de\/index.php\/wp-json\/wp\/v2\/users\/1"}],"wp:attachment":[{"href":"https:\/\/contemporary-arts.de\/index.php\/wp-json\/wp\/v2\/media?parent=45193"}],"wp:term":[{"taxonomy":"kuenstler","embeddable":true,"href":"https:\/\/contemporary-arts.de\/index.php\/wp-json\/wp\/v2\/kuenstler?post=45193"},{"taxonomy":"galerie_stadt","embeddable":true,"href":"https:\/\/contemporary-arts.de\/index.php\/wp-json\/wp\/v2\/galerie_stadt?post=45193"},{"taxonomy":"galerie_typ","embeddable":true,"href":"https:\/\/contemporary-arts.de\/index.php\/wp-json\/wp\/v2\/galerie_typ?post=45193"},{"taxonomy":"galerie_land","embeddable":true,"href":"https:\/\/contemporary-arts.de\/index.php\/wp-json\/wp\/v2\/galerie_land?post=45193"}],"curies":[{"name":"wp","href":"https:\/\/api.w.org\/{rel}","templated":true}]}}

<p>Der Schwerpunkt von GALERIE schwarz | weiss in Westerkappeln liegt auf Skulptur und Editionen. Zum Programm gehören 27 Künstlerinnen und Künstler. Der Blick geht dabei eher auf jüngere Positionen als auf etablierte Namen.</p>

Kandelhardtstraße 16

Ibbenbüren
