{"id":45189,"date":"2026-09-06T10:52:11","date_gmt":"2026-09-06T10:52:11","guid":{"rendered":"https:\/\/contemporary-arts.de\/?post_type=galerie&#038;p=45189"},"modified":"2026-09-06T12:37:04","modified_gmt":"2026-09-06T12:37:04","slug":"melanie-schoeckel-atelier-werkstatt-buchkunst-galerie","status":"publish","type":"galerie","link":"https:\/\/contemporary-arts.de\/index.php\/galerie\/melanie-schoeckel-atelier-werkstatt-buchkunst-galerie\/","title":{"rendered":"Melanie Sch\u00f6ckel &#8211; Atelier, Werkstatt, Buchkunst &amp; Galerie"},"content":{"rendered":"<p>Gezeigt wird bei Melanie Sch\u00f6ckel &#8211; Atelier, Werkstatt, Buchkunst &#038; Galerie in Fl\u00f6the \u00fcberwiegend Malerei und Druckgrafik. Das Programm umfasst 6 Positionen. Gearbeitet und gezeigt wird am selben Ort, der Weg zum Werk ist damit kurz.<\/p>\n","protected":false},"excerpt":{"rendered":"<p>Gezeigt wird bei Melanie Sch\u00f6ckel &#8211; Atelier, Werkstatt, Buchkunst &#038; Galerie in Fl\u00f6the \u00fcberwiegend Malerei und Druckgrafik. Das Programm umfasst 6 Positionen. Gearbeitet und gezeigt wird am selben Ort, der Weg zum Werk ist damit kurz.<\/p>\n","protected":false},"author":1,"featured_media":0,"template":"","meta":{"_acf_changed":false,"galerie_place_id":"ChIJkc5Y6sdcpUcRh0AUt89dOfI","galerie_address":"Schulstra\u00dfe 9","galerie_city":"Fl\u00f6the","galerie_zip":"38312","galerie_country":"DE","galerie_latitude":"52.0762865","galerie_longitude":"10.487861","galerie_phone":"+4915152402547","galerie_url":"http:\/\/www.ms-werkstatt-buchkunst.de\/","galerie_domain":"www.ms-werkstatt-buchkunst.de","galerie_rating_value":"5","galerie_rating_count":"10","galerie_galerist":"","galerie_gruendung":"","galerie_artists_url":"http:\/\/www.ms-werkstatt-buchkunst.de\/buchkunst\/k\u00fcnstlerb\u00fccher\/","galerie_about_url":"http:\/\/www.ms-werkstatt-buchkunst.de\/\u00fcber-mich\/","galerie_quelle_stadt":"Wolfenb\u00fcttel","galerie_werk_typ":"","galerie_online_shop":"","galerie_werk_signale":"","galerie_ranking_score":"0","galerie_ranking_rang":"3340","galerie_claimed_by":""},"kuenstler":[14461,14462,14460,14463,2375,8187],"galerie_stadt":[861],"galerie_typ":[],"galerie_land":[49],"class_list":["post-45189","galerie","type-galerie","status-publish","hentry","kuenstler-eros-morbus","kuenstler-fineliner-zeichnung","kuenstler-meine-werkstatt","kuenstler-schwarzes-brett","kuenstler-ueber-mich","kuenstler-vertrag-widerrufen","galerie_stadt-floethe","galerie_land-de"],"acf":[],"_links":{"self":[{"href":"https:\/\/contemporary-arts.de\/index.php\/wp-json\/wp\/v2\/galerie\/45189","targetHints":{"allow":["GET"]}}],"collection":[{"href":"https:\/\/contemporary-arts.de\/index.php\/wp-json\/wp\/v2\/galerie"}],"about":[{"href":"https:\/\/contemporary-arts.de\/index.php\/wp-json\/wp\/v2\/types\/galerie"}],"author":[{"embeddable":true,"href":"https:\/\/contemporary-arts.de\/index.php\/wp-json\/wp\/v2\/users\/1"}],"wp:attachment":[{"href":"https:\/\/contemporary-arts.de\/index.php\/wp-json\/wp\/v2\/media?parent=45189"}],"wp:term":[{"taxonomy":"kuenstler","embeddable":true,"href":"https:\/\/contemporary-arts.de\/index.php\/wp-json\/wp\/v2\/kuenstler?post=45189"},{"taxonomy":"galerie_stadt","embeddable":true,"href":"https:\/\/contemporary-arts.de\/index.php\/wp-json\/wp\/v2\/galerie_stadt?post=45189"},{"taxonomy":"galerie_typ","embeddable":true,"href":"https:\/\/contemporary-arts.de\/index.php\/wp-json\/wp\/v2\/galerie_typ?post=45189"},{"taxonomy":"galerie_land","embeddable":true,"href":"https:\/\/contemporary-arts.de\/index.php\/wp-json\/wp\/v2\/galerie_land?post=45189"}],"curies":[{"name":"wp","href":"https:\/\/api.w.org\/{rel}","templated":true}]}}

Melanie Schöckel &#8211; Atelier, Werkstatt, Buchkunst &amp; Galerie

<p>Gezeigt wird bei Melanie Schöckel &#8211; Atelier, Werkstatt, Buchkunst &#038; Galerie in Flöthe überwiegend Malerei und Druckgrafik. Das Programm umfasst 6 Positionen. Gearbeitet und gezeigt wird am selben Ort, der Weg zum Werk ist damit kurz.</p>

Schulstraße 9

Flöthe

http://www.ms-werkstatt-buchkunst.de/buchkunst/künstlerbücher/

http://www.ms-werkstatt-buchkunst.de/über-mich/

Wolfenbüttel
