{"id":45170,"date":"2026-09-06T10:52:12","date_gmt":"2026-09-06T10:52:12","guid":{"rendered":"https:\/\/contemporary-arts.de\/?post_type=galerie&#038;p=45170"},"modified":"2026-09-06T12:34:47","modified_gmt":"2026-09-06T12:34:47","slug":"galerie-estades-baden-baden","status":"publish","type":"galerie","link":"https:\/\/contemporary-arts.de\/index.php\/galerie\/galerie-estades-baden-baden\/","title":{"rendered":"Galerie Estades Baden-Baden"},"content":{"rendered":"<p>Galerie Estades Baden-Baden arbeitet in Baden-Baden mit Positionen aus Zeichnung. Vertreten werden 89 K\u00fcnstlerinnen und K\u00fcnstler. Zum Gesch\u00e4ft geh\u00f6rt auch der Handel mit Arbeiten aus zweiter Hand, was den Betrieb vom reinen Ausstellungsbetrieb unterscheidet.<\/p>\n","protected":false},"excerpt":{"rendered":"<p>Galerie Estades Baden-Baden arbeitet in Baden-Baden mit Positionen aus Zeichnung. Vertreten werden 89 K\u00fcnstlerinnen und K\u00fcnstler. Zum Gesch\u00e4ft geh\u00f6rt auch der Handel mit Arbeiten aus zweiter Hand, was den Betrieb vom reinen Ausstellungsbetrieb unterscheidet.<\/p>\n","protected":false},"author":1,"featured_media":0,"template":"","meta":{"_acf_changed":false,"galerie_place_id":"ChIJHTI0DLQfl0cR_coh04a5AW4","galerie_address":"Sophienstra\u00dfe 11","galerie_city":"Baden-Baden","galerie_zip":"76530","galerie_country":"DE","galerie_latitude":"48.7616962","galerie_longitude":"8.24153","galerie_phone":"+4972213974141","galerie_url":"http:\/\/www.estades.com\/","galerie_domain":"www.estades.com","galerie_rating_value":"4.7","galerie_rating_count":"7","galerie_galerist":"","galerie_gruendung":"","galerie_artists_url":"https:\/\/www.estades.com\/tous-les-artistes\/","galerie_about_url":"","galerie_quelle_stadt":"Baden-Baden","galerie_werk_typ":"","galerie_online_shop":"","galerie_werk_signale":"","galerie_ranking_score":"0","galerie_ranking_rang":"3377","galerie_claimed_by":""},"kuenstler":[14552,14602,14605,14575,14536,14532,14576,2773,14572,14549,14601,14564,14598,14600,14592,14587,14586,14537,14594,14607,14530,14531,14548,14546,1580,14590,14545,14534,14573,1574,14554,14559,14541,14606,10034,14568,14539,14569,14597,14583,14585,14562,14544,14547,14596,14563,14555,14574,14603,14538,14560,14582,14565,14543,14571,14581,14580,14604,14557,3223,14591,14561,14558,1425,14533,14584,1497,14588,14556,14566,14577,14551,2746,14529,14578,2771,14579,14542,14535,14589,14599,14595,14540,14593,14528,14553,14570,14550,14567],"galerie_stadt":[62],"galerie_typ":[],"galerie_land":[49],"class_list":["post-45170","galerie","type-galerie","status-publish","hentry","kuenstler-albert-marquet","kuenstler-alecos-fassianos","kuenstler-andre-cottavoz","kuenstler-andre-hambourg","kuenstler-antoniucci-volti","kuenstler-art-monumental","kuenstler-auguste-chabaud","kuenstler-bernard-buffet","kuenstler-bernard-cathelin","kuenstler-blasco-mentor","kuenstler-boris-campistron","kuenstler-camille-hilaire","kuenstler-chantal-porras","kuenstler-charles-malle","kuenstler-christophe-jehan","kuenstler-claude-venard","kuenstler-damien-colcombet","kuenstler-elisabeth-besnier","kuenstler-eugene-baboulene","kuenstler-expertise-achat","kuenstler-expertises-achats","kuenstler-expositions-exterieures","kuenstler-francois-nardi","kuenstler-francoise-de-felice","kuenstler-georges-mathieu","kuenstler-gerard-boudon","kuenstler-gilbert-pecoud","kuenstler-grands-maitres","kuenstler-guy-geymann","kuenstler-hans-hartung","kuenstler-henri-charles-manguin","kuenstler-henri-lachieze-rey","kuenstler-henri-malfroy","kuenstler-investir-dans-lart","kuenstler-irina-biatturi","kuenstler-isabelle-brizzi","kuenstler-jacques-truphemus","kuenstler-jean-carzou","kuenstler-jean-cocteau","kuenstler-jean-couty","kuenstler-jean-fusaro","kuenstler-jean-jansem","kuenstler-jean-sardi","kuenstler-jean-claude-novaro","kuenstler-jean-pierre-maltese","kuenstler-jenny-jacottet","kuenstler-jose-mange","kuenstler-jules-cavailles","kuenstler-les-anooki","kuenstler-louis-toffoli","kuenstler-ludwig-klimek","kuenstler-marc-dailly","kuenstler-marie-astoin","kuenstler-marie-sion","kuenstler-marie-laure-gerard-becuwe","kuenstler-marine-de-soos","kuenstler-mark-dedrie","kuenstler-max-agostini","kuenstler-maximilien-luce","kuenstler-mentions-legales","kuenstler-michel-bassompierre","kuenstler-michel-jouenne","kuenstler-nicolas-laty","kuenstler-niki-de-saint-phalle","kuenstler-nos-artistes-phares","kuenstler-olivier-lavorel","kuenstler-pablo-picasso","kuenstler-philippe-geluck","kuenstler-pierre-ambrogiani","kuenstler-pierre-boncompain","kuenstler-pierre-cornu","kuenstler-pierre-deval","kuenstler-politique-de-confidentialite","kuenstler-qui-sommes-nous","kuenstler-raoul-dufy","kuenstler-robert-combas","kuenstler-robert-delval","kuenstler-sacha-sosno","kuenstler-sculpteurs-et-art-monumental","kuenstler-stephane-gisclard","kuenstler-sylvie-derely","kuenstler-sylvie-mangaud","kuenstler-theo-tobiasse","kuenstler-thierry-loule","kuenstler-tous-les-artistes","kuenstler-vincent-courdouan","kuenstler-willy-eisenschitz","kuenstler-yan-zoritchak","kuenstler-yves-brayer","galerie_stadt-baden-baden","galerie_land-de"],"acf":[],"_links":{"self":[{"href":"https:\/\/contemporary-arts.de\/index.php\/wp-json\/wp\/v2\/galerie\/45170","targetHints":{"allow":["GET"]}}],"collection":[{"href":"https:\/\/contemporary-arts.de\/index.php\/wp-json\/wp\/v2\/galerie"}],"about":[{"href":"https:\/\/contemporary-arts.de\/index.php\/wp-json\/wp\/v2\/types\/galerie"}],"author":[{"embeddable":true,"href":"https:\/\/contemporary-arts.de\/index.php\/wp-json\/wp\/v2\/users\/1"}],"wp:attachment":[{"href":"https:\/\/contemporary-arts.de\/index.php\/wp-json\/wp\/v2\/media?parent=45170"}],"wp:term":[{"taxonomy":"kuenstler","embeddable":true,"href":"https:\/\/contemporary-arts.de\/index.php\/wp-json\/wp\/v2\/kuenstler?post=45170"},{"taxonomy":"galerie_stadt","embeddable":true,"href":"https:\/\/contemporary-arts.de\/index.php\/wp-json\/wp\/v2\/galerie_stadt?post=45170"},{"taxonomy":"galerie_typ","embeddable":true,"href":"https:\/\/contemporary-arts.de\/index.php\/wp-json\/wp\/v2\/galerie_typ?post=45170"},{"taxonomy":"galerie_land","embeddable":true,"href":"https:\/\/contemporary-arts.de\/index.php\/wp-json\/wp\/v2\/galerie_land?post=45170"}],"curies":[{"name":"wp","href":"https:\/\/api.w.org\/{rel}","templated":true}]}}

<p>Galerie Estades Baden-Baden arbeitet in Baden-Baden mit Positionen aus Zeichnung. Vertreten werden 89 Künstlerinnen und Künstler. Zum Geschäft gehört auch der Handel mit Arbeiten aus zweiter Hand, was den Betrieb vom reinen Ausstellungsbetrieb unterscheidet.</p>

Sophienstraße 11
