{"id":45112,"date":"2026-09-05T17:19:44","date_gmt":"2026-09-05T17:19:44","guid":{"rendered":"https:\/\/contemporary-arts.de\/?post_type=galerie&#038;p=45112"},"modified":"2026-09-05T17:19:44","modified_gmt":"2026-09-05T17:19:44","slug":"keramik-galerie-faita","status":"publish","type":"galerie","link":"https:\/\/contemporary-arts.de\/index.php\/galerie\/keramik-galerie-faita\/","title":{"rendered":"Keramik Galerie Faita"},"content":{"rendered":"<p>Die Keramik Galerie Faita besteht seit 1992 in Hameln und hat sich auf Keramik festgelegt. Vertreten werden nationale wie internationale Positionen, gezeigt werden Plastiken ebenso wie Gef\u00e4\u00dfkeramik. Eine Spezialisierung dieser Art ist selten, f\u00fcr Sammlerkeramik ist das Haus daher eine der wenigen festen Adressen im norddeutschen Raum.<\/p>\n","protected":false},"excerpt":{"rendered":"<p>Die Keramik Galerie Faita besteht seit 1992 in Hameln und hat sich auf Keramik festgelegt. Vertreten werden nationale wie internationale Positionen, gezeigt werden Plastiken ebenso wie Gef\u00e4\u00dfkeramik. Eine Spezialisierung dieser Art ist selten, f\u00fcr Sammlerkeramik ist das Haus daher eine der wenigen festen Adressen im norddeutschen Raum.<\/p>\n","protected":false},"author":1,"featured_media":0,"template":"","meta":{"_acf_changed":false,"galerie_place_id":"ChIJHdPKc_GOukcRgsr3GFzjsUY","galerie_address":"Alte Marktstra\u00dfe 45","galerie_city":"Hamelin","galerie_zip":"31785","galerie_country":"DE","galerie_latitude":"52.10271","galerie_longitude":"9.3592828","galerie_phone":"+495151959133","galerie_url":"https:\/\/www.keramik-galerie-faita.de\/","galerie_domain":"www.keramik-galerie-faita.de","galerie_rating_value":"4","galerie_rating_count":"30","galerie_galerist":"","galerie_gruendung":"","galerie_artists_url":"https:\/\/www.keramik-galerie-faita.de\/k\u00fcnstler-der-galerie\/","galerie_about_url":"https:\/\/www.keramik-galerie-faita.de\/galerie\/\u00fcber-uns\/","galerie_quelle_stadt":"Hameln","galerie_werk_typ":"","galerie_online_shop":"","galerie_werk_signale":"","galerie_ranking_score":"0","galerie_ranking_rang":"3422","galerie_claimed_by":""},"kuenstler":[14798,14796,14791,14799,14789,14793,14794,14790,14800,14792,14795,14788,14787],"galerie_stadt":[842],"galerie_typ":[],"galerie_land":[49],"class_list":["post-45112","galerie","type-galerie","status-publish","hentry","kuenstler-andreas-hinder","kuenstler-bernd-fischer","kuenstler-elke-sada","kuenstler-jan-kollwitz","kuenstler-joachim-lambrecht","kuenstler-jutta-albert","kuenstler-karin-bablok","kuenstler-martin-mcwilliam","kuenstler-martin-mindermann","kuenstler-roswitha-winde-pauls","kuenstler-silke-decker","kuenstler-susanne-kallenbach","kuenstler-ule-ewelt","galerie_stadt-hamelin","galerie_land-de"],"acf":[],"_links":{"self":[{"href":"https:\/\/contemporary-arts.de\/index.php\/wp-json\/wp\/v2\/galerie\/45112","targetHints":{"allow":["GET"]}}],"collection":[{"href":"https:\/\/contemporary-arts.de\/index.php\/wp-json\/wp\/v2\/galerie"}],"about":[{"href":"https:\/\/contemporary-arts.de\/index.php\/wp-json\/wp\/v2\/types\/galerie"}],"author":[{"embeddable":true,"href":"https:\/\/contemporary-arts.de\/index.php\/wp-json\/wp\/v2\/users\/1"}],"wp:attachment":[{"href":"https:\/\/contemporary-arts.de\/index.php\/wp-json\/wp\/v2\/media?parent=45112"}],"wp:term":[{"taxonomy":"kuenstler","embeddable":true,"href":"https:\/\/contemporary-arts.de\/index.php\/wp-json\/wp\/v2\/kuenstler?post=45112"},{"taxonomy":"galerie_stadt","embeddable":true,"href":"https:\/\/contemporary-arts.de\/index.php\/wp-json\/wp\/v2\/galerie_stadt?post=45112"},{"taxonomy":"galerie_typ","embeddable":true,"href":"https:\/\/contemporary-arts.de\/index.php\/wp-json\/wp\/v2\/galerie_typ?post=45112"},{"taxonomy":"galerie_land","embeddable":true,"href":"https:\/\/contemporary-arts.de\/index.php\/wp-json\/wp\/v2\/galerie_land?post=45112"}],"curies":[{"name":"wp","href":"https:\/\/api.w.org\/{rel}","templated":true}]}}

<p>Die Keramik Galerie Faita besteht seit 1992 in Hameln und hat sich auf Keramik festgelegt. Vertreten werden nationale wie internationale Positionen, gezeigt werden Plastiken ebenso wie Gefäßkeramik. Eine Spezialisierung dieser Art ist selten, für Sammlerkeramik ist das Haus daher eine der wenigen festen Adressen im norddeutschen Raum.</p>

Alte Marktstraße 45

https://www.keramik-galerie-faita.de/künstler-der-galerie/

https://www.keramik-galerie-faita.de/galerie/über-uns/
