{"id":45051,"date":"2026-09-06T10:52:21","date_gmt":"2026-09-06T10:52:21","guid":{"rendered":"https:\/\/contemporary-arts.de\/?post_type=galerie&#038;p=45051"},"modified":"2026-09-06T12:34:43","modified_gmt":"2026-09-06T12:34:43","slug":"galerie-stp","status":"publish","type":"galerie","link":"https:\/\/contemporary-arts.de\/index.php\/galerie\/galerie-stp\/","title":{"rendered":"Galerie STP"},"content":{"rendered":"<p>Galerie STP arbeitet als Galerie in Greifswald. Zum Programm geh\u00f6ren 55 K\u00fcnstlerinnen und K\u00fcnstler.<\/p>\n","protected":false},"excerpt":{"rendered":"<p>Galerie STP arbeitet als Galerie in Greifswald. Zum Programm geh\u00f6ren 55 K\u00fcnstlerinnen und K\u00fcnstler.<\/p>\n","protected":false},"author":1,"featured_media":0,"template":"","meta":{"_acf_changed":false,"galerie_place_id":"ChIJSwrYg3x0q0cRd-UEuR1Mk1o","galerie_address":"M\u00fchlenstra\u00dfe 20","galerie_city":"Greifswald","galerie_zip":"17489","galerie_country":"DE","galerie_latitude":"54.0952939","galerie_longitude":"13.3840035","galerie_phone":"+4938348830223","galerie_url":"http:\/\/www.galerie-stp.de\/","galerie_domain":"www.galerie-stp.de","galerie_rating_value":"5","galerie_rating_count":"8","galerie_galerist":"","galerie_gruendung":"","galerie_artists_url":"http:\/\/www.galerie-stp.de\/k\u00fcnstler\/","galerie_about_url":"http:\/\/www.galerie-stp.de\/about\/","galerie_quelle_stadt":"Greifswald","galerie_werk_typ":"","galerie_online_shop":"","galerie_werk_signale":"","galerie_ranking_score":"0","galerie_ranking_rang":"3489","galerie_claimed_by":""},"kuenstler":[15010,15016,15017,15011,15012,15013,15014,15015,15018,15006,15019,15020,15021,15022,15023,15024,15025,15026,15009,15027,15028,15029,15030,15031,15032,2603,15033,3453,9102,15034,15035,15036,15037,7016,15038,15039,15040,15041,15042,15043,15044,15045,6848,15046,15047,15048,15008,15049,15050,8187,15051,15052,15053,15007,15054],"galerie_stadt":[828],"galerie_typ":[],"galerie_land":[49],"class_list":["post-45051","galerie","type-galerie","status-publish","hentry","kuenstler-agnes-beleznay","kuenstler-alexander-fischer","kuenstler-alfons-alt","kuenstler-algis-griskevicius","kuenstler-alvin-booth","kuenstler-andrea-christl","kuenstler-anett-lau","kuenstler-antanas-sutkus","kuenstler-arturas-valiauga","kuenstler-auf-der-suche-ii","kuenstler-bertram-schiel","kuenstler-carola-brackrock","kuenstler-carsten-sander","kuenstler-christoph-kuenne","kuenstler-dani-olivier","kuenstler-eckard-labs","kuenstler-emil-gataullin","kuenstler-francois-delebecque","kuenstler-galerie-stp","kuenstler-gerd-ludwig","kuenstler-guenter-knop","kuenstler-horst-stasny","kuenstler-ildiko-sera","kuenstler-jutta-engelage","kuenstler-lars-heidemann","kuenstler-liefer-und-zahlungsbedingungen","kuenstler-lois-lammerhuber","kuenstler-loredana-nemes","kuenstler-mario-mueller","kuenstler-mark-olich","kuenstler-maurizio-sapia","kuenstler-michael-heckert","kuenstler-nadja-kuznetsova","kuenstler-nando-kallweit","kuenstler-norbert-rosing","kuenstler-oleg-yarovenko","kuenstler-oreste-monaco","kuenstler-peter-konschake","kuenstler-ramona-czygan","kuenstler-reimo-vosa-tangsoo","kuenstler-semjon-prosjak","kuenstler-sylvia-vandermeer","kuenstler-thomas-hoepker","kuenstler-timm-allrich","kuenstler-tom-r-m","kuenstler-tomasz-myjak","kuenstler-tono-stano","kuenstler-ulvis-alberts","kuenstler-uwe-ommer","kuenstler-vertrag-widerrufen","kuenstler-volkmar-herre","kuenstler-walter-schels","kuenstler-william-ropp","kuenstler-young-professionals","kuenstler-zuzana-pustaiova","galerie_stadt-greifswald","galerie_land-de"],"acf":[],"_links":{"self":[{"href":"https:\/\/contemporary-arts.de\/index.php\/wp-json\/wp\/v2\/galerie\/45051","targetHints":{"allow":["GET"]}}],"collection":[{"href":"https:\/\/contemporary-arts.de\/index.php\/wp-json\/wp\/v2\/galerie"}],"about":[{"href":"https:\/\/contemporary-arts.de\/index.php\/wp-json\/wp\/v2\/types\/galerie"}],"author":[{"embeddable":true,"href":"https:\/\/contemporary-arts.de\/index.php\/wp-json\/wp\/v2\/users\/1"}],"wp:attachment":[{"href":"https:\/\/contemporary-arts.de\/index.php\/wp-json\/wp\/v2\/media?parent=45051"}],"wp:term":[{"taxonomy":"kuenstler","embeddable":true,"href":"https:\/\/contemporary-arts.de\/index.php\/wp-json\/wp\/v2\/kuenstler?post=45051"},{"taxonomy":"galerie_stadt","embeddable":true,"href":"https:\/\/contemporary-arts.de\/index.php\/wp-json\/wp\/v2\/galerie_stadt?post=45051"},{"taxonomy":"galerie_typ","embeddable":true,"href":"https:\/\/contemporary-arts.de\/index.php\/wp-json\/wp\/v2\/galerie_typ?post=45051"},{"taxonomy":"galerie_land","embeddable":true,"href":"https:\/\/contemporary-arts.de\/index.php\/wp-json\/wp\/v2\/galerie_land?post=45051"}],"curies":[{"name":"wp","href":"https:\/\/api.w.org\/{rel}","templated":true}]}}

<p>Galerie STP arbeitet als Galerie in Greifswald. Zum Programm gehören 55 Künstlerinnen und Künstler.</p>

Mühlenstraße 20

http://www.galerie-stp.de/künstler/
