{"id":45006,"date":"2026-09-06T10:52:22","date_gmt":"2026-09-06T10:52:22","guid":{"rendered":"https:\/\/contemporary-arts.de\/?post_type=galerie&#038;p=45006"},"modified":"2026-09-06T12:34:23","modified_gmt":"2026-09-06T12:34:23","slug":"gmuender-kunstverein-ev","status":"publish","type":"galerie","link":"https:\/\/contemporary-arts.de\/index.php\/galerie\/gmuender-kunstverein-ev\/","title":{"rendered":"Gm\u00fcnder Kunstverein eV"},"content":{"rendered":"<p>Im Programm von Gm\u00fcnder Kunstverein eV in Schw\u00e4bisch Gm\u00fcnd steht vor allem Malerei, Druckgrafik und Skulptur. Gezeigt werden Arbeiten von 4 K\u00fcnstlerinnen und K\u00fcnstlern. Neben dem Programm vor Ort ist das Haus auf Kunstmessen vertreten.<\/p>\n","protected":false},"excerpt":{"rendered":"<p>Im Programm von Gm\u00fcnder Kunstverein eV in Schw\u00e4bisch Gm\u00fcnd steht vor allem Malerei, Druckgrafik und Skulptur. Gezeigt werden Arbeiten von 4 K\u00fcnstlerinnen und K\u00fcnstlern. Neben dem Programm vor Ort ist das Haus auf Kunstmessen vertreten.<\/p>\n","protected":false},"author":1,"featured_media":0,"template":"","meta":{"_acf_changed":false,"galerie_place_id":"ChIJbWtxixqomUcRPQwEZg-uxu8","galerie_address":"Kornhausstra\u00dfe 14","galerie_city":"Schw\u00e4bisch Gm\u00fcnd","galerie_zip":"73525","galerie_country":"DE","galerie_latitude":"48.7984627","galerie_longitude":"9.7988078","galerie_phone":"+49717168393","galerie_url":"http:\/\/www.gmuender-kunstverein.de\/","galerie_domain":"www.gmuender-kunstverein.de","galerie_rating_value":"4.8","galerie_rating_count":"14","galerie_galerist":"","galerie_gruendung":"","galerie_artists_url":"https:\/\/www.gmuender-kunstverein.de\/querschnitt-2024\/","galerie_about_url":"","galerie_quelle_stadt":"Schw\u00e4bisch Gm\u00fcnd","galerie_werk_typ":"","galerie_online_shop":"","galerie_werk_signale":"","galerie_ranking_score":"0","galerie_ranking_rang":"3520","galerie_claimed_by":""},"kuenstler":[15417,15415,2567,15416],"galerie_stadt":[816],"galerie_typ":[],"galerie_land":[49],"class_list":["post-45006","galerie","type-galerie","status-publish","hentry","kuenstler-galerie-im-prediger","kuenstler-gmuender-kunstverein-e-v","kuenstler-mitglied-werden","kuenstler-mitglieder-kennenlernen","galerie_stadt-schwaebisch-gmuend","galerie_land-de"],"acf":[],"_links":{"self":[{"href":"https:\/\/contemporary-arts.de\/index.php\/wp-json\/wp\/v2\/galerie\/45006","targetHints":{"allow":["GET"]}}],"collection":[{"href":"https:\/\/contemporary-arts.de\/index.php\/wp-json\/wp\/v2\/galerie"}],"about":[{"href":"https:\/\/contemporary-arts.de\/index.php\/wp-json\/wp\/v2\/types\/galerie"}],"author":[{"embeddable":true,"href":"https:\/\/contemporary-arts.de\/index.php\/wp-json\/wp\/v2\/users\/1"}],"wp:attachment":[{"href":"https:\/\/contemporary-arts.de\/index.php\/wp-json\/wp\/v2\/media?parent=45006"}],"wp:term":[{"taxonomy":"kuenstler","embeddable":true,"href":"https:\/\/contemporary-arts.de\/index.php\/wp-json\/wp\/v2\/kuenstler?post=45006"},{"taxonomy":"galerie_stadt","embeddable":true,"href":"https:\/\/contemporary-arts.de\/index.php\/wp-json\/wp\/v2\/galerie_stadt?post=45006"},{"taxonomy":"galerie_typ","embeddable":true,"href":"https:\/\/contemporary-arts.de\/index.php\/wp-json\/wp\/v2\/galerie_typ?post=45006"},{"taxonomy":"galerie_land","embeddable":true,"href":"https:\/\/contemporary-arts.de\/index.php\/wp-json\/wp\/v2\/galerie_land?post=45006"}],"curies":[{"name":"wp","href":"https:\/\/api.w.org\/{rel}","templated":true}]}}

Gmünder Kunstverein eV

<p>Im Programm von Gmünder Kunstverein eV in Schwäbisch Gmünd steht vor allem Malerei, Druckgrafik und Skulptur. Gezeigt werden Arbeiten von 4 Künstlerinnen und Künstlern. Neben dem Programm vor Ort ist das Haus auf Kunstmessen vertreten.</p>

Kornhausstraße 14

Schwäbisch Gmünd
