{"id":44827,"date":"2026-09-06T10:52:26","date_gmt":"2026-09-06T10:52:26","guid":{"rendered":"https:\/\/contemporary-arts.de\/?post_type=galerie&#038;p=44827"},"modified":"2026-09-06T12:35:32","modified_gmt":"2026-09-06T12:35:32","slug":"galerie-dr-jochim-direktorenhaus","status":"publish","type":"galerie","link":"https:\/\/contemporary-arts.de\/index.php\/galerie\/galerie-dr-jochim-direktorenhaus\/","title":{"rendered":"galerie dr.jochim | Direktorenhaus"},"content":{"rendered":"<p>Die Galerie galerie dr.jochim | Direktorenhaus sitzt in Celle. Zum Programm geh\u00f6ren 6 K\u00fcnstlerinnen und K\u00fcnstler.<\/p>\n","protected":false},"excerpt":{"rendered":"<p>Die Galerie galerie dr.jochim | Direktorenhaus sitzt in Celle. Zum Programm geh\u00f6ren 6 K\u00fcnstlerinnen und K\u00fcnstler.<\/p>\n","protected":false},"author":1,"featured_media":0,"template":"","meta":{"_acf_changed":false,"galerie_place_id":"ChIJoSCw6qsisEcRQJDuhtENJg8","galerie_address":"Magnusstra\u00dfe 5","galerie_city":"Celle","galerie_zip":"29221","galerie_country":"DE","galerie_latitude":"52.6209337","galerie_longitude":"10.0793244","galerie_phone":"+495141900200","galerie_url":"http:\/\/galerie-jochim.de\/","galerie_domain":"galerie-jochim.de","galerie_rating_value":"4","galerie_rating_count":"2","galerie_galerist":"","galerie_gruendung":"","galerie_artists_url":"https:\/\/galerie-jochim.de\/kuenstler\/","galerie_about_url":"","galerie_quelle_stadt":"Celle","galerie_werk_typ":"","galerie_online_shop":"","galerie_werk_signale":"","galerie_ranking_score":"0","galerie_ranking_rang":"3695","galerie_claimed_by":""},"kuenstler":[5500,10754,15729,15490,7974,2273],"galerie_stadt":[763],"galerie_typ":[],"galerie_land":[49],"class_list":["post-44827","galerie","type-galerie","status-publish","hentry","kuenstler-alle-akzeptieren","kuenstler-cookie-und-datenschutzeinstellungen","kuenstler-dr-walter-jochim","kuenstler-einstellungen-akzeptieren","kuenstler-fenster-schliessen","kuenstler-menue-menue","galerie_stadt-celle","galerie_land-de"],"acf":[],"_links":{"self":[{"href":"https:\/\/contemporary-arts.de\/index.php\/wp-json\/wp\/v2\/galerie\/44827","targetHints":{"allow":["GET"]}}],"collection":[{"href":"https:\/\/contemporary-arts.de\/index.php\/wp-json\/wp\/v2\/galerie"}],"about":[{"href":"https:\/\/contemporary-arts.de\/index.php\/wp-json\/wp\/v2\/types\/galerie"}],"author":[{"embeddable":true,"href":"https:\/\/contemporary-arts.de\/index.php\/wp-json\/wp\/v2\/users\/1"}],"wp:attachment":[{"href":"https:\/\/contemporary-arts.de\/index.php\/wp-json\/wp\/v2\/media?parent=44827"}],"wp:term":[{"taxonomy":"kuenstler","embeddable":true,"href":"https:\/\/contemporary-arts.de\/index.php\/wp-json\/wp\/v2\/kuenstler?post=44827"},{"taxonomy":"galerie_stadt","embeddable":true,"href":"https:\/\/contemporary-arts.de\/index.php\/wp-json\/wp\/v2\/galerie_stadt?post=44827"},{"taxonomy":"galerie_typ","embeddable":true,"href":"https:\/\/contemporary-arts.de\/index.php\/wp-json\/wp\/v2\/galerie_typ?post=44827"},{"taxonomy":"galerie_land","embeddable":true,"href":"https:\/\/contemporary-arts.de\/index.php\/wp-json\/wp\/v2\/galerie_land?post=44827"}],"curies":[{"name":"wp","href":"https:\/\/api.w.org\/{rel}","templated":true}]}}

<p>Die Galerie galerie dr.jochim | Direktorenhaus sitzt in Celle. Zum Programm gehören 6 Künstlerinnen und Künstler.</p>

Magnusstraße 5
