{"id":44761,"date":"2026-09-06T10:52:28","date_gmt":"2026-09-06T10:52:28","guid":{"rendered":"https:\/\/contemporary-arts.de\/?post_type=galerie&#038;p=44761"},"modified":"2026-09-06T12:36:59","modified_gmt":"2026-09-06T12:36:59","slug":"kunstgalerie-hackl","status":"publish","type":"galerie","link":"https:\/\/contemporary-arts.de\/index.php\/galerie\/kunstgalerie-hackl\/","title":{"rendered":"Kunstgalerie Hackl"},"content":{"rendered":"<p>Der Schwerpunkt von Kunstgalerie Hackl in Landshut liegt auf Malerei, Druckgrafik und Skulptur. Zum Programm geh\u00f6ren 37 K\u00fcnstlerinnen und K\u00fcnstler.<\/p>\n","protected":false},"excerpt":{"rendered":"<p>Der Schwerpunkt von Kunstgalerie Hackl in Landshut liegt auf Malerei, Druckgrafik und Skulptur. Zum Programm geh\u00f6ren 37 K\u00fcnstlerinnen und K\u00fcnstler.<\/p>\n","protected":false},"author":1,"featured_media":0,"template":"","meta":{"_acf_changed":false,"galerie_place_id":"ChIJE6aj_XImnkcRvCck3BUQ6Jg","galerie_address":"Neustadt 447","galerie_city":"Landshut","galerie_zip":"84028","galerie_country":"DE","galerie_latitude":"48.5371865","galerie_longitude":"12.1541243","galerie_phone":"+498712761459","galerie_url":"http:\/\/www.kunstgalerie-hackl.de\/","galerie_domain":"www.kunstgalerie-hackl.de","galerie_rating_value":"4.6","galerie_rating_count":"13","galerie_galerist":"","galerie_gruendung":"","galerie_artists_url":"http:\/\/www.kunstgalerie-hackl.de\/kuenstler.html","galerie_about_url":"","galerie_quelle_stadt":"Landshut","galerie_werk_typ":"","galerie_online_shop":"","galerie_werk_signale":"","galerie_ranking_score":"0","galerie_ranking_rang":"3761","galerie_claimed_by":""},"kuenstler":[16000,15997,15994,15987,16002,15984,15999,15981,15990,16005,15992,5737,15983,15991,15820,16006,15989,15986,10043,15988,15985,16003,15996,16010,15837,16008,16007,16004,15998,15982,16009,16001,15979,1413,15980,15995,15993],"galerie_stadt":[746],"galerie_typ":[],"galerie_land":[49],"class_list":["post-44761","galerie","type-galerie","status-publish","hentry","kuenstler-angelika-gereluk","kuenstler-birgit-baumhammel","kuenstler-bruni-monnerjahn","kuenstler-christin-beck","kuenstler-evelyn-jungnick-endl","kuenstler-frank-miguletz","kuenstler-guenter-georg-burr","kuenstler-guenther-fruehmesser","kuenstler-hans-bayerl","kuenstler-heinz-felbermair","kuenstler-ira-tsantekidou","kuenstler-irene-suhr","kuenstler-isabella-moog","kuenstler-isolde-folger","kuenstler-jacqueline-aleksandrova","kuenstler-judith-lipfert","kuenstler-karlheinz-jakob","kuenstler-lora-monz","kuenstler-lucia-riccelli","kuenstler-luigi-marcon","kuenstler-malgorzata-wieclaw-szafranska","kuenstler-marion-ebner","kuenstler-marketa-luebben","kuenstler-martina-kreuzer","kuenstler-michael-ferner","kuenstler-paolo-randazzo","kuenstler-peter-fraundorfer","kuenstler-peter-hauerland","kuenstler-plamen-bibeschkov","kuenstler-regina-decker","kuenstler-siegfried-rabanser","kuenstler-stefanie-dirscherl","kuenstler-thomas-becker","kuenstler-ueber-uns","kuenstler-ulrich-hartig","kuenstler-wilhelm-zimmer","kuenstler-wlad-safronow","galerie_stadt-landshut","galerie_land-de"],"acf":[],"_links":{"self":[{"href":"https:\/\/contemporary-arts.de\/index.php\/wp-json\/wp\/v2\/galerie\/44761","targetHints":{"allow":["GET"]}}],"collection":[{"href":"https:\/\/contemporary-arts.de\/index.php\/wp-json\/wp\/v2\/galerie"}],"about":[{"href":"https:\/\/contemporary-arts.de\/index.php\/wp-json\/wp\/v2\/types\/galerie"}],"author":[{"embeddable":true,"href":"https:\/\/contemporary-arts.de\/index.php\/wp-json\/wp\/v2\/users\/1"}],"wp:attachment":[{"href":"https:\/\/contemporary-arts.de\/index.php\/wp-json\/wp\/v2\/media?parent=44761"}],"wp:term":[{"taxonomy":"kuenstler","embeddable":true,"href":"https:\/\/contemporary-arts.de\/index.php\/wp-json\/wp\/v2\/kuenstler?post=44761"},{"taxonomy":"galerie_stadt","embeddable":true,"href":"https:\/\/contemporary-arts.de\/index.php\/wp-json\/wp\/v2\/galerie_stadt?post=44761"},{"taxonomy":"galerie_typ","embeddable":true,"href":"https:\/\/contemporary-arts.de\/index.php\/wp-json\/wp\/v2\/galerie_typ?post=44761"},{"taxonomy":"galerie_land","embeddable":true,"href":"https:\/\/contemporary-arts.de\/index.php\/wp-json\/wp\/v2\/galerie_land?post=44761"}],"curies":[{"name":"wp","href":"https:\/\/api.w.org\/{rel}","templated":true}]}}

<p>Der Schwerpunkt von Kunstgalerie Hackl in Landshut liegt auf Malerei, Druckgrafik und Skulptur. Zum Programm gehören 37 Künstlerinnen und Künstler.</p>
