{"id":44623,"date":"2026-09-06T10:52:34","date_gmt":"2026-09-06T10:52:34","guid":{"rendered":"https:\/\/contemporary-arts.de\/?post_type=galerie&#038;p=44623"},"modified":"2026-09-06T12:35:39","modified_gmt":"2026-09-06T12:35:39","slug":"kiosk-galerie-schaufenster","status":"publish","type":"galerie","link":"https:\/\/contemporary-arts.de\/index.php\/galerie\/kiosk-galerie-schaufenster\/","title":{"rendered":"KiOSK | Galerie Schaufenster"},"content":{"rendered":"<p>In Dessau-Ro\u00dflau findet sich mit KiOSK | Galerie Schaufenster eine Galerie. Gezeigt werden Arbeiten von 11 K\u00fcnstlerinnen und K\u00fcnstlern.<\/p>\n","protected":false},"excerpt":{"rendered":"<p>In Dessau-Ro\u00dflau findet sich mit KiOSK | Galerie Schaufenster eine Galerie. Gezeigt werden Arbeiten von 11 K\u00fcnstlerinnen und K\u00fcnstlern.<\/p>\n","protected":false},"author":1,"featured_media":0,"template":"","meta":{"_acf_changed":false,"galerie_place_id":"ChIJi0P1FwAXpkcR5QheBn-9nbk","galerie_address":"Albrechtstra\u00dfe 128","galerie_city":"","galerie_zip":"06844","galerie_country":"DE","galerie_latitude":"51.8409932","galerie_longitude":"12.2441011","galerie_phone":"","galerie_url":"http:\/\/mitte-dessau.de\/","galerie_domain":"mitte-dessau.de","galerie_rating_value":"5","galerie_rating_count":"1","galerie_galerist":"","galerie_gruendung":"","galerie_artists_url":"https:\/\/mitte-dessau.de\/program\/","galerie_about_url":"","galerie_quelle_stadt":"Dessau-Ro\u00dflau","galerie_werk_typ":"","galerie_online_shop":"","galerie_werk_signale":"","galerie_ranking_score":"0","galerie_ranking_rang":"3904","galerie_claimed_by":""},"kuenstler":[16226,16232,16228,16225,2083,16231,16229,16227,7918,3061,16230],"galerie_stadt":[716],"galerie_typ":[],"galerie_land":[49],"class_list":["post-44623","galerie","type-galerie","status-publish","hentry","kuenstler-cafe-mitte","kuenstler-collapse-this-bar","kuenstler-copy-shortlink","kuenstler-jede-woche","kuenstler-log-in","kuenstler-manage-subscriptions","kuenstler-report-this-content","kuenstler-salsa-abend","kuenstler-sign-up","kuenstler-skip-to-content","kuenstler-view-post-in-reader","galerie_stadt-dessau-rosslau","galerie_land-de"],"acf":[],"_links":{"self":[{"href":"https:\/\/contemporary-arts.de\/index.php\/wp-json\/wp\/v2\/galerie\/44623","targetHints":{"allow":["GET"]}}],"collection":[{"href":"https:\/\/contemporary-arts.de\/index.php\/wp-json\/wp\/v2\/galerie"}],"about":[{"href":"https:\/\/contemporary-arts.de\/index.php\/wp-json\/wp\/v2\/types\/galerie"}],"author":[{"embeddable":true,"href":"https:\/\/contemporary-arts.de\/index.php\/wp-json\/wp\/v2\/users\/1"}],"wp:attachment":[{"href":"https:\/\/contemporary-arts.de\/index.php\/wp-json\/wp\/v2\/media?parent=44623"}],"wp:term":[{"taxonomy":"kuenstler","embeddable":true,"href":"https:\/\/contemporary-arts.de\/index.php\/wp-json\/wp\/v2\/kuenstler?post=44623"},{"taxonomy":"galerie_stadt","embeddable":true,"href":"https:\/\/contemporary-arts.de\/index.php\/wp-json\/wp\/v2\/galerie_stadt?post=44623"},{"taxonomy":"galerie_typ","embeddable":true,"href":"https:\/\/contemporary-arts.de\/index.php\/wp-json\/wp\/v2\/galerie_typ?post=44623"},{"taxonomy":"galerie_land","embeddable":true,"href":"https:\/\/contemporary-arts.de\/index.php\/wp-json\/wp\/v2\/galerie_land?post=44623"}],"curies":[{"name":"wp","href":"https:\/\/api.w.org\/{rel}","templated":true}]}}

<p>In Dessau-Roßlau findet sich mit KiOSK | Galerie Schaufenster eine Galerie. Gezeigt werden Arbeiten von 11 Künstlerinnen und Künstlern.</p>

Albrechtstraße 128

Dessau-Roßlau
