{"id":44580,"date":"2026-09-06T10:52:35","date_gmt":"2026-09-06T10:52:35","guid":{"rendered":"https:\/\/contemporary-arts.de\/?post_type=galerie&#038;p=44580"},"modified":"2026-09-06T12:36:55","modified_gmt":"2026-09-06T12:36:55","slug":"galerie-niko-thiessen","status":"publish","type":"galerie","link":"https:\/\/contemporary-arts.de\/index.php\/galerie\/galerie-niko-thiessen\/","title":{"rendered":"Galerie Niko Thiessen"},"content":{"rendered":"<p>Galerie Niko Thiessen hat sich in D\u00fcren auf Druckgrafik ausgerichtet. Das Programm umfasst 57 Positionen.<\/p>\n","protected":false},"excerpt":{"rendered":"<p>Galerie Niko Thiessen hat sich in D\u00fcren auf Druckgrafik ausgerichtet. Das Programm umfasst 57 Positionen.<\/p>\n","protected":false},"author":1,"featured_media":0,"template":"","meta":{"_acf_changed":false,"galerie_place_id":"ChIJ-bw59V5ov0cRG_CykaNJ1Lw","galerie_address":"K\u00f6lnstra\u00dfe 49","galerie_city":"D\u00fcren","galerie_zip":"52351","galerie_country":"DE","galerie_latitude":"50.8037","galerie_longitude":"6.4875324","galerie_phone":"+492421555789","galerie_url":"http:\/\/www.galerie-thiessen.de\/","galerie_domain":"www.galerie-thiessen.de","galerie_rating_value":"4.9","galerie_rating_count":"20","galerie_galerist":"","galerie_gruendung":"","galerie_artists_url":"https:\/\/www.galerie-thiessen.de\/kuenstler\/","galerie_about_url":"https:\/\/www.galerie-thiessen.de\/ueber-uns\/","galerie_quelle_stadt":"D\u00fcren","galerie_werk_typ":"","galerie_online_shop":"","galerie_werk_signale":"","galerie_ranking_score":"0","galerie_ranking_rang":"3944","galerie_claimed_by":""},"kuenstler":[4008,16266,16248,16251,16259,14851,2049,15806,6074,16249,8033,16246,16247,9164,16264,9155,16258,16252,16253,16005,2770,16254,3519,1642,9156,16256,16260,1612,16257,6206,16261,2217,16267,16263,9154,16250,9183,9152,1497,9173,2905,16268,7833,16269,16270,16262,16244,16245,9226,16255,9159,6734,1413,9151,15856,16265,8918],"galerie_stadt":[704],"galerie_typ":[],"galerie_land":[49],"class_list":["post-44580","galerie","type-galerie","status-publish","hentry","kuenstler-a-r-penck","kuenstler-atelier-thiessen","kuenstler-barbara-steinmann","kuenstler-bea-danckaet","kuenstler-bernard-pianta","kuenstler-bruno-bruni","kuenstler-charles-fazzino","kuenstler-cilia-de-munnik","kuenstler-cookie-einstellungen","kuenstler-david-dodsworth","kuenstler-die-galerie","kuenstler-dieter-portugal","kuenstler-el-bocho","kuenstler-elvira-bach","kuenstler-even-gur","kuenstler-frank-zander","kuenstler-franz-burghardt","kuenstler-georges-dussau","kuenstler-hegen-tuch","kuenstler-heinz-felbermair","kuenstler-henri-matisse","kuenstler-j-borneman","kuenstler-james-rizzi","kuenstler-joan-miro","kuenstler-joerg-knoer","kuenstler-joerg-knorr","kuenstler-manuela-daniel","kuenstler-marc-chagall","kuenstler-marc-antoinie-loutreb","kuenstler-markus-luepertz","kuenstler-matt-bruce","kuenstler-mehr-informationen","kuenstler-michael-bille","kuenstler-michael-friess","kuenstler-michel-friess","kuenstler-nancy-lee","kuenstler-otmar-alt","kuenstler-otto-waalkes","kuenstler-pablo-picasso","kuenstler-patrick-preller","kuenstler-petrus-de-man","kuenstler-powerd-by-wordpress","kuenstler-privacy-overview","kuenstler-rechte-der-betroffenen-person","kuenstler-rechtsgrundlage-der-verarbeitung","kuenstler-ruediger-brassel","kuenstler-s-dali","kuenstler-s-ragone","kuenstler-sean-scully","kuenstler-sergej-voljakov","kuenstler-tanja-kiesewalter","kuenstler-thomas-jankowski","kuenstler-ueber-uns","kuenstler-udo-lindenberg","kuenstler-ulrike-langen","kuenstler-und-viele-mehr","kuenstler-volker-kuehn","galerie_stadt-dueren","galerie_land-de"],"acf":[],"_links":{"self":[{"href":"https:\/\/contemporary-arts.de\/index.php\/wp-json\/wp\/v2\/galerie\/44580","targetHints":{"allow":["GET"]}}],"collection":[{"href":"https:\/\/contemporary-arts.de\/index.php\/wp-json\/wp\/v2\/galerie"}],"about":[{"href":"https:\/\/contemporary-arts.de\/index.php\/wp-json\/wp\/v2\/types\/galerie"}],"author":[{"embeddable":true,"href":"https:\/\/contemporary-arts.de\/index.php\/wp-json\/wp\/v2\/users\/1"}],"wp:attachment":[{"href":"https:\/\/contemporary-arts.de\/index.php\/wp-json\/wp\/v2\/media?parent=44580"}],"wp:term":[{"taxonomy":"kuenstler","embeddable":true,"href":"https:\/\/contemporary-arts.de\/index.php\/wp-json\/wp\/v2\/kuenstler?post=44580"},{"taxonomy":"galerie_stadt","embeddable":true,"href":"https:\/\/contemporary-arts.de\/index.php\/wp-json\/wp\/v2\/galerie_stadt?post=44580"},{"taxonomy":"galerie_typ","embeddable":true,"href":"https:\/\/contemporary-arts.de\/index.php\/wp-json\/wp\/v2\/galerie_typ?post=44580"},{"taxonomy":"galerie_land","embeddable":true,"href":"https:\/\/contemporary-arts.de\/index.php\/wp-json\/wp\/v2\/galerie_land?post=44580"}],"curies":[{"name":"wp","href":"https:\/\/api.w.org\/{rel}","templated":true}]}}

<p>Galerie Niko Thiessen hat sich in Düren auf Druckgrafik ausgerichtet. Das Programm umfasst 57 Positionen.</p>

Kölnstraße 49

Düren
