{"id":44483,"date":"2026-09-06T10:52:38","date_gmt":"2026-09-06T10:52:38","guid":{"rendered":"https:\/\/contemporary-arts.de\/?post_type=galerie&#038;p=44483"},"modified":"2026-09-06T12:34:05","modified_gmt":"2026-09-06T12:34:05","slug":"galerie-bodenseekreis-im-roten-haus","status":"publish","type":"galerie","link":"https:\/\/contemporary-arts.de\/index.php\/galerie\/galerie-bodenseekreis-im-roten-haus\/","title":{"rendered":"Galerie Bodenseekreis im Roten Haus"},"content":{"rendered":"<p>In Meersburg zeigt Galerie Bodenseekreis im Roten Haus \u00fcberwiegend Malerei, Fotografie und Skulptur. Vertreten werden 3 K\u00fcnstlerinnen und K\u00fcnstler.<\/p>\n","protected":false},"excerpt":{"rendered":"<p>In Meersburg zeigt Galerie Bodenseekreis im Roten Haus \u00fcberwiegend Malerei, Fotografie und Skulptur. Vertreten werden 3 K\u00fcnstlerinnen und K\u00fcnstler.<\/p>\n","protected":false},"author":1,"featured_media":0,"template":"","meta":{"_acf_changed":false,"galerie_place_id":"ChIJZSFBDWX4mkcR-I56m2EQY_Y","galerie_address":"Schlo\u00dfpl. 13","galerie_city":"Meersburg","galerie_zip":"88709","galerie_country":"DE","galerie_latitude":"47.6935597","galerie_longitude":"9.2726877","galerie_phone":"+497532494129","galerie_url":"http:\/\/www.galerie-bodenseekreis.de\/","galerie_domain":"www.galerie-bodenseekreis.de","galerie_rating_value":"4.6","galerie_rating_count":"29","galerie_galerist":"","galerie_gruendung":"","galerie_artists_url":"https:\/\/www.galerie-bodenseekreis.de\/programm\/","galerie_about_url":"","galerie_quelle_stadt":"Konstanz","galerie_werk_typ":"","galerie_online_shop":"","galerie_werk_signale":"","galerie_ranking_score":"0","galerie_ranking_rang":"4068","galerie_claimed_by":""},"kuenstler":[16608,16607,2060],"galerie_stadt":[681],"galerie_typ":[],"galerie_land":[49],"class_list":["post-44483","galerie","type-galerie","status-publish","hentry","kuenstler-museumspaedagogisches-begleitprogramm","kuenstler-rotes-haus","kuenstler-zum-inhalt-springen","galerie_stadt-meersburg","galerie_land-de"],"acf":[],"_links":{"self":[{"href":"https:\/\/contemporary-arts.de\/index.php\/wp-json\/wp\/v2\/galerie\/44483","targetHints":{"allow":["GET"]}}],"collection":[{"href":"https:\/\/contemporary-arts.de\/index.php\/wp-json\/wp\/v2\/galerie"}],"about":[{"href":"https:\/\/contemporary-arts.de\/index.php\/wp-json\/wp\/v2\/types\/galerie"}],"author":[{"embeddable":true,"href":"https:\/\/contemporary-arts.de\/index.php\/wp-json\/wp\/v2\/users\/1"}],"wp:attachment":[{"href":"https:\/\/contemporary-arts.de\/index.php\/wp-json\/wp\/v2\/media?parent=44483"}],"wp:term":[{"taxonomy":"kuenstler","embeddable":true,"href":"https:\/\/contemporary-arts.de\/index.php\/wp-json\/wp\/v2\/kuenstler?post=44483"},{"taxonomy":"galerie_stadt","embeddable":true,"href":"https:\/\/contemporary-arts.de\/index.php\/wp-json\/wp\/v2\/galerie_stadt?post=44483"},{"taxonomy":"galerie_typ","embeddable":true,"href":"https:\/\/contemporary-arts.de\/index.php\/wp-json\/wp\/v2\/galerie_typ?post=44483"},{"taxonomy":"galerie_land","embeddable":true,"href":"https:\/\/contemporary-arts.de\/index.php\/wp-json\/wp\/v2\/galerie_land?post=44483"}],"curies":[{"name":"wp","href":"https:\/\/api.w.org\/{rel}","templated":true}]}}

<p>In Meersburg zeigt Galerie Bodenseekreis im Roten Haus überwiegend Malerei, Fotografie und Skulptur. Vertreten werden 3 Künstlerinnen und Künstler.</p>

Schloßpl. 13
