{"id":44313,"date":"2026-09-06T10:52:41","date_gmt":"2026-09-06T10:52:41","guid":{"rendered":"https:\/\/contemporary-arts.de\/?post_type=galerie&#038;p=44313"},"modified":"2026-09-06T12:34:05","modified_gmt":"2026-09-06T12:34:05","slug":"galerie-schuermann-inh-andreas-verfuerth","status":"publish","type":"galerie","link":"https:\/\/contemporary-arts.de\/index.php\/galerie\/galerie-schuermann-inh-andreas-verfuerth\/","title":{"rendered":"Galerie Sch\u00fcrmann Inh. Andreas Verf\u00fcrth"},"content":{"rendered":"<p>Der Schwerpunkt von Galerie Sch\u00fcrmann Inh. Andreas Verf\u00fcrth in Kamp-Lintfort liegt auf Editionen. Zum Programm geh\u00f6ren 31 K\u00fcnstlerinnen und K\u00fcnstler.<\/p>\n","protected":false},"excerpt":{"rendered":"<p>Der Schwerpunkt von Galerie Sch\u00fcrmann Inh. Andreas Verf\u00fcrth in Kamp-Lintfort liegt auf Editionen. Zum Programm geh\u00f6ren 31 K\u00fcnstlerinnen und K\u00fcnstler.<\/p>\n","protected":false},"author":1,"featured_media":0,"template":"","meta":{"_acf_changed":false,"galerie_place_id":"ChIJvQYCM4CYuEcRrbinkIR7x0w","galerie_address":"Moerser Str. 252","galerie_city":"Kamp-Lintfort","galerie_zip":"47475","galerie_country":"DE","galerie_latitude":"51.50172","galerie_longitude":"6.54771","galerie_phone":"+49284255208","galerie_url":"http:\/\/www.galerie-schuermann.de\/","galerie_domain":"www.galerie-schuermann.de","galerie_rating_value":"4.5","galerie_rating_count":"28","galerie_galerist":"","galerie_gruendung":"","galerie_artists_url":"http:\/\/www.galerie-schuermann.de\/k\u00fcnstler\/","galerie_about_url":"","galerie_quelle_stadt":"Moers","galerie_werk_typ":"","galerie_online_shop":"","galerie_werk_signale":"","galerie_ranking_score":"0","galerie_ranking_rang":"4217","galerie_claimed_by":""},"kuenstler":[16869,16847,16871,16857,16862,16854,16868,16856,16851,16859,16861,16853,8033,8025,16866,16865,16850,15447,16846,16867,16860,16855,16864,16870,2047,16863,16849,16848,16852,16858,16157],"galerie_stadt":[632],"galerie_typ":[],"galerie_land":[49],"class_list":["post-44313","galerie","type-galerie","status-publish","hentry","kuenstler-andre-schweers","kuenstler-andrea-behn","kuenstler-anja-weinberg","kuenstler-antje-hassinger","kuenstler-ariane-koch","kuenstler-armin-goehringer","kuenstler-barbara-schmitz-becker","kuenstler-bettina-hachmann","kuenstler-brigitte-dams","kuenstler-christoph-heek","kuenstler-dan-hepperle","kuenstler-detlef-funder","kuenstler-die-galerie","kuenstler-dirk-salz","kuenstler-eberhard-ross","kuenstler-erik-pluis","kuenstler-frank-damm","kuenstler-frank-leske","kuenstler-galerie-schuermanninh-andreas-verfuerth","kuenstler-goetz-sambale","kuenstler-hannes-helmke","kuenstler-ilka-habrich","kuenstler-ivica-matijevic","kuenstler-jessica-maria-toliver","kuenstler-joerg-doering","kuenstler-martin-langer","kuenstler-michael-cleff","kuenstler-ralf-bohnenkamp","kuenstler-sabine-ehrle-niederehe","kuenstler-sybille-hassinger","kuenstler-thomas-roethel","galerie_stadt-kamp-lintfort","galerie_land-de"],"acf":[],"_links":{"self":[{"href":"https:\/\/contemporary-arts.de\/index.php\/wp-json\/wp\/v2\/galerie\/44313","targetHints":{"allow":["GET"]}}],"collection":[{"href":"https:\/\/contemporary-arts.de\/index.php\/wp-json\/wp\/v2\/galerie"}],"about":[{"href":"https:\/\/contemporary-arts.de\/index.php\/wp-json\/wp\/v2\/types\/galerie"}],"author":[{"embeddable":true,"href":"https:\/\/contemporary-arts.de\/index.php\/wp-json\/wp\/v2\/users\/1"}],"wp:attachment":[{"href":"https:\/\/contemporary-arts.de\/index.php\/wp-json\/wp\/v2\/media?parent=44313"}],"wp:term":[{"taxonomy":"kuenstler","embeddable":true,"href":"https:\/\/contemporary-arts.de\/index.php\/wp-json\/wp\/v2\/kuenstler?post=44313"},{"taxonomy":"galerie_stadt","embeddable":true,"href":"https:\/\/contemporary-arts.de\/index.php\/wp-json\/wp\/v2\/galerie_stadt?post=44313"},{"taxonomy":"galerie_typ","embeddable":true,"href":"https:\/\/contemporary-arts.de\/index.php\/wp-json\/wp\/v2\/galerie_typ?post=44313"},{"taxonomy":"galerie_land","embeddable":true,"href":"https:\/\/contemporary-arts.de\/index.php\/wp-json\/wp\/v2\/galerie_land?post=44313"}],"curies":[{"name":"wp","href":"https:\/\/api.w.org\/{rel}","templated":true}]}}

Galerie Schürmann Inh. Andreas Verfürth

<p>Der Schwerpunkt von Galerie Schürmann Inh. Andreas Verfürth in Kamp-Lintfort liegt auf Editionen. Zum Programm gehören 31 Künstlerinnen und Künstler.</p>

http://www.galerie-schuermann.de/künstler/
