{"id":44266,"date":"2026-09-05T17:19:44","date_gmt":"2026-09-05T17:19:44","guid":{"rendered":"https:\/\/contemporary-arts.de\/?post_type=galerie&#038;p=44266"},"modified":"2026-09-05T17:19:44","modified_gmt":"2026-09-05T17:19:44","slug":"galerie-149","status":"publish","type":"galerie","link":"https:\/\/contemporary-arts.de\/index.php\/galerie\/galerie-149\/","title":{"rendered":"Galerie 149"},"content":{"rendered":"<p>Die Galerie 149 in Bremerhaven erm\u00f6glicht K\u00fcnstlerinnen und K\u00fcnstlern aus Fotografie, Grafik, Malerei und Plastik regelm\u00e4\u00dfig Ausstellungen. Getragen wird sie als Verein mit Satzung und Mitgliedschaft. Der Zuschnitt ist nichtkommerziell, was das Programm breiter und weniger marktorientiert macht.<\/p>\n","protected":false},"excerpt":{"rendered":"<p>Die Galerie 149 in Bremerhaven erm\u00f6glicht K\u00fcnstlerinnen und K\u00fcnstlern aus Fotografie, Grafik, Malerei und Plastik regelm\u00e4\u00dfig Ausstellungen. Getragen wird sie als Verein mit Satzung und Mitgliedschaft. Der Zuschnitt ist nichtkommerziell, was das Programm breiter und weniger marktorientiert macht.<\/p>\n","protected":false},"author":1,"featured_media":0,"template":"","meta":{"_acf_changed":false,"galerie_place_id":"ChIJ5xfZaQKxtkcRwhLzvlesfVY","galerie_address":"B\u00fcrgermeister-Smidt-Stra\u00dfe 149","galerie_city":"Bremerhaven","galerie_zip":"27568","galerie_country":"DE","galerie_latitude":"53.5529253","galerie_longitude":"8.5714228","galerie_phone":"+49471414639","galerie_url":"https:\/\/www.galerie-149.de\/","galerie_domain":"www.galerie-149.de","galerie_rating_value":"4.1","galerie_rating_count":"14","galerie_galerist":"","galerie_gruendung":"","galerie_artists_url":"https:\/\/www.galerie-149.de\/artists\/","galerie_about_url":"https:\/\/www.galerie-149.de\/die-geschichte-der-galerie-149\/","galerie_quelle_stadt":"Bremerhaven","galerie_werk_typ":"","galerie_online_shop":"","galerie_werk_signale":"","galerie_ranking_score":"0","galerie_ranking_rang":"4268","galerie_claimed_by":""},"kuenstler":[17014,17017,17018,17013,17016,17012,17015],"galerie_stadt":[621],"galerie_typ":[],"galerie_land":[49],"class_list":["post-44266","galerie","type-galerie","status-publish","hentry","kuenstler-clemens-austen","kuenstler-frauke-beeck","kuenstler-gaby-bergmann","kuenstler-hella-alber-meyer","kuenstler-nana-rh-bastrup","kuenstler-naser-nassan-agha","kuenstler-ursula-barwitzki","galerie_stadt-bremerhaven","galerie_land-de"],"acf":[],"_links":{"self":[{"href":"https:\/\/contemporary-arts.de\/index.php\/wp-json\/wp\/v2\/galerie\/44266","targetHints":{"allow":["GET"]}}],"collection":[{"href":"https:\/\/contemporary-arts.de\/index.php\/wp-json\/wp\/v2\/galerie"}],"about":[{"href":"https:\/\/contemporary-arts.de\/index.php\/wp-json\/wp\/v2\/types\/galerie"}],"author":[{"embeddable":true,"href":"https:\/\/contemporary-arts.de\/index.php\/wp-json\/wp\/v2\/users\/1"}],"wp:attachment":[{"href":"https:\/\/contemporary-arts.de\/index.php\/wp-json\/wp\/v2\/media?parent=44266"}],"wp:term":[{"taxonomy":"kuenstler","embeddable":true,"href":"https:\/\/contemporary-arts.de\/index.php\/wp-json\/wp\/v2\/kuenstler?post=44266"},{"taxonomy":"galerie_stadt","embeddable":true,"href":"https:\/\/contemporary-arts.de\/index.php\/wp-json\/wp\/v2\/galerie_stadt?post=44266"},{"taxonomy":"galerie_typ","embeddable":true,"href":"https:\/\/contemporary-arts.de\/index.php\/wp-json\/wp\/v2\/galerie_typ?post=44266"},{"taxonomy":"galerie_land","embeddable":true,"href":"https:\/\/contemporary-arts.de\/index.php\/wp-json\/wp\/v2\/galerie_land?post=44266"}],"curies":[{"name":"wp","href":"https:\/\/api.w.org\/{rel}","templated":true}]}}

<p>Die Galerie 149 in Bremerhaven ermöglicht Künstlerinnen und Künstlern aus Fotografie, Grafik, Malerei und Plastik regelmäßig Ausstellungen. Getragen wird sie als Verein mit Satzung und Mitgliedschaft. Der Zuschnitt ist nichtkommerziell, was das Programm breiter und weniger marktorientiert macht.</p>

Bürgermeister-Smidt-Straße 149
