{"id":44232,"date":"2026-09-06T10:52:49","date_gmt":"2026-09-06T10:52:49","guid":{"rendered":"https:\/\/contemporary-arts.de\/?post_type=galerie&#038;p=44232"},"modified":"2026-09-06T12:33:54","modified_gmt":"2026-09-06T12:33:54","slug":"galerie-wutzke-gmbh","status":"publish","type":"galerie","link":"https:\/\/contemporary-arts.de\/index.php\/galerie\/galerie-wutzke-gmbh\/","title":{"rendered":"Galerie Wutzke GmbH"},"content":{"rendered":"<p>Die Galerie Galerie Wutzke GmbH sitzt in Koblenz. Zum Programm geh\u00f6ren 15 K\u00fcnstlerinnen und K\u00fcnstler.<\/p>\n","protected":false},"excerpt":{"rendered":"<p>Die Galerie Galerie Wutzke GmbH sitzt in Koblenz. Zum Programm geh\u00f6ren 15 K\u00fcnstlerinnen und K\u00fcnstler.<\/p>\n","protected":false},"author":1,"featured_media":0,"template":"","meta":{"_acf_changed":false,"galerie_place_id":"ChIJgzIWDaV8vkcRRerPEbOs5ho","galerie_address":"Schlo\u00dfstra\u00dfe 32","galerie_city":"Koblenz","galerie_zip":"56068","galerie_country":"DE","galerie_latitude":"50.3568822","galerie_longitude":"7.5952078","galerie_phone":"+4926137582","galerie_url":"http:\/\/www.galerie-wutzke.de\/","galerie_domain":"www.galerie-wutzke.de","galerie_rating_value":"4.8","galerie_rating_count":"69","galerie_galerist":"","galerie_gruendung":"","galerie_artists_url":"https:\/\/www.galerie-wutzke.de\/kuenstler\/","galerie_about_url":"https:\/\/www.galerie-wutzke.de\/leistungen\/ueber-uns\/","galerie_quelle_stadt":"Koblenz","galerie_werk_typ":"","galerie_online_shop":"","galerie_werk_signale":"","galerie_ranking_score":"0","galerie_ranking_rang":"4295","galerie_claimed_by":""},"kuenstler":[9162,17193,9174,17192,17190,17189,9655,3519,15824,17191,2217,9152,1413,9151,8918],"galerie_stadt":[606],"galerie_typ":[],"galerie_land":[49],"class_list":["post-44232","galerie","type-galerie","status-publish","hentry","kuenstler-armin-mueller-stahl","kuenstler-bilder-von-james-rizzi","kuenstler-christian-henze","kuenstler-diego-santos","kuenstler-harald-gloeoeckler","kuenstler-ihr-bild-auf-leinwand","kuenstler-inhalt-entsperren","kuenstler-james-rizzi","kuenstler-jutta-votteler","kuenstler-karin-mele","kuenstler-mehr-informationen","kuenstler-otto-waalkes","kuenstler-ueber-uns","kuenstler-udo-lindenberg","kuenstler-volker-kuehn","galerie_stadt-koblenz","galerie_land-de"],"acf":[],"_links":{"self":[{"href":"https:\/\/contemporary-arts.de\/index.php\/wp-json\/wp\/v2\/galerie\/44232","targetHints":{"allow":["GET"]}}],"collection":[{"href":"https:\/\/contemporary-arts.de\/index.php\/wp-json\/wp\/v2\/galerie"}],"about":[{"href":"https:\/\/contemporary-arts.de\/index.php\/wp-json\/wp\/v2\/types\/galerie"}],"author":[{"embeddable":true,"href":"https:\/\/contemporary-arts.de\/index.php\/wp-json\/wp\/v2\/users\/1"}],"wp:attachment":[{"href":"https:\/\/contemporary-arts.de\/index.php\/wp-json\/wp\/v2\/media?parent=44232"}],"wp:term":[{"taxonomy":"kuenstler","embeddable":true,"href":"https:\/\/contemporary-arts.de\/index.php\/wp-json\/wp\/v2\/kuenstler?post=44232"},{"taxonomy":"galerie_stadt","embeddable":true,"href":"https:\/\/contemporary-arts.de\/index.php\/wp-json\/wp\/v2\/galerie_stadt?post=44232"},{"taxonomy":"galerie_typ","embeddable":true,"href":"https:\/\/contemporary-arts.de\/index.php\/wp-json\/wp\/v2\/galerie_typ?post=44232"},{"taxonomy":"galerie_land","embeddable":true,"href":"https:\/\/contemporary-arts.de\/index.php\/wp-json\/wp\/v2\/galerie_land?post=44232"}],"curies":[{"name":"wp","href":"https:\/\/api.w.org\/{rel}","templated":true}]}}

<p>Die Galerie Galerie Wutzke GmbH sitzt in Koblenz. Zum Programm gehören 15 Künstlerinnen und Künstler.</p>

Schloßstraße 32
