{"id":44195,"date":"2026-09-06T10:52:50","date_gmt":"2026-09-06T10:52:50","guid":{"rendered":"https:\/\/contemporary-arts.de\/?post_type=galerie&#038;p=44195"},"modified":"2026-09-06T12:35:32","modified_gmt":"2026-09-06T12:35:32","slug":"wenke-kunst-christfried-wenke","status":"publish","type":"galerie","link":"https:\/\/contemporary-arts.de\/index.php\/galerie\/wenke-kunst-christfried-wenke\/","title":{"rendered":"Wenke Kunst Christfried Wenke"},"content":{"rendered":"<p>In T\u00fcbingen zeigt Wenke Kunst Christfried Wenke \u00fcberwiegend Druckgrafik und Editionen. Vertreten werden 92 K\u00fcnstlerinnen und K\u00fcnstler. Editionen und Druckgrafik halten dabei einen festen Platz neben den Unikaten.<\/p>\n","protected":false},"excerpt":{"rendered":"<p>In T\u00fcbingen zeigt Wenke Kunst Christfried Wenke \u00fcberwiegend Druckgrafik und Editionen. Vertreten werden 92 K\u00fcnstlerinnen und K\u00fcnstler. Editionen und Druckgrafik halten dabei einen festen Platz neben den Unikaten.<\/p>\n","protected":false},"author":1,"featured_media":0,"template":"","meta":{"_acf_changed":false,"galerie_place_id":"ChIJ71aWjtP6mUcRQtB4jhzqZyw","galerie_address":"Kirchgasse 8","galerie_city":"T\u00fcbingen","galerie_zip":"72070","galerie_country":"DE","galerie_latitude":"48.5202814","galerie_longitude":"9.055407","galerie_phone":"+49707122271","galerie_url":"https:\/\/wenke-kunst.de\/","galerie_domain":"wenke-kunst.de","galerie_rating_value":"5","galerie_rating_count":"2","galerie_galerist":"","galerie_gruendung":"","galerie_artists_url":"https:\/\/wenke-kunst.de\/galerie\/kuenstler\/","galerie_about_url":"","galerie_quelle_stadt":"Reutlingen","galerie_werk_typ":"","galerie_online_shop":"","galerie_werk_signale":"","galerie_ranking_score":"0","galerie_ranking_rang":"4350","galerie_claimed_by":""},"kuenstler":[17251,2066,10200,4036,3561,17250,17276,17295,9162,17292,17252,17278,17296,17261,17299,17254,17289,17249,17259,9164,17262,17301,17242,17285,15811,17255,17273,17291,17263,17305,17246,17267,17283,17244,17245,17257,17293,17239,17270,8854,17240,17271,17272,17269,17264,17298,15440,14597,17258,17284,17274,17280,17238,1642,17248,17260,17281,5605,17294,17253,15828,17236,17277,1612,17303,16651,5891,17290,7820,17300,17237,17304,17265,17275,17279,14866,16262,17302,3130,2772,17243,17287,17256,17268,17247,15979,17286,17241,17288,17282,17266,17297],"galerie_stadt":[603],"galerie_typ":[],"galerie_land":[49],"class_list":["post-44195","galerie","type-galerie","status-publish","hentry","kuenstler-adolphe-cieslarczyk","kuenstler-alexander-calder","kuenstler-alfred-hrdlicka","kuenstler-andre-lanskoy","kuenstler-andre-masson","kuenstler-antoni-clave","kuenstler-antonio-jimenez","kuenstler-antonio-ravez","kuenstler-armin-mueller-stahl","kuenstler-arthur-luis-piza","kuenstler-axel-von-criegern","kuenstler-basilius-kleinhans","kuenstler-bo-regard","kuenstler-claude-gaveau","kuenstler-dieter-scheibel","kuenstler-edmond-dembinski","kuenstler-elfriede-otto","kuenstler-elisabeth-clerget","kuenstler-elisabeth-frei","kuenstler-elvira-bach","kuenstler-erhard-goettlicher","kuenstler-erich-schwenzer","kuenstler-erik-f-a-bersou","kuenstler-erika-molfenter","kuenstler-francis-mean","kuenstler-francoise-deberdt","kuenstler-frido-hohberger","kuenstler-friedel-peisert","kuenstler-gabriel-godard","kuenstler-galerie-und-werkstatt","kuenstler-gerard-bru","kuenstler-gerhard-halbritter","kuenstler-gerhard-messemer","kuenstler-gerth-biese","kuenstler-gilou-brillant","kuenstler-grigore-dontu","kuenstler-guillaume-piot","kuenstler-guy-bardone","kuenstler-hannah-hoech","kuenstler-hans-fronius","kuenstler-heiner-bauschert","kuenstler-heinz-hofer","kuenstler-heinz-hoffmann","kuenstler-helene-herb","kuenstler-henri-guibal","kuenstler-jadwiga-religa","kuenstler-james-coignard","kuenstler-jean-cocteau","kuenstler-jean-fernand","kuenstler-jean-miotte","kuenstler-jesus-iraizoz","kuenstler-joachim-lehrer","kuenstler-joan-gardy-artigas","kuenstler-joan-miro","kuenstler-joaquin-capa","kuenstler-johnny-g-friedlaender","kuenstler-josefina-marti","kuenstler-juergen-goerg","kuenstler-juri-platon","kuenstler-karl-fred-dahmen","kuenstler-konstantin-grabowski","kuenstler-kuenstler-bei-wenke-kunst","kuenstler-manfred-jung","kuenstler-marc-chagall","kuenstler-martin-m-strohmayer","kuenstler-max-ackermann","kuenstler-max-bill","kuenstler-max-papart","kuenstler-mein-konto","kuenstler-michael-schreiber","kuenstler-moshe-alon","kuenstler-muss-ein-rahmen-sein","kuenstler-pablo-rodriguez-guy","kuenstler-patrick-jannin-oms","kuenstler-peter-korinek","kuenstler-ralf-ehmann","kuenstler-ruediger-brassel","kuenstler-rudolf-sittner","kuenstler-salvador-dali","kuenstler-sam-francis","kuenstler-sergio-bertelli","kuenstler-siegrid-nienstedt","kuenstler-sonia-delaunay-terk","kuenstler-susanne-hartmann","kuenstler-thierry-buisson","kuenstler-thomas-becker","kuenstler-tilopa-monk","kuenstler-tuvia-beeri","kuenstler-udo-nolte","kuenstler-werner-merzhaeuser","kuenstler-willibrord-haas","kuenstler-wulf-reinshagen","galerie_stadt-tuebingen","galerie_land-de"],"acf":[],"_links":{"self":[{"href":"https:\/\/contemporary-arts.de\/index.php\/wp-json\/wp\/v2\/galerie\/44195","targetHints":{"allow":["GET"]}}],"collection":[{"href":"https:\/\/contemporary-arts.de\/index.php\/wp-json\/wp\/v2\/galerie"}],"about":[{"href":"https:\/\/contemporary-arts.de\/index.php\/wp-json\/wp\/v2\/types\/galerie"}],"author":[{"embeddable":true,"href":"https:\/\/contemporary-arts.de\/index.php\/wp-json\/wp\/v2\/users\/1"}],"wp:attachment":[{"href":"https:\/\/contemporary-arts.de\/index.php\/wp-json\/wp\/v2\/media?parent=44195"}],"wp:term":[{"taxonomy":"kuenstler","embeddable":true,"href":"https:\/\/contemporary-arts.de\/index.php\/wp-json\/wp\/v2\/kuenstler?post=44195"},{"taxonomy":"galerie_stadt","embeddable":true,"href":"https:\/\/contemporary-arts.de\/index.php\/wp-json\/wp\/v2\/galerie_stadt?post=44195"},{"taxonomy":"galerie_typ","embeddable":true,"href":"https:\/\/contemporary-arts.de\/index.php\/wp-json\/wp\/v2\/galerie_typ?post=44195"},{"taxonomy":"galerie_land","embeddable":true,"href":"https:\/\/contemporary-arts.de\/index.php\/wp-json\/wp\/v2\/galerie_land?post=44195"}],"curies":[{"name":"wp","href":"https:\/\/api.w.org\/{rel}","templated":true}]}}

<p>In Tübingen zeigt Wenke Kunst Christfried Wenke überwiegend Druckgrafik und Editionen. Vertreten werden 92 Künstlerinnen und Künstler. Editionen und Druckgrafik halten dabei einen festen Platz neben den Unikaten.</p>

Tübingen
