{"id":44061,"date":"2026-09-06T10:52:54","date_gmt":"2026-09-06T10:52:54","guid":{"rendered":"https:\/\/contemporary-arts.de\/?post_type=galerie&#038;p=44061"},"modified":"2026-09-06T12:34:06","modified_gmt":"2026-09-06T12:34:06","slug":"galerie-tobias-schrade","status":"publish","type":"galerie","link":"https:\/\/contemporary-arts.de\/index.php\/galerie\/galerie-tobias-schrade\/","title":{"rendered":"Galerie Tobias Schrade"},"content":{"rendered":"<p>Gezeigt wird bei Galerie Tobias Schrade in Ulm \u00fcberwiegend Skulptur. Gezeigt werden Arbeiten von 78 K\u00fcnstlerinnen und K\u00fcnstlern.<\/p>\n","protected":false},"excerpt":{"rendered":"<p>Gezeigt wird bei Galerie Tobias Schrade in Ulm \u00fcberwiegend Skulptur. Gezeigt werden Arbeiten von 78 K\u00fcnstlerinnen und K\u00fcnstlern.<\/p>\n","protected":false},"author":1,"featured_media":0,"template":"","meta":{"_acf_changed":false,"galerie_place_id":"ChIJRRhRJoVmmUcR6cIfctzY41Q","galerie_address":"Auf d. Insel 2","galerie_city":"Ulm","galerie_zip":"89073","galerie_country":"DE","galerie_latitude":"48.3962884","galerie_longitude":"9.9894767","galerie_phone":"+497311755660","galerie_url":"http:\/\/www.galerie-tobias-schrade.de\/","galerie_domain":"www.galerie-tobias-schrade.de","galerie_rating_value":"4.8","galerie_rating_count":"26","galerie_galerist":"","galerie_gruendung":"","galerie_artists_url":"http:\/\/www.galerie-tobias-schrade.de\/kuenstler\/","galerie_about_url":"","galerie_quelle_stadt":"Ulm","galerie_werk_typ":"","galerie_online_shop":"","galerie_werk_signale":"","galerie_ranking_score":"0","galerie_ranking_rang":"4485","galerie_claimed_by":""},"kuenstler":[17825,17860,17870,17832,17823,17819,17829,17838,17848,17826,17031,16163,17866,17312,5935,17830,17853,17845,15770,17855,17862,17857,15465,17869,17856,9105,17865,16523,16129,17858,17849,17844,11017,12619,15441,17840,12639,17821,17863,17861,17820,16111,17842,17846,17843,15777,17859,17835,15460,12743,15453,17831,17834,16203,17867,17818,17868,17852,17850,17833,17836,17841,7339,15456,16168,17824,15592,17847,17864,17837,17839,17854,15452,17827,17828,17822,17851,11888],"galerie_stadt":[570],"galerie_typ":[],"galerie_land":[49],"class_list":["post-44061","galerie","type-galerie","status-publish","hentry","kuenstler-albert-borchardt","kuenstler-andreas-stoehrer","kuenstler-anfahrt-google-maps","kuenstler-angela-ender","kuenstler-anja-billing","kuenstler-anna-arnskoetter","kuenstler-anne-carnein","kuenstler-annegret-hoch","kuenstler-annette-meincke-nagy","kuenstler-axel-brandt","kuenstler-barbara-deutschmann","kuenstler-bernd-schwarting","kuenstler-bettina-van-haaren","kuenstler-birte-horn","kuenstler-christofer-kochs","kuenstler-christoph-dittrich","kuenstler-christoph-platz","kuenstler-christopher-lehmpfuhl","kuenstler-clemens-heinl","kuenstler-clemens-schneider","kuenstler-corinna-theuring","kuenstler-daniel-kojo-schrade","kuenstler-daniel-wagenblast","kuenstler-danielle-zimmermann","kuenstler-dorothea-schrade","kuenstler-endy-hupperich","kuenstler-erol-uysal","kuenstler-florian-pelka","kuenstler-friedemann-grieshaber","kuenstler-hans-schuele","kuenstler-harry-meyer","kuenstler-hartmut-landauer","kuenstler-heiri-haefliger","kuenstler-irene-fastner","kuenstler-isa-dahl","kuenstler-isabelle-konrad","kuenstler-isabelle-roth","kuenstler-ivan-baschang","kuenstler-jan-thomas","kuenstler-jessi-strixner","kuenstler-jim-avignon","kuenstler-joerg-bach","kuenstler-joerg-kutschke","kuenstler-joerg-mandernach","kuenstler-kathrin-landa","kuenstler-lars-moeller","kuenstler-lothar-seruset","kuenstler-maike-graef","kuenstler-manuela-tirler","kuenstler-marc-taschowsky","kuenstler-marina-sailer","kuenstler-marion-eichmann","kuenstler-matthias-garff","kuenstler-menno-fahl","kuenstler-michael-waitz","kuenstler-navigation-aktuell","kuenstler-patricia-waller","kuenstler-patrick-pilsl","kuenstler-paul-mooney","kuenstler-pavel-feinstein","kuenstler-rasso-hecker","kuenstler-siegfried-kreitner","kuenstler-silke-spitzer","kuenstler-silvia-siemes","kuenstler-sonja-weber","kuenstler-stefan-bircheneder","kuenstler-stefan-schiek","kuenstler-susanne-maurer","kuenstler-tesfaye-urgessa","kuenstler-thomas-heger","kuenstler-thomas-kahl","kuenstler-thomas-putze","kuenstler-thomas-rissler","kuenstler-ulrich-brauchle","kuenstler-ulrike-buhl","kuenstler-ute-kathrin-beck","kuenstler-wolfgang-neumann","kuenstler-xianwei-zhu","galerie_stadt-ulm","galerie_land-de"],"acf":[],"_links":{"self":[{"href":"https:\/\/contemporary-arts.de\/index.php\/wp-json\/wp\/v2\/galerie\/44061","targetHints":{"allow":["GET"]}}],"collection":[{"href":"https:\/\/contemporary-arts.de\/index.php\/wp-json\/wp\/v2\/galerie"}],"about":[{"href":"https:\/\/contemporary-arts.de\/index.php\/wp-json\/wp\/v2\/types\/galerie"}],"author":[{"embeddable":true,"href":"https:\/\/contemporary-arts.de\/index.php\/wp-json\/wp\/v2\/users\/1"}],"wp:attachment":[{"href":"https:\/\/contemporary-arts.de\/index.php\/wp-json\/wp\/v2\/media?parent=44061"}],"wp:term":[{"taxonomy":"kuenstler","embeddable":true,"href":"https:\/\/contemporary-arts.de\/index.php\/wp-json\/wp\/v2\/kuenstler?post=44061"},{"taxonomy":"galerie_stadt","embeddable":true,"href":"https:\/\/contemporary-arts.de\/index.php\/wp-json\/wp\/v2\/galerie_stadt?post=44061"},{"taxonomy":"galerie_typ","embeddable":true,"href":"https:\/\/contemporary-arts.de\/index.php\/wp-json\/wp\/v2\/galerie_typ?post=44061"},{"taxonomy":"galerie_land","embeddable":true,"href":"https:\/\/contemporary-arts.de\/index.php\/wp-json\/wp\/v2\/galerie_land?post=44061"}],"curies":[{"name":"wp","href":"https:\/\/api.w.org\/{rel}","templated":true}]}}

<p>Gezeigt wird bei Galerie Tobias Schrade in Ulm überwiegend Skulptur. Gezeigt werden Arbeiten von 78 Künstlerinnen und Künstlern.</p>
