{"id":44045,"date":"2026-09-06T10:52:54","date_gmt":"2026-09-06T10:52:54","guid":{"rendered":"https:\/\/contemporary-arts.de\/?post_type=galerie&#038;p=44045"},"modified":"2026-09-06T12:36:55","modified_gmt":"2026-09-06T12:36:55","slug":"bege-galerien-galerie-am-saumarkt-ulm","status":"publish","type":"galerie","link":"https:\/\/contemporary-arts.de\/index.php\/galerie\/bege-galerien-galerie-am-saumarkt-ulm\/","title":{"rendered":"BEGE Galerien | Galerie am Saumarkt, Ulm"},"content":{"rendered":"<p>Gezeigt wird bei BEGE Galerien | Galerie am Saumarkt, Ulm in Ulm \u00fcberwiegend Druckgrafik und Skulptur. Gezeigt werden Arbeiten von 35 K\u00fcnstlerinnen und K\u00fcnstlern. Neben dem Programm vor Ort ist das Haus auf Kunstmessen vertreten.<\/p>\n","protected":false},"excerpt":{"rendered":"<p>Gezeigt wird bei BEGE Galerien | Galerie am Saumarkt, Ulm in Ulm \u00fcberwiegend Druckgrafik und Skulptur. Gezeigt werden Arbeiten von 35 K\u00fcnstlerinnen und K\u00fcnstlern. Neben dem Programm vor Ort ist das Haus auf Kunstmessen vertreten.<\/p>\n","protected":false},"author":1,"featured_media":0,"template":"","meta":{"_acf_changed":false,"galerie_place_id":"ChIJr6FXzJpmmUcRmYXgno7IhPE","galerie_address":"Fischergasse 34","galerie_city":"Ulm","galerie_zip":"89073","galerie_country":"DE","galerie_latitude":"48.39514","galerie_longitude":"9.98981","galerie_phone":"+4973163349","galerie_url":"http:\/\/www.bege-galerien.de\/","galerie_domain":"www.bege-galerien.de","galerie_rating_value":"4.5","galerie_rating_count":"20","galerie_galerist":"","galerie_gruendung":"","galerie_artists_url":"https:\/\/www.bege-galerien.de\/kuenstler-liste\/","galerie_about_url":"","galerie_quelle_stadt":"Ulm","galerie_werk_typ":"","galerie_online_shop":"","galerie_werk_signale":"","galerie_ranking_score":"0","galerie_ranking_rang":"4469","galerie_claimed_by":""},"kuenstler":[16854,17876,17880,4016,15807,1614,11279,11618,1909,11886,5184,17885,7211,17872,3820,3140,17877,17881,9153,8022,1425,2938,17886,17887,17878,17874,17883,17875,17871,17879,17815,17882,1413,17884,17873],"galerie_stadt":[570],"galerie_typ":[],"galerie_land":[49],"class_list":["post-44045","galerie","type-galerie","status-publish","hentry","kuenstler-armin-goehringer","kuenstler-arne-quinze","kuenstler-bege-galerien","kuenstler-bernar-venet","kuenstler-dan-pyle","kuenstler-eduardo-chillida","kuenstler-esther-hagenmaier","kuenstler-frank-teufel","kuenstler-guenther-uecker","kuenstler-hanna-roeckle","kuenstler-helmut-newton","kuenstler-immobilien-nothhelfer","kuenstler-james-francis-gill","kuenstler-jan-henderikse","kuenstler-jean-tinguely","kuenstler-jeff-koons","kuenstler-josephine-sagna","kuenstler-kunsthaus-frey","kuenstler-leon-loewentraut","kuenstler-miriam-prantl","kuenstler-niki-de-saint-phalle","kuenstler-patrizia-casagranda","kuenstler-restaurant-zur-forelle","kuenstler-ristorante-italiano-san-remo","kuenstler-robert-schad","kuenstler-sibylle-pasche","kuenstler-siebdruck-werbung-maendle","kuenstler-simone-pick","kuenstler-thomas-baumgaertel","kuenstler-tina-tahir","kuenstler-todd-williamson","kuenstler-tu-ego","kuenstler-ueber-uns","kuenstler-versicherte-kunst-m-trolle","kuenstler-wendoly-monteiro-da-costa","galerie_stadt-ulm","galerie_land-de"],"acf":[],"_links":{"self":[{"href":"https:\/\/contemporary-arts.de\/index.php\/wp-json\/wp\/v2\/galerie\/44045","targetHints":{"allow":["GET"]}}],"collection":[{"href":"https:\/\/contemporary-arts.de\/index.php\/wp-json\/wp\/v2\/galerie"}],"about":[{"href":"https:\/\/contemporary-arts.de\/index.php\/wp-json\/wp\/v2\/types\/galerie"}],"author":[{"embeddable":true,"href":"https:\/\/contemporary-arts.de\/index.php\/wp-json\/wp\/v2\/users\/1"}],"wp:attachment":[{"href":"https:\/\/contemporary-arts.de\/index.php\/wp-json\/wp\/v2\/media?parent=44045"}],"wp:term":[{"taxonomy":"kuenstler","embeddable":true,"href":"https:\/\/contemporary-arts.de\/index.php\/wp-json\/wp\/v2\/kuenstler?post=44045"},{"taxonomy":"galerie_stadt","embeddable":true,"href":"https:\/\/contemporary-arts.de\/index.php\/wp-json\/wp\/v2\/galerie_stadt?post=44045"},{"taxonomy":"galerie_typ","embeddable":true,"href":"https:\/\/contemporary-arts.de\/index.php\/wp-json\/wp\/v2\/galerie_typ?post=44045"},{"taxonomy":"galerie_land","embeddable":true,"href":"https:\/\/contemporary-arts.de\/index.php\/wp-json\/wp\/v2\/galerie_land?post=44045"}],"curies":[{"name":"wp","href":"https:\/\/api.w.org\/{rel}","templated":true}]}}

<p>Gezeigt wird bei BEGE Galerien | Galerie am Saumarkt, Ulm in Ulm überwiegend Druckgrafik und Skulptur. Gezeigt werden Arbeiten von 35 Künstlerinnen und Künstlern. Neben dem Programm vor Ort ist das Haus auf Kunstmessen vertreten.</p>
