{"id":43853,"date":"2026-09-06T10:53:00","date_gmt":"2026-09-06T10:53:00","guid":{"rendered":"https:\/\/contemporary-arts.de\/?post_type=galerie&#038;p=43853"},"modified":"2026-09-06T12:34:06","modified_gmt":"2026-09-06T12:34:06","slug":"bilder-koenig-kunsthandel","status":"publish","type":"galerie","link":"https:\/\/contemporary-arts.de\/index.php\/galerie\/bilder-koenig-kunsthandel\/","title":{"rendered":"Bilder K\u00f6nig Kunsthandel"},"content":{"rendered":"<p>Gezeigt wird bei Bilder K\u00f6nig Kunsthandel in Darmstadt \u00fcberwiegend Malerei, Druckgrafik und Zeichnung. Gezeigt werden Arbeiten von 27 K\u00fcnstlerinnen und K\u00fcnstlern.<\/p>\n","protected":false},"excerpt":{"rendered":"<p>Gezeigt wird bei Bilder K\u00f6nig Kunsthandel in Darmstadt \u00fcberwiegend Malerei, Druckgrafik und Zeichnung. Gezeigt werden Arbeiten von 27 K\u00fcnstlerinnen und K\u00fcnstlern.<\/p>\n","protected":false},"author":1,"featured_media":0,"template":"","meta":{"_acf_changed":false,"galerie_place_id":"ChIJm_5fLGNwvUcRtz7z17xOWz0","galerie_address":"Adelungstra\u00dfe 8","galerie_city":"Darmstadt","galerie_zip":"64283","galerie_country":"DE","galerie_latitude":"49.871025","galerie_longitude":"8.650026","galerie_phone":"+49615124074","galerie_url":"http:\/\/www.bilder-koenig.de\/","galerie_domain":"www.bilder-koenig.de","galerie_rating_value":"4.9","galerie_rating_count":"26","galerie_galerist":"","galerie_gruendung":"","galerie_artists_url":"http:\/\/www.bilder-koenig.de\/kuenstler\/","galerie_about_url":"http:\/\/www.bilder-koenig.de\/ueber-uns\/","galerie_quelle_stadt":"Darmstadt","galerie_werk_typ":"originale","galerie_online_shop":"nein","galerie_werk_signale":"","galerie_ranking_score":"0","galerie_ranking_rang":"4686","galerie_claimed_by":""},"kuenstler":[18540,18541,18542,6252,18543,18544,5598,18545,18546,9081,18547,18548,16572,15822,18549,16969,12564,12566,18551,18550,18553,18552,8918,18554,15787,12558,16972],"galerie_stadt":[191],"galerie_typ":[],"galerie_land":[49],"class_list":["post-43853","galerie","type-galerie","status-publish","hentry","kuenstler-anne-helm","kuenstler-astrid-heinecke","kuenstler-christian-claerbout","kuenstler-christian-sommer","kuenstler-christina-janssen","kuenstler-colette-bitker","kuenstler-devin-miles","kuenstler-el-witt","kuenstler-franz-heigel","kuenstler-gerhard-almbauer","kuenstler-hans-peter-madar","kuenstler-heribert-stragholz","kuenstler-iliya-zhelev","kuenstler-jenny-schaefer","kuenstler-johanna-wolff","kuenstler-martin-koester","kuenstler-mechtild-runde-witjes","kuenstler-robert-sgarra","kuenstler-stefanie-ramsel","kuenstler-tom-hartwig","kuenstler-unsere-oeffnungszeiten","kuenstler-vasile-leondar","kuenstler-volker-kuehn","kuenstler-vorkasse-per-ueberweisung","kuenstler-wilhelm-schlote","kuenstler-willi-kissmer","kuenstler-willi-landsknecht","galerie_stadt-darmstadt","galerie_land-de"],"acf":[],"_links":{"self":[{"href":"https:\/\/contemporary-arts.de\/index.php\/wp-json\/wp\/v2\/galerie\/43853","targetHints":{"allow":["GET"]}}],"collection":[{"href":"https:\/\/contemporary-arts.de\/index.php\/wp-json\/wp\/v2\/galerie"}],"about":[{"href":"https:\/\/contemporary-arts.de\/index.php\/wp-json\/wp\/v2\/types\/galerie"}],"author":[{"embeddable":true,"href":"https:\/\/contemporary-arts.de\/index.php\/wp-json\/wp\/v2\/users\/1"}],"wp:attachment":[{"href":"https:\/\/contemporary-arts.de\/index.php\/wp-json\/wp\/v2\/media?parent=43853"}],"wp:term":[{"taxonomy":"kuenstler","embeddable":true,"href":"https:\/\/contemporary-arts.de\/index.php\/wp-json\/wp\/v2\/kuenstler?post=43853"},{"taxonomy":"galerie_stadt","embeddable":true,"href":"https:\/\/contemporary-arts.de\/index.php\/wp-json\/wp\/v2\/galerie_stadt?post=43853"},{"taxonomy":"galerie_typ","embeddable":true,"href":"https:\/\/contemporary-arts.de\/index.php\/wp-json\/wp\/v2\/galerie_typ?post=43853"},{"taxonomy":"galerie_land","embeddable":true,"href":"https:\/\/contemporary-arts.de\/index.php\/wp-json\/wp\/v2\/galerie_land?post=43853"}],"curies":[{"name":"wp","href":"https:\/\/api.w.org\/{rel}","templated":true}]}}

Bilder König Kunsthandel

<p>Gezeigt wird bei Bilder König Kunsthandel in Darmstadt überwiegend Malerei, Druckgrafik und Zeichnung. Gezeigt werden Arbeiten von 27 Künstlerinnen und Künstlern.</p>

Adelungstraße 8
