{"id":43800,"date":"2026-09-06T10:53:01","date_gmt":"2026-09-06T10:53:01","guid":{"rendered":"https:\/\/contemporary-arts.de\/?post_type=galerie&#038;p=43800"},"modified":"2026-09-06T12:35:36","modified_gmt":"2026-09-06T12:35:36","slug":"upstairs-gallery","status":"publish","type":"galerie","link":"https:\/\/contemporary-arts.de\/index.php\/galerie\/upstairs-gallery\/","title":{"rendered":"UPSTAIRS-GALLERY"},"content":{"rendered":"<p>UPSTAIRS-GALLERY ist eine Galerie in Oldenburg. Zum Programm geh\u00f6ren 24 K\u00fcnstlerinnen und K\u00fcnstler.<\/p>\n","protected":false},"excerpt":{"rendered":"<p>UPSTAIRS-GALLERY ist eine Galerie in Oldenburg. Zum Programm geh\u00f6ren 24 K\u00fcnstlerinnen und K\u00fcnstler.<\/p>\n","protected":false},"author":1,"featured_media":0,"template":"","meta":{"_acf_changed":false,"galerie_place_id":"ChIJk19dr6DftkcRigeuxd4AtYk","galerie_address":"Gartenstra\u00dfe 34","galerie_city":"Oldenburg","galerie_zip":"26122","galerie_country":"DE","galerie_latitude":"53.1343242","galerie_longitude":"8.2068213","galerie_phone":"+4944168410003","galerie_url":"http:\/\/upstairs-gallery.de\/","galerie_domain":"upstairs-gallery.de","galerie_rating_value":"5","galerie_rating_count":"2","galerie_galerist":"","galerie_gruendung":"","galerie_artists_url":"http:\/\/upstairs-gallery.de\/artists","galerie_about_url":"","galerie_quelle_stadt":"Oldenburg","galerie_werk_typ":"unbestimmt","galerie_online_shop":"nein","galerie_werk_signale":"","galerie_ranking_score":"0","galerie_ranking_rang":"4740","galerie_claimed_by":""},"kuenstler":[11871,18695,18696,18687,18702,18698,17863,18704,18703,18692,18693,18690,18697,18688,18700,18699,18694,18701,18705,18689,18691,18706,18707,18708],"galerie_stadt":[528],"galerie_typ":[],"galerie_land":[49],"class_list":["post-43800","galerie","type-galerie","status-publish","hentry","kuenstler-alicia-viebrock","kuenstler-eckhard-doerr","kuenstler-enrico-fedrigoli","kuenstler-eunju-pi","kuenstler-guram-shavdia","kuenstler-hella-berent","kuenstler-jan-thomas","kuenstler-jana-zatvarnicka","kuenstler-jyrgen-ueberschaer","kuenstler-katharina-albers","kuenstler-malte-bruns","kuenstler-mariia-lutsak","kuenstler-meret-held","kuenstler-nadia-lichtig","kuenstler-nadja-nafe","kuenstler-olaf-kuehnemann","kuenstler-osvaldo-budet","kuenstler-ria-patricia-roeder","kuenstler-rudolf-zur-lippe","kuenstler-sofiia-holubeva","kuenstler-sofiia-yesakova","kuenstler-thea-koch-giebel","kuenstler-upstairs-artspace","kuenstler-wilhelm-holderied","galerie_stadt-oldenburg","galerie_land-de"],"acf":[],"_links":{"self":[{"href":"https:\/\/contemporary-arts.de\/index.php\/wp-json\/wp\/v2\/galerie\/43800","targetHints":{"allow":["GET"]}}],"collection":[{"href":"https:\/\/contemporary-arts.de\/index.php\/wp-json\/wp\/v2\/galerie"}],"about":[{"href":"https:\/\/contemporary-arts.de\/index.php\/wp-json\/wp\/v2\/types\/galerie"}],"author":[{"embeddable":true,"href":"https:\/\/contemporary-arts.de\/index.php\/wp-json\/wp\/v2\/users\/1"}],"wp:attachment":[{"href":"https:\/\/contemporary-arts.de\/index.php\/wp-json\/wp\/v2\/media?parent=43800"}],"wp:term":[{"taxonomy":"kuenstler","embeddable":true,"href":"https:\/\/contemporary-arts.de\/index.php\/wp-json\/wp\/v2\/kuenstler?post=43800"},{"taxonomy":"galerie_stadt","embeddable":true,"href":"https:\/\/contemporary-arts.de\/index.php\/wp-json\/wp\/v2\/galerie_stadt?post=43800"},{"taxonomy":"galerie_typ","embeddable":true,"href":"https:\/\/contemporary-arts.de\/index.php\/wp-json\/wp\/v2\/galerie_typ?post=43800"},{"taxonomy":"galerie_land","embeddable":true,"href":"https:\/\/contemporary-arts.de\/index.php\/wp-json\/wp\/v2\/galerie_land?post=43800"}],"curies":[{"name":"wp","href":"https:\/\/api.w.org\/{rel}","templated":true}]}}

<p>UPSTAIRS-GALLERY ist eine Galerie in Oldenburg. Zum Programm gehören 24 Künstlerinnen und Künstler.</p>

Gartenstraße 34
