{"id":43739,"date":"2026-09-06T10:53:13","date_gmt":"2026-09-06T10:53:13","guid":{"rendered":"https:\/\/contemporary-arts.de\/?post_type=galerie&#038;p=43739"},"modified":"2026-09-06T12:34:13","modified_gmt":"2026-09-06T12:34:13","slug":"galerie-elitzer","status":"publish","type":"galerie","link":"https:\/\/contemporary-arts.de\/index.php\/galerie\/galerie-elitzer\/","title":{"rendered":"Galerie Elitzer"},"content":{"rendered":"<p>In Saarbr\u00fccken zeigt Galerie Elitzer \u00fcberwiegend Druckgrafik. Zum Programm geh\u00f6ren 20 K\u00fcnstlerinnen und K\u00fcnstler.<\/p>\n","protected":false},"excerpt":{"rendered":"<p>In Saarbr\u00fccken zeigt Galerie Elitzer \u00fcberwiegend Druckgrafik. Zum Programm geh\u00f6ren 20 K\u00fcnstlerinnen und K\u00fcnstler.<\/p>\n","protected":false},"author":1,"featured_media":0,"template":"","meta":{"_acf_changed":false,"galerie_place_id":"ChIJzVbM1Ry0lUcRqXtB2yC-AW4","galerie_address":"F\u00fcrstenstra\u00dfe 17","galerie_city":"Saarbr\u00fccken","galerie_zip":"66111","galerie_country":"DE","galerie_latitude":"49.2323664","galerie_longitude":"6.9949044","galerie_phone":"+4968133390","galerie_url":"http:\/\/www.galerie-elitzer.com\/","galerie_domain":"www.galerie-elitzer.com","galerie_rating_value":"4.8","galerie_rating_count":"22","galerie_galerist":"","galerie_gruendung":"","galerie_artists_url":"http:\/\/www.galerie-elitzer.com\/kuenstler\/","galerie_about_url":"http:\/\/www.galerie-elitzer.com\/ueber-uns\/","galerie_quelle_stadt":"Saarbr\u00fccken","galerie_werk_typ":"originale","galerie_online_shop":"ja","galerie_werk_signale":"","galerie_ranking_score":"0","galerie_ranking_rang":"4821","galerie_claimed_by":""},"kuenstler":[5500,19326,5499,5501,2603,9028,11139,19333,19332,10493,1413,19331,19330,19329,8187,18032,19328,18035,19327,18036],"galerie_stadt":[517],"galerie_typ":[],"galerie_land":[49],"class_list":["post-43739","galerie","type-galerie","status-publish","hentry","kuenstler-alle-akzeptieren","kuenstler-alle-unsere-kuenstler","kuenstler-externe-medien","kuenstler-individuelle-datenschutzeinstellungen","kuenstler-liefer-und-zahlungsbedingungen","kuenstler-nur-essenzielle-cookies-akzeptieren","kuenstler-schreiben-sie-uns","kuenstler-stoehrer-walter","kuenstler-takahashi-yoshi","kuenstler-tapies-antoni","kuenstler-ueber-uns","kuenstler-uecker-guenther","kuenstler-ungerer-tomi","kuenstler-vasarely-victor","kuenstler-vertrag-widerrufen","kuenstler-waalkes-otto","kuenstler-wever-peter","kuenstler-wussow-sascha","kuenstler-wys-stan","kuenstler-zander-frank","galerie_stadt-saarbruecken","galerie_land-de"],"acf":[],"_links":{"self":[{"href":"https:\/\/contemporary-arts.de\/index.php\/wp-json\/wp\/v2\/galerie\/43739","targetHints":{"allow":["GET"]}}],"collection":[{"href":"https:\/\/contemporary-arts.de\/index.php\/wp-json\/wp\/v2\/galerie"}],"about":[{"href":"https:\/\/contemporary-arts.de\/index.php\/wp-json\/wp\/v2\/types\/galerie"}],"author":[{"embeddable":true,"href":"https:\/\/contemporary-arts.de\/index.php\/wp-json\/wp\/v2\/users\/1"}],"wp:attachment":[{"href":"https:\/\/contemporary-arts.de\/index.php\/wp-json\/wp\/v2\/media?parent=43739"}],"wp:term":[{"taxonomy":"kuenstler","embeddable":true,"href":"https:\/\/contemporary-arts.de\/index.php\/wp-json\/wp\/v2\/kuenstler?post=43739"},{"taxonomy":"galerie_stadt","embeddable":true,"href":"https:\/\/contemporary-arts.de\/index.php\/wp-json\/wp\/v2\/galerie_stadt?post=43739"},{"taxonomy":"galerie_typ","embeddable":true,"href":"https:\/\/contemporary-arts.de\/index.php\/wp-json\/wp\/v2\/galerie_typ?post=43739"},{"taxonomy":"galerie_land","embeddable":true,"href":"https:\/\/contemporary-arts.de\/index.php\/wp-json\/wp\/v2\/galerie_land?post=43739"}],"curies":[{"name":"wp","href":"https:\/\/api.w.org\/{rel}","templated":true}]}}

<p>In Saarbrücken zeigt Galerie Elitzer überwiegend Druckgrafik. Zum Programm gehören 20 Künstlerinnen und Künstler.</p>

Fürstenstraße 17

Saarbrücken
