{"id":43728,"date":"2026-09-06T10:53:12","date_gmt":"2026-09-06T10:53:12","guid":{"rendered":"https:\/\/contemporary-arts.de\/?post_type=galerie&#038;p=43728"},"modified":"2026-09-06T12:37:55","modified_gmt":"2026-09-06T12:37:55","slug":"galerieampavillon","status":"publish","type":"galerie","link":"https:\/\/contemporary-arts.de\/index.php\/galerie\/galerieampavillon\/","title":{"rendered":"galerieampavillon"},"content":{"rendered":"<p>galerieampavillon zeigt in Saarbr\u00fccken vor allem Malerei und Zeichnung. Vertreten werden 15 K\u00fcnstlerinnen und K\u00fcnstler. Zum Gesch\u00e4ft geh\u00f6rt auch der Handel mit Arbeiten aus zweiter Hand, was den Betrieb vom reinen Ausstellungsbetrieb unterscheidet.<\/p>\n","protected":false},"excerpt":{"rendered":"<p>galerieampavillon zeigt in Saarbr\u00fccken vor allem Malerei und Zeichnung. Vertreten werden 15 K\u00fcnstlerinnen und K\u00fcnstler. Zum Gesch\u00e4ft geh\u00f6rt auch der Handel mit Arbeiten aus zweiter Hand, was den Betrieb vom reinen Ausstellungsbetrieb unterscheidet.<\/p>\n","protected":false},"author":1,"featured_media":0,"template":"","meta":{"_acf_changed":false,"galerie_place_id":"ChIJD2oUkiG0lUcRprQtiIlyShw","galerie_address":"Mainzer Str. 100","galerie_city":"Saarbr\u00fccken","galerie_zip":"66121","galerie_country":"DE","galerie_latitude":"49.2298189","galerie_longitude":"7.0084282","galerie_phone":"+491711775738","galerie_url":"http:\/\/www.galerieampavillon.de\/kontakt.php","galerie_domain":"www.galerieampavillon.de","galerie_rating_value":"5","galerie_rating_count":"1","galerie_galerist":"","galerie_gruendung":"","galerie_artists_url":"http:\/\/www.galerieampavillon.de\/kuenstler.php","galerie_about_url":"http:\/\/www.galerieampavillon.de\/ueberuns.php","galerie_quelle_stadt":"Saarbr\u00fccken","galerie_werk_typ":"originale","galerie_online_shop":"nein","galerie_werk_signale":"","galerie_ranking_score":"0","galerie_ranking_rang":"4810","galerie_claimed_by":""},"kuenstler":[17866,19385,17174,19384,19387,19381,19388,19378,19386,19380,19377,19383,19382,19379,19389],"galerie_stadt":[517],"galerie_typ":[],"galerie_land":[49],"class_list":["post-43728","galerie","type-galerie","status-publish","hentry","kuenstler-bettina-van-haaren","kuenstler-christine-steitz-kramer","kuenstler-dirk-rausch","kuenstler-erwin-steitz","kuenstler-gabi-wagner","kuenstler-hermann-theophil-juncker","kuenstler-irmgard-weber","kuenstler-katharina-fischborn","kuenstler-manfred-vogel","kuenstler-marina-hartwahn-nora-hildebrand-miersen","kuenstler-tillmann-damrau","kuenstler-uwe-loebens","kuenstler-volker-lehnert","kuenstler-volkmar-gross","kuenstler-wolfgang-kermer","galerie_stadt-saarbruecken","galerie_land-de"],"acf":[],"_links":{"self":[{"href":"https:\/\/contemporary-arts.de\/index.php\/wp-json\/wp\/v2\/galerie\/43728","targetHints":{"allow":["GET"]}}],"collection":[{"href":"https:\/\/contemporary-arts.de\/index.php\/wp-json\/wp\/v2\/galerie"}],"about":[{"href":"https:\/\/contemporary-arts.de\/index.php\/wp-json\/wp\/v2\/types\/galerie"}],"author":[{"embeddable":true,"href":"https:\/\/contemporary-arts.de\/index.php\/wp-json\/wp\/v2\/users\/1"}],"wp:attachment":[{"href":"https:\/\/contemporary-arts.de\/index.php\/wp-json\/wp\/v2\/media?parent=43728"}],"wp:term":[{"taxonomy":"kuenstler","embeddable":true,"href":"https:\/\/contemporary-arts.de\/index.php\/wp-json\/wp\/v2\/kuenstler?post=43728"},{"taxonomy":"galerie_stadt","embeddable":true,"href":"https:\/\/contemporary-arts.de\/index.php\/wp-json\/wp\/v2\/galerie_stadt?post=43728"},{"taxonomy":"galerie_typ","embeddable":true,"href":"https:\/\/contemporary-arts.de\/index.php\/wp-json\/wp\/v2\/galerie_typ?post=43728"},{"taxonomy":"galerie_land","embeddable":true,"href":"https:\/\/contemporary-arts.de\/index.php\/wp-json\/wp\/v2\/galerie_land?post=43728"}],"curies":[{"name":"wp","href":"https:\/\/api.w.org\/{rel}","templated":true}]}}

<p>galerieampavillon zeigt in Saarbrücken vor allem Malerei und Zeichnung. Vertreten werden 15 Künstlerinnen und Künstler. Zum Geschäft gehört auch der Handel mit Arbeiten aus zweiter Hand, was den Betrieb vom reinen Ausstellungsbetrieb unterscheidet.</p>

Saarbrücken
