{"id":43672,"date":"2026-09-06T10:53:15","date_gmt":"2026-09-06T10:53:15","guid":{"rendered":"https:\/\/contemporary-arts.de\/?post_type=galerie&#038;p=43672"},"modified":"2026-09-06T12:35:11","modified_gmt":"2026-09-06T12:35:11","slug":"ae-galerie","status":"publish","type":"galerie","link":"https:\/\/contemporary-arts.de\/index.php\/galerie\/ae-galerie\/","title":{"rendered":"a|e GALERIE"},"content":{"rendered":"<p>Die Galerie a|e GALERIE sitzt in Potsdam. Zum Programm geh\u00f6ren 24 K\u00fcnstlerinnen und K\u00fcnstler.<\/p>\n","protected":false},"excerpt":{"rendered":"<p>Die Galerie a|e GALERIE sitzt in Potsdam. Zum Programm geh\u00f6ren 24 K\u00fcnstlerinnen und K\u00fcnstler.<\/p>\n","protected":false},"author":1,"featured_media":0,"template":"","meta":{"_acf_changed":false,"galerie_place_id":"ChIJVVX5Ks71qEcRErcy0SeyMF0","galerie_address":"Charlottenstra\u00dfe 13","galerie_city":"Potsdam","galerie_zip":"14467","galerie_country":"DE","galerie_latitude":"52.3987123","galerie_longitude":"13.0505035","galerie_phone":"+491786028210","galerie_url":"http:\/\/www.ae-galerie.de\/kontakt\/","galerie_domain":"www.ae-galerie.de","galerie_rating_value":"4.8","galerie_rating_count":"4","galerie_galerist":"","galerie_gruendung":"","galerie_artists_url":"http:\/\/www.ae-galerie.de\/kuenstler\/","galerie_about_url":"","galerie_quelle_stadt":"Potsdam","galerie_werk_typ":"unbestimmt","galerie_online_shop":"nein","galerie_werk_signale":"","galerie_ranking_score":"0","galerie_ranking_rang":"4885","galerie_claimed_by":""},"kuenstler":[19421,19442,19435,19423,19427,19438,19431,19437,19439,19419,19432,19441,19436,19428,19424,19430,19426,19425,19440,19429,19434,19433,19422,19420],"galerie_stadt":[52],"galerie_typ":[],"galerie_land":[49],"class_list":["post-43672","galerie","type-galerie","status-publish","hentry","kuenstler-amelie-losier","kuenstler-andrea-kuenzig","kuenstler-bassem-yousri","kuenstler-beate-hoffmeister","kuenstler-bernard-divendal","kuenstler-claudia-wiens","kuenstler-deena-mustafa-arqawi","kuenstler-dietmar-riemann","kuenstler-inge-hoenekopp","kuenstler-jan-beumelburg","kuenstler-majdi-f-hadid","kuenstler-marwan-tahtah","kuenstler-mejdi-el-bekri","kuenstler-melina-papageorgiou","kuenstler-menno-veldhuis","kuenstler-mohammad-alhaj","kuenstler-monika-schulz-fieguth","kuenstler-oliver-zabel","kuenstler-petra-dachtler","kuenstler-petra-weifenbach","kuenstler-samara-sallam","kuenstler-seba-nasr-aldin","kuenstler-sibylla-weisweiler","kuenstler-stephan-velten","galerie_stadt-potsdam","galerie_land-de"],"acf":[],"_links":{"self":[{"href":"https:\/\/contemporary-arts.de\/index.php\/wp-json\/wp\/v2\/galerie\/43672","targetHints":{"allow":["GET"]}}],"collection":[{"href":"https:\/\/contemporary-arts.de\/index.php\/wp-json\/wp\/v2\/galerie"}],"about":[{"href":"https:\/\/contemporary-arts.de\/index.php\/wp-json\/wp\/v2\/types\/galerie"}],"author":[{"embeddable":true,"href":"https:\/\/contemporary-arts.de\/index.php\/wp-json\/wp\/v2\/users\/1"}],"wp:attachment":[{"href":"https:\/\/contemporary-arts.de\/index.php\/wp-json\/wp\/v2\/media?parent=43672"}],"wp:term":[{"taxonomy":"kuenstler","embeddable":true,"href":"https:\/\/contemporary-arts.de\/index.php\/wp-json\/wp\/v2\/kuenstler?post=43672"},{"taxonomy":"galerie_stadt","embeddable":true,"href":"https:\/\/contemporary-arts.de\/index.php\/wp-json\/wp\/v2\/galerie_stadt?post=43672"},{"taxonomy":"galerie_typ","embeddable":true,"href":"https:\/\/contemporary-arts.de\/index.php\/wp-json\/wp\/v2\/galerie_typ?post=43672"},{"taxonomy":"galerie_land","embeddable":true,"href":"https:\/\/contemporary-arts.de\/index.php\/wp-json\/wp\/v2\/galerie_land?post=43672"}],"curies":[{"name":"wp","href":"https:\/\/api.w.org\/{rel}","templated":true}]}}

<p>Die Galerie a|e GALERIE sitzt in Potsdam. Zum Programm gehören 24 Künstlerinnen und Künstler.</p>

Charlottenstraße 13
