{"id":43658,"date":"2026-09-06T10:53:14","date_gmt":"2026-09-06T10:53:14","guid":{"rendered":"https:\/\/contemporary-arts.de\/?post_type=galerie&#038;p=43658"},"modified":"2026-09-06T12:34:18","modified_gmt":"2026-09-06T12:34:18","slug":"m-concept-galerie","status":"publish","type":"galerie","link":"https:\/\/contemporary-arts.de\/index.php\/galerie\/m-concept-galerie\/","title":{"rendered":"M.concept Galerie"},"content":{"rendered":"<p>In Potsdam findet sich mit M.concept Galerie eine Galerie. Zum Programm geh\u00f6ren 17 K\u00fcnstlerinnen und K\u00fcnstler.<\/p>\n","protected":false},"excerpt":{"rendered":"<p>In Potsdam findet sich mit M.concept Galerie eine Galerie. Zum Programm geh\u00f6ren 17 K\u00fcnstlerinnen und K\u00fcnstler.<\/p>\n","protected":false},"author":1,"featured_media":0,"template":"","meta":{"_acf_changed":false,"galerie_place_id":"ChIJWeVIIdr1qEcRDX8zjXHUDUU","galerie_address":"Mittelstra\u00dfe 37","galerie_city":"Potsdam","galerie_zip":"14467","galerie_country":"DE","galerie_latitude":"52.402944","galerie_longitude":"13.059133","galerie_phone":"+491705826954","galerie_url":"https:\/\/www.potsdam-galerie.de\/","galerie_domain":"www.potsdam-galerie.de","galerie_rating_value":"4.9","galerie_rating_count":"18","galerie_galerist":"","galerie_gruendung":"","galerie_artists_url":"https:\/\/www.potsdam-galerie.de\/kuenstler","galerie_about_url":"","galerie_quelle_stadt":"Potsdam","galerie_werk_typ":"unbestimmt","galerie_online_shop":"nein","galerie_werk_signale":"","galerie_ranking_score":"0","galerie_ranking_rang":"4871","galerie_claimed_by":""},"kuenstler":[19481,19483,19484,19485,10743,19486,6736,12311,5501,19487,19488,19489,19482,2927,19490,19491,2060],"galerie_stadt":[52],"galerie_typ":[],"galerie_land":[49],"class_list":["post-43658","galerie","type-galerie","status-publish","hentry","kuenstler-armband-chronographen","kuenstler-bernd-bergkemper","kuenstler-corinna-rosteck","kuenstler-detlef-opitz","kuenstler-einstellungen-speichern","kuenstler-frank-kleber","kuenstler-hans-peter-mader","kuenstler-ich-akzeptiere","kuenstler-individuelle-datenschutzeinstellungen","kuenstler-jcw-jens-christian-wittig","kuenstler-juergen-stueben","kuenstler-lothar-goebel","kuenstler-mikos-meininger","kuenstler-page-load-link","kuenstler-ursula-maren-fitz","kuenstler-winfried-w-wunderlich","kuenstler-zum-inhalt-springen","galerie_stadt-potsdam","galerie_land-de"],"acf":[],"_links":{"self":[{"href":"https:\/\/contemporary-arts.de\/index.php\/wp-json\/wp\/v2\/galerie\/43658","targetHints":{"allow":["GET"]}}],"collection":[{"href":"https:\/\/contemporary-arts.de\/index.php\/wp-json\/wp\/v2\/galerie"}],"about":[{"href":"https:\/\/contemporary-arts.de\/index.php\/wp-json\/wp\/v2\/types\/galerie"}],"author":[{"embeddable":true,"href":"https:\/\/contemporary-arts.de\/index.php\/wp-json\/wp\/v2\/users\/1"}],"wp:attachment":[{"href":"https:\/\/contemporary-arts.de\/index.php\/wp-json\/wp\/v2\/media?parent=43658"}],"wp:term":[{"taxonomy":"kuenstler","embeddable":true,"href":"https:\/\/contemporary-arts.de\/index.php\/wp-json\/wp\/v2\/kuenstler?post=43658"},{"taxonomy":"galerie_stadt","embeddable":true,"href":"https:\/\/contemporary-arts.de\/index.php\/wp-json\/wp\/v2\/galerie_stadt?post=43658"},{"taxonomy":"galerie_typ","embeddable":true,"href":"https:\/\/contemporary-arts.de\/index.php\/wp-json\/wp\/v2\/galerie_typ?post=43658"},{"taxonomy":"galerie_land","embeddable":true,"href":"https:\/\/contemporary-arts.de\/index.php\/wp-json\/wp\/v2\/galerie_land?post=43658"}],"curies":[{"name":"wp","href":"https:\/\/api.w.org\/{rel}","templated":true}]}}

<p>In Potsdam findet sich mit M.concept Galerie eine Galerie. Zum Programm gehören 17 Künstlerinnen und Künstler.</p>

Mittelstraße 37
